{"id":11214,"date":"2022-07-21T15:28:54","date_gmt":"2022-07-21T13:28:54","guid":{"rendered":"http:\/\/www.tgm.ac.at\/?page_id=11214"},"modified":"2026-03-20T08:12:03","modified_gmt":"2026-03-20T07:12:03","slug":"dienststellenausschuss","status":"publish","type":"page","link":"http:\/\/172.16.202.26\/?page_id=11214","title":{"rendered":"Dienststellenausschuss"},"content":{"rendered":"\t\t<div data-elementor-type=\"wp-page\" data-elementor-id=\"11214\" class=\"elementor elementor-11214\">\n\t\t\t\t\t\t<section class=\"elementor-section elementor-top-section elementor-element elementor-element-3f64fbf elementor-section-boxed elementor-section-height-default elementor-section-height-default\" data-id=\"3f64fbf\" data-element_type=\"section\">\n\t\t\t\t\t\t<div class=\"elementor-container elementor-column-gap-default\">\n\t\t\t\t\t<div class=\"elementor-column elementor-col-100 elementor-top-column elementor-element elementor-element-a1dfa1a\" data-id=\"a1dfa1a\" data-element_type=\"column\">\n\t\t\t<div class=\"elementor-widget-wrap elementor-element-populated\">\n\t\t\t\t\t\t<div class=\"elementor-element elementor-element-4051659 elementor-widget elementor-widget-heading\" data-id=\"4051659\" data-element_type=\"widget\" data-widget_type=\"heading.default\">\n\t\t\t\t<div class=\"elementor-widget-container\">\n\t\t\t<style>\/*! elementor - v3.20.0 - 13-03-2024 *\/\n.elementor-heading-title{padding:0;margin:0;line-height:1}.elementor-widget-heading .elementor-heading-title[class*=elementor-size-]>a{color:inherit;font-size:inherit;line-height:inherit}.elementor-widget-heading .elementor-heading-title.elementor-size-small{font-size:15px}.elementor-widget-heading .elementor-heading-title.elementor-size-medium{font-size:19px}.elementor-widget-heading .elementor-heading-title.elementor-size-large{font-size:29px}.elementor-widget-heading .elementor-heading-title.elementor-size-xl{font-size:39px}.elementor-widget-heading .elementor-heading-title.elementor-size-xxl{font-size:59px}<\/style><h2 class=\"elementor-heading-title elementor-size-default\">Dienststellenausschuss<\/h2>\t\t<\/div>\n\t\t\t\t<\/div>\n\t\t\t\t\t<\/div>\n\t\t<\/div>\n\t\t\t\t\t<\/div>\n\t\t<\/section>\n\t\t\t\t<section class=\"elementor-section elementor-top-section elementor-element elementor-element-81c7d6b elementor-section-boxed elementor-section-height-default elementor-section-height-default\" data-id=\"81c7d6b\" data-element_type=\"section\">\n\t\t\t\t\t\t<div class=\"elementor-container elementor-column-gap-default\">\n\t\t\t\t\t<div class=\"elementor-column elementor-col-100 elementor-top-column elementor-element elementor-element-55ef6d5\" data-id=\"55ef6d5\" data-element_type=\"column\">\n\t\t\t<div class=\"elementor-widget-wrap elementor-element-populated\">\n\t\t\t\t\t\t<div class=\"elementor-element elementor-element-c0a9730 elementor-widget elementor-widget-text-editor\" data-id=\"c0a9730\" data-element_type=\"widget\" data-widget_type=\"text-editor.default\">\n\t\t\t\t<div class=\"elementor-widget-container\">\n\t\t\t<style>\/*! elementor - v3.20.0 - 13-03-2024 *\/\n.elementor-widget-text-editor.elementor-drop-cap-view-stacked .elementor-drop-cap{background-color:#69727d;color:#fff}.elementor-widget-text-editor.elementor-drop-cap-view-framed .elementor-drop-cap{color:#69727d;border:3px solid;background-color:transparent}.elementor-widget-text-editor:not(.elementor-drop-cap-view-default) .elementor-drop-cap{margin-top:8px}.elementor-widget-text-editor:not(.elementor-drop-cap-view-default) .elementor-drop-cap-letter{width:1em;height:1em}.elementor-widget-text-editor .elementor-drop-cap{float:left;text-align:center;line-height:1;font-size:50px}.elementor-widget-text-editor .elementor-drop-cap-letter{display:inline-block}<\/style>\t\t\t\t<p>Die Personalvertretung ist nach Ma\u00dfgabe der Bestimmungen dieses Gesetzes berufen, die beruflichen, wirtschaftlichen, sozialen, kulturellen und gesundheitlichen Interessen der Bediensteten zu wahren und zu f\u00f6rdern. Sie hat in Erf\u00fcllung dieser Aufgaben daf\u00fcr einzutreten, da\u00df die zugunsten der Bediensteten geltenden Gesetze, Verordnungen, Vertr\u00e4ge, Dienstordnungen, Erl\u00e4sse und Verf\u00fcgungen eingehalten und durchgef\u00fchrt werden. Vor Erlassung von Gesetzen und Verordnungen, die die Interessen der Bediensteten ber\u00fchren, ist die Personalvertretung zu h\u00f6ren. (<a href=\"https:\/\/www.ris.bka.gv.at\/GeltendeFassung.wxe?Abfrage=LrBgld&amp;Gesetzesnummer=10000139\"><span style=\"text-decoration: underline;\">PVG \u00a72<\/span><\/a>)<\/p>\t\t\t\t\t\t<\/div>\n\t\t\t\t<\/div>\n\t\t\t\t\t<\/div>\n\t\t<\/div>\n\t\t\t\t\t<\/div>\n\t\t<\/section>\n\t\t\t\t<section class=\"elementor-section elementor-top-section elementor-element elementor-element-feddc21 elementor-section-boxed elementor-section-height-default elementor-section-height-default\" data-id=\"feddc21\" data-element_type=\"section\">\n\t\t\t\t\t\t<div class=\"elementor-container elementor-column-gap-default\">\n\t\t\t\t\t<div class=\"elementor-column elementor-col-100 elementor-top-column elementor-element elementor-element-91d9f1b\" data-id=\"91d9f1b\" data-element_type=\"column\">\n\t\t\t<div class=\"elementor-widget-wrap elementor-element-populated\">\n\t\t\t\t\t\t<div class=\"elementor-element elementor-element-cc862dc elementor-widget elementor-widget-heading\" data-id=\"cc862dc\" data-element_type=\"widget\" data-widget_type=\"heading.default\">\n\t\t\t\t<div class=\"elementor-widget-container\">\n\t\t\t<h2 class=\"elementor-heading-title elementor-size-default\">Dienststellenausschuss der Lehrkr\u00e4fte<\/h2>\t\t<\/div>\n\t\t\t\t<\/div>\n\t\t\t\t<div class=\"elementor-element elementor-element-ee7eb90 elementor-widget elementor-widget-text-editor\" data-id=\"ee7eb90\" data-element_type=\"widget\" data-widget_type=\"text-editor.default\">\n\t\t\t\t<div class=\"elementor-widget-container\">\n\t\t\t\t\t\t\t\t\t\t\t\t\t<\/div>\n\t\t\t\t<\/div>\n\t\t\t\t<div class=\"elementor-element elementor-element-e7dcca9 elementor-widget elementor-widget-text-editor\" data-id=\"e7dcca9\" data-element_type=\"widget\" data-widget_type=\"text-editor.default\">\n\t\t\t\t<div class=\"elementor-widget-container\">\n\t\t\t\t\t\t\t<p>\u2022&nbsp; Prof. OStR. Mag. Michael GRAF (Vorsitzender)<br>\u2022&nbsp; Prof. Michael WEBER, BSc (1. Stellvertreter)<br>\u2022&nbsp; Prof. Dipl.-Ing. Andreas REINDL (2. Stellvertreter)<br>\u2022&nbsp; Prof. Mag. Claudia WEBER (Schriftf\u00fchrerin)<br>\u2022&nbsp; FL Ing. Andreas GRAUPE, BEd<br>\u2022&nbsp; FL Dipl. P\u00e4d. Reinhard PUTZ, BEd<br>\u2022&nbsp; Prof. DI (FH) Claudia LODER<\/p>\t\t\t\t\t\t<\/div>\n\t\t\t\t<\/div>\n\t\t\t\t\t<\/div>\n\t\t<\/div>\n\t\t\t\t\t<\/div>\n\t\t<\/section>\n\t\t\t\t<section class=\"elementor-section elementor-top-section elementor-element elementor-element-4bd3d22 elementor-section-boxed elementor-section-height-default elementor-section-height-default\" data-id=\"4bd3d22\" data-element_type=\"section\">\n\t\t\t\t\t\t<div class=\"elementor-container elementor-column-gap-default\">\n\t\t\t\t\t<div class=\"elementor-column elementor-col-100 elementor-top-column elementor-element elementor-element-cc67be7\" data-id=\"cc67be7\" data-element_type=\"column\">\n\t\t\t<div class=\"elementor-widget-wrap elementor-element-populated\">\n\t\t\t\t\t\t<div class=\"elementor-element elementor-element-1aa9153 elementor-widget elementor-widget-heading\" data-id=\"1aa9153\" data-element_type=\"widget\" data-widget_type=\"heading.default\">\n\t\t\t\t<div class=\"elementor-widget-container\">\n\t\t\t<h2 class=\"elementor-heading-title elementor-size-default\">Dienststellenausschuss der Bediensteten<\/h2>\t\t<\/div>\n\t\t\t\t<\/div>\n\t\t\t\t<div class=\"elementor-element elementor-element-2b4eb1f elementor-widget elementor-widget-text-editor\" data-id=\"2b4eb1f\" data-element_type=\"widget\" data-widget_type=\"text-editor.default\">\n\t\t\t\t<div class=\"elementor-widget-container\">\n\t\t\t\t\t\t\t\t\t\t\t\t\t<\/div>\n\t\t\t\t<\/div>\n\t\t\t\t<div class=\"elementor-element elementor-element-9e07af5 elementor-widget elementor-widget-text-editor\" data-id=\"9e07af5\" data-element_type=\"widget\" data-widget_type=\"text-editor.default\">\n\t\t\t\t<div class=\"elementor-widget-container\">\n\t\t\t\t\t\t\t<p>\u2022&nbsp; Edeltraud HOLD (Vorsitzende)<br>\u2022&nbsp; Oswald SCHWARZER (Vorsitzende-Stellvertreter)<br>\u2022&nbsp; Edin VASIC (Vorsitzende-Stellvertreter)<br>\u2022&nbsp; Sabine NEUMANN (Schriftf\u00fchrerin)<br>\u2022&nbsp; Teresa B\u00d6HM<\/p>\t\t\t\t\t\t<\/div>\n\t\t\t\t<\/div>\n\t\t\t\t\t<\/div>\n\t\t<\/div>\n\t\t\t\t\t<\/div>\n\t\t<\/section>\n\t\t\t\t<\/div>\n\t\t","protected":false},"excerpt":{"rendered":"<p>Dienststellenausschuss Die Personalvertretung ist nach Ma\u00dfgabe der Bestimmungen dieses Gesetzes berufen, die beruflichen, wirtschaftlichen, sozialen, kulturellen und gesundheitlichen Interessen der Bediensteten zu wahren und zu f\u00f6rdern. Sie hat in Erf\u00fcllung dieser Aufgaben daf\u00fcr einzutreten, da\u00df die zugunsten der Bediensteten geltenden Gesetze, Verordnungen, Vertr\u00e4ge, Dienstordnungen, Erl\u00e4sse und Verf\u00fcgungen eingehalten und durchgef\u00fchrt werden. Vor Erlassung von Gesetzen und Verordnungen, die die Interessen [&hellip;]<\/p>\n","protected":false},"author":3,"featured_media":0,"parent":9369,"menu_order":0,"comment_status":"closed","ping_status":"closed","template":"elementor_header_footer","meta":[],"_links":{"self":[{"href":"http:\/\/172.16.202.26\/index.php?rest_route=\/wp\/v2\/pages\/11214"}],"collection":[{"href":"http:\/\/172.16.202.26\/index.php?rest_route=\/wp\/v2\/pages"}],"about":[{"href":"http:\/\/172.16.202.26\/index.php?rest_route=\/wp\/v2\/types\/page"}],"author":[{"embeddable":true,"href":"http:\/\/172.16.202.26\/index.php?rest_route=\/wp\/v2\/users\/3"}],"replies":[{"embeddable":true,"href":"http:\/\/172.16.202.26\/index.php?rest_route=%2Fwp%2Fv2%2Fcomments&post=11214"}],"version-history":[{"count":34,"href":"http:\/\/172.16.202.26\/index.php?rest_route=\/wp\/v2\/pages\/11214\/revisions"}],"predecessor-version":[{"id":26768,"href":"http:\/\/172.16.202.26\/index.php?rest_route=\/wp\/v2\/pages\/11214\/revisions\/26768"}],"up":[{"embeddable":true,"href":"http:\/\/172.16.202.26\/index.php?rest_route=\/wp\/v2\/pages\/9369"}],"wp:attachment":[{"href":"http:\/\/172.16.202.26\/index.php?rest_route=%2Fwp%2Fv2%2Fmedia&parent=11214"}],"curies":[{"name":"wp","href":"https:\/\/api.w.org\/{rel}","templated":true}]}}

<div data-elementor-type="wp-page" data-elementor-id="11214" class="elementor elementor-11214">
						<section class="elementor-section elementor-top-section elementor-element elementor-element-3f64fbf elementor-section-boxed elementor-section-height-default elementor-section-height-default" data-id="3f64fbf" data-element_type="section">
						<div class="elementor-container elementor-column-gap-default">
					<div class="elementor-column elementor-col-100 elementor-top-column elementor-element elementor-element-a1dfa1a" data-id="a1dfa1a" data-element_type="column">
			<div class="elementor-widget-wrap elementor-element-populated">
						<div class="elementor-element elementor-element-4051659 elementor-widget elementor-widget-heading" data-id="4051659" data-element_type="widget" data-widget_type="heading.default">
				<div class="elementor-widget-container">
			<style>/*! elementor - v3.20.0 - 13-03-2024 */
.elementor-heading-title{padding:0;margin:0;line-height:1}.elementor-widget-heading .elementor-heading-title[class*=elementor-size-]>a{color:inherit;font-size:inherit;line-height:inherit}.elementor-widget-heading .elementor-heading-title.elementor-size-small{font-size:15px}.elementor-widget-heading .elementor-heading-title.elementor-size-medium{font-size:19px}.elementor-widget-heading .elementor-heading-title.elementor-size-large{font-size:29px}.elementor-widget-heading .elementor-heading-title.elementor-size-xl{font-size:39px}.elementor-widget-heading .elementor-heading-title.elementor-size-xxl{font-size:59px}</style><h2 class="elementor-heading-title elementor-size-default">Dienststellenausschuss</h2>		</div>
				</div>
					</div>
		</div>
					</div>
		</section>
				<section class="elementor-section elementor-top-section elementor-element elementor-element-81c7d6b elementor-section-boxed elementor-section-height-default elementor-section-height-default" data-id="81c7d6b" data-element_type="section">
						<div class="elementor-container elementor-column-gap-default">
					<div class="elementor-column elementor-col-100 elementor-top-column elementor-element elementor-element-55ef6d5" data-id="55ef6d5" data-element_type="column">
			<div class="elementor-widget-wrap elementor-element-populated">
						<div class="elementor-element elementor-element-c0a9730 elementor-widget elementor-widget-text-editor" data-id="c0a9730" data-element_type="widget" data-widget_type="text-editor.default">
				<div class="elementor-widget-container">
			<style>/*! elementor - v3.20.0 - 13-03-2024 */
.elementor-widget-text-editor.elementor-drop-cap-view-stacked .elementor-drop-cap{background-color:#69727d;color:#fff}.elementor-widget-text-editor.elementor-drop-cap-view-framed .elementor-drop-cap{color:#69727d;border:3px solid;background-color:transparent}.elementor-widget-text-editor:not(.elementor-drop-cap-view-default) .elementor-drop-cap{margin-top:8px}.elementor-widget-text-editor:not(.elementor-drop-cap-view-default) .elementor-drop-cap-letter{width:1em;height:1em}.elementor-widget-text-editor .elementor-drop-cap{float:left;text-align:center;line-height:1;font-size:50px}.elementor-widget-text-editor .elementor-drop-cap-letter{display:inline-block}</style>				<p>Die Personalvertretung ist nach Maßgabe der Bestimmungen dieses Gesetzes berufen, die beruflichen, wirtschaftlichen, sozialen, kulturellen und gesundheitlichen Interessen der Bediensteten zu wahren und zu fördern. Sie hat in Erfüllung dieser Aufgaben dafür einzutreten, daß die zugunsten der Bediensteten geltenden Gesetze, Verordnungen, Verträge, Dienstordnungen, Erlässe und Verfügungen eingehalten und durchgeführt werden. Vor Erlassung von Gesetzen und Verordnungen, die die Interessen der Bediensteten berühren, ist die Personalvertretung zu hören. (<a href="https://www.ris.bka.gv.at/GeltendeFassung.wxe?Abfrage=LrBgld&amp;Gesetzesnummer=10000139"><span style="text-decoration: underline;">PVG §2</span></a>)</p>						</div>
				</div>
					</div>
		</div>
					</div>
		</section>
				<section class="elementor-section elementor-top-section elementor-element elementor-element-feddc21 elementor-section-boxed elementor-section-height-default elementor-section-height-default" data-id="feddc21" data-element_type="section">
						<div class="elementor-container elementor-column-gap-default">
					<div class="elementor-column elementor-col-100 elementor-top-column elementor-element elementor-element-91d9f1b" data-id="91d9f1b" data-element_type="column">
			<div class="elementor-widget-wrap elementor-element-populated">
						<div class="elementor-element elementor-element-cc862dc elementor-widget elementor-widget-heading" data-id="cc862dc" data-element_type="widget" data-widget_type="heading.default">
				<div class="elementor-widget-container">
			<h2 class="elementor-heading-title elementor-size-default">Dienststellenausschuss der Lehrkräfte</h2>		</div>
				</div>
				<div class="elementor-element elementor-element-ee7eb90 elementor-widget elementor-widget-text-editor" data-id="ee7eb90" data-element_type="widget" data-widget_type="text-editor.default">
				<div class="elementor-widget-container">
													</div>
				</div>
				<div class="elementor-element elementor-element-e7dcca9 elementor-widget elementor-widget-text-editor" data-id="e7dcca9" data-element_type="widget" data-widget_type="text-editor.default">
				<div class="elementor-widget-container">
							<p>•&nbsp; Prof. OStR. Mag. Michael GRAF (Vorsitzender)<br>•&nbsp; Prof. Michael WEBER, BSc (1. Stellvertreter)<br>•&nbsp; Prof. Dipl.-Ing. Andreas REINDL (2. Stellvertreter)<br>•&nbsp; Prof. Mag. Claudia WEBER (Schriftführerin)<br>•&nbsp; FL Ing. Andreas GRAUPE, BEd<br>•&nbsp; FL Dipl. Päd. Reinhard PUTZ, BEd<br>•&nbsp; Prof. DI (FH) Claudia LODER</p>						</div>
				</div>
					</div>
		</div>
					</div>
		</section>
				<section class="elementor-section elementor-top-section elementor-element elementor-element-4bd3d22 elementor-section-boxed elementor-section-height-default elementor-section-height-default" data-id="4bd3d22" data-element_type="section">
						<div class="elementor-container elementor-column-gap-default">
					<div class="elementor-column elementor-col-100 elementor-top-column elementor-element elementor-element-cc67be7" data-id="cc67be7" data-element_type="column">
			<div class="elementor-widget-wrap elementor-element-populated">
						<div class="elementor-element elementor-element-1aa9153 elementor-widget elementor-widget-heading" data-id="1aa9153" data-element_type="widget" data-widget_type="heading.default">
				<div class="elementor-widget-container">
			<h2 class="elementor-heading-title elementor-size-default">Dienststellenausschuss der Bediensteten</h2>		</div>
				</div>
				<div class="elementor-element elementor-element-2b4eb1f elementor-widget elementor-widget-text-editor" data-id="2b4eb1f" data-element_type="widget" data-widget_type="text-editor.default">
				<div class="elementor-widget-container">
													</div>
				</div>
				<div class="elementor-element elementor-element-9e07af5 elementor-widget elementor-widget-text-editor" data-id="9e07af5" data-element_type="widget" data-widget_type="text-editor.default">
				<div class="elementor-widget-container">
							<p>•&nbsp; Edeltraud HOLD (Vorsitzende)<br>•&nbsp; Oswald SCHWARZER (Vorsitzende-Stellvertreter)<br>•&nbsp; Edin VASIC (Vorsitzende-Stellvertreter)<br>•&nbsp; Sabine NEUMANN (Schriftführerin)<br>•&nbsp; Teresa BÖHM</p>						</div>
				</div>
					</div>
		</div>
					</div>
		</section>
				</div>

<p>Dienststellenausschuss Die Personalvertretung ist nach Maßgabe der Bestimmungen dieses Gesetzes berufen, die beruflichen, wirtschaftlichen, sozialen, kulturellen und gesundheitlichen Interessen der Bediensteten zu wahren und zu fördern. Sie hat in Erfüllung dieser Aufgaben dafür einzutreten, daß die zugunsten der Bediensteten geltenden Gesetze, Verordnungen, Verträge, Dienstordnungen, Erlässe und Verfügungen eingehalten und durchgeführt werden. Vor Erlassung von Gesetzen und Verordnungen, die die Interessen [&hellip;]</p>
