{"id":1752,"date":"2022-04-06T09:20:15","date_gmt":"2022-04-06T07:20:15","guid":{"rendered":"http:\/\/192.189.51.53\/?page_id=1752"},"modified":"2025-03-26T23:25:50","modified_gmt":"2025-03-26T22:25:50","slug":"impressum","status":"publish","type":"page","link":"http:\/\/172.16.202.26\/?page_id=1752","title":{"rendered":"Impressum"},"content":{"rendered":"\t\t<div data-elementor-type=\"wp-page\" data-elementor-id=\"1752\" class=\"elementor elementor-1752\">\n\t\t\t\t\t\t<section class=\"elementor-section elementor-top-section elementor-element elementor-element-d577ff6 elementor-section-boxed elementor-section-height-default elementor-section-height-default\" data-id=\"d577ff6\" data-element_type=\"section\">\n\t\t\t\t\t\t<div class=\"elementor-container elementor-column-gap-default\">\n\t\t\t\t\t<div class=\"elementor-column elementor-col-100 elementor-top-column elementor-element elementor-element-66bdee2\" data-id=\"66bdee2\" data-element_type=\"column\">\n\t\t\t<div class=\"elementor-widget-wrap elementor-element-populated\">\n\t\t\t\t\t\t<div class=\"elementor-element elementor-element-1e11bd0 elementor-widget elementor-widget-text-editor\" data-id=\"1e11bd0\" data-element_type=\"widget\" data-widget_type=\"text-editor.default\">\n\t\t\t\t<div class=\"elementor-widget-container\">\n\t\t\t<style>\/*! elementor - v3.20.0 - 13-03-2024 *\/\n.elementor-widget-text-editor.elementor-drop-cap-view-stacked .elementor-drop-cap{background-color:#69727d;color:#fff}.elementor-widget-text-editor.elementor-drop-cap-view-framed .elementor-drop-cap{color:#69727d;border:3px solid;background-color:transparent}.elementor-widget-text-editor:not(.elementor-drop-cap-view-default) .elementor-drop-cap{margin-top:8px}.elementor-widget-text-editor:not(.elementor-drop-cap-view-default) .elementor-drop-cap-letter{width:1em;height:1em}.elementor-widget-text-editor .elementor-drop-cap{float:left;text-align:center;line-height:1;font-size:50px}.elementor-widget-text-editor .elementor-drop-cap-letter{display:inline-block}<\/style>\t\t\t\t\t\t\t\t\t\t<\/div>\n\t\t\t\t<\/div>\n\t\t\t\t\t<\/div>\n\t\t<\/div>\n\t\t\t\t\t<\/div>\n\t\t<\/section>\n\t\t\t\t<\/div>\n\t\t","protected":false},"excerpt":{"rendered":"<p>Impressum Offenlegungspflicht laut \u00a725 Mediengesetz Medienhinhaber und Herausgeber: TGM &#8211; Technologisches GewerbemuseumH\u00f6here Technische Bundeslehr- und Versuchsanstalt Wien XX1200 Wien, Wexstra\u00dfe 19-23Tel.: +43 (0)1 33 126-0Fax: +43 (0)1 33 126-204E-Mail: info@tgm.ac.at Schulkennzahl: 920 417 Ver\u00f6ffentlichung der&nbsp;Bildmarke&nbsp;gem\u00e4\u00df \u00a719 E-Government-Gesetz Aufsichtsbeh\u00f6rde: Bundesministerium f\u00fcr Bildung, Wissenschaft und Forschung Webdesign, Website-Inhalte und Aktualisierungen: Janine Klenkhart (Verwaltung TGM) in Zusammenarbeit mitStaatliche Versuchsanstalt &#8211; TGMJ\u00e4gerstra\u00dfe 71, 1200 [&hellip;]<\/p>\n","protected":false},"author":1,"featured_media":0,"parent":0,"menu_order":0,"comment_status":"closed","ping_status":"closed","template":"page-templates\/full-width-container.php","meta":[],"_links":{"self":[{"href":"http:\/\/172.16.202.26\/index.php?rest_route=\/wp\/v2\/pages\/1752"}],"collection":[{"href":"http:\/\/172.16.202.26\/index.php?rest_route=\/wp\/v2\/pages"}],"about":[{"href":"http:\/\/172.16.202.26\/index.php?rest_route=\/wp\/v2\/types\/page"}],"author":[{"embeddable":true,"href":"http:\/\/172.16.202.26\/index.php?rest_route=\/wp\/v2\/users\/1"}],"replies":[{"embeddable":true,"href":"http:\/\/172.16.202.26\/index.php?rest_route=%2Fwp%2Fv2%2Fcomments&post=1752"}],"version-history":[{"count":22,"href":"http:\/\/172.16.202.26\/index.php?rest_route=\/wp\/v2\/pages\/1752\/revisions"}],"predecessor-version":[{"id":25147,"href":"http:\/\/172.16.202.26\/index.php?rest_route=\/wp\/v2\/pages\/1752\/revisions\/25147"}],"wp:attachment":[{"href":"http:\/\/172.16.202.26\/index.php?rest_route=%2Fwp%2Fv2%2Fmedia&parent=1752"}],"curies":[{"name":"wp","href":"https:\/\/api.w.org\/{rel}","templated":true}]}}