{"id":1850,"date":"2022-04-06T14:54:43","date_gmt":"2022-04-06T12:54:43","guid":{"rendered":"http:\/\/192.189.51.53\/?page_id=1850"},"modified":"2024-10-04T07:43:58","modified_gmt":"2024-10-04T05:43:58","slug":"direktoren-1-exner","status":"publish","type":"page","link":"http:\/\/172.16.202.26\/?page_id=1850","title":{"rendered":"Direktoren 1 Exner"},"content":{"rendered":"\t\t<div data-elementor-type=\"wp-page\" data-elementor-id=\"1850\" class=\"elementor elementor-1850\">\n\t\t\t\t\t\t<section class=\"elementor-section elementor-top-section elementor-element elementor-element-3f64fbf elementor-section-boxed elementor-section-height-default elementor-section-height-default\" data-id=\"3f64fbf\" data-element_type=\"section\">\n\t\t\t\t\t\t<div class=\"elementor-container elementor-column-gap-default\">\n\t\t\t\t\t<div class=\"elementor-column elementor-col-100 elementor-top-column elementor-element elementor-element-8823aec\" data-id=\"8823aec\" data-element_type=\"column\">\n\t\t\t<div class=\"elementor-widget-wrap elementor-element-populated\">\n\t\t\t\t\t\t<div class=\"elementor-element elementor-element-db03d38 elementor-widget elementor-widget-heading\" data-id=\"db03d38\" data-element_type=\"widget\" data-widget_type=\"heading.default\">\n\t\t\t\t<div class=\"elementor-widget-container\">\n\t\t\t<style>\/*! elementor - v3.20.0 - 13-03-2024 *\/\n.elementor-heading-title{padding:0;margin:0;line-height:1}.elementor-widget-heading .elementor-heading-title[class*=elementor-size-]>a{color:inherit;font-size:inherit;line-height:inherit}.elementor-widget-heading .elementor-heading-title.elementor-size-small{font-size:15px}.elementor-widget-heading .elementor-heading-title.elementor-size-medium{font-size:19px}.elementor-widget-heading .elementor-heading-title.elementor-size-large{font-size:29px}.elementor-widget-heading .elementor-heading-title.elementor-size-xl{font-size:39px}.elementor-widget-heading .elementor-heading-title.elementor-size-xxl{font-size:59px}<\/style><h2 class=\"elementor-heading-title elementor-size-default\">Wilhelm Franz Exner<\/h2>\t\t<\/div>\n\t\t\t\t<\/div>\n\t\t\t\t<div class=\"elementor-element elementor-element-6aea162 elementor-widget elementor-widget-heading\" data-id=\"6aea162\" data-element_type=\"widget\" data-widget_type=\"heading.default\">\n\t\t\t\t<div class=\"elementor-widget-container\">\n\t\t\t<h1 class=\"elementor-heading-title elementor-size-default\">Direktor von 1879-1904<\/h1>\t\t<\/div>\n\t\t\t\t<\/div>\n\t\t\t\t\t<\/div>\n\t\t<\/div>\n\t\t\t\t\t<\/div>\n\t\t<\/section>\n\t\t\t\t<section class=\"elementor-section elementor-top-section elementor-element elementor-element-df498a5 elementor-section-boxed elementor-section-height-default elementor-section-height-default\" data-id=\"df498a5\" data-element_type=\"section\">\n\t\t\t\t\t\t<div class=\"elementor-container elementor-column-gap-default\">\n\t\t\t\t\t<div class=\"elementor-column elementor-col-100 elementor-top-column elementor-element elementor-element-4ce02b4\" data-id=\"4ce02b4\" data-element_type=\"column\">\n\t\t\t<div class=\"elementor-widget-wrap elementor-element-populated\">\n\t\t\t\t\t\t<div class=\"elementor-element elementor-element-0cdf26a elementor-widget elementor-widget-image\" data-id=\"0cdf26a\" data-element_type=\"widget\" data-widget_type=\"image.default\">\n\t\t\t\t<div class=\"elementor-widget-container\">\n\t\t\t<style>\/*! elementor - v3.20.0 - 13-03-2024 *\/\n.elementor-widget-image{text-align:center}.elementor-widget-image a{display:inline-block}.elementor-widget-image a img[src$=\".svg\"]{width:48px}.elementor-widget-image img{vertical-align:middle;display:inline-block}<\/style>\t\t\t\t\t\t\t\t\t\t<img fetchpriority=\"high\" decoding=\"async\" width=\"640\" height=\"741\" src=\"http:\/\/172.16.202.26\/wp-content\/uploads\/2024\/10\/1.Exner-kurz-884x1024.png\" class=\"attachment-large size-large wp-image-23724\" alt=\"\" srcset=\"http:\/\/172.16.202.26\/wp-content\/uploads\/2024\/10\/1.Exner-kurz-884x1024.png 884w, http:\/\/172.16.202.26\/wp-content\/uploads\/2024\/10\/1.Exner-kurz-259x300.png 259w, http:\/\/172.16.202.26\/wp-content\/uploads\/2024\/10\/1.Exner-kurz-768x890.png 768w, http:\/\/172.16.202.26\/wp-content\/uploads\/2024\/10\/1.Exner-kurz.png 1147w\" sizes=\"(max-width: 640px) 100vw, 640px\" \/>\t\t\t\t\t\t\t\t\t\t\t\t\t<\/div>\n\t\t\t\t<\/div>\n\t\t\t\t\t<\/div>\n\t\t<\/div>\n\t\t\t\t\t<\/div>\n\t\t<\/section>\n\t\t\t\t<section class=\"elementor-section elementor-top-section elementor-element elementor-element-58c6db9 elementor-section-boxed elementor-section-height-default elementor-section-height-default\" data-id=\"58c6db9\" data-element_type=\"section\">\n\t\t\t\t\t\t<div class=\"elementor-container elementor-column-gap-default\">\n\t\t\t\t\t<div class=\"elementor-column elementor-col-100 elementor-top-column elementor-element elementor-element-c3a9439\" data-id=\"c3a9439\" data-element_type=\"column\">\n\t\t\t<div class=\"elementor-widget-wrap elementor-element-populated\">\n\t\t\t\t\t\t<div class=\"elementor-element elementor-element-d2a7fbe elementor-widget elementor-widget-text-editor\" data-id=\"d2a7fbe\" data-element_type=\"widget\" data-widget_type=\"text-editor.default\">\n\t\t\t\t<div class=\"elementor-widget-container\">\n\t\t\t<style>\/*! elementor - v3.20.0 - 13-03-2024 *\/\n.elementor-widget-text-editor.elementor-drop-cap-view-stacked .elementor-drop-cap{background-color:#69727d;color:#fff}.elementor-widget-text-editor.elementor-drop-cap-view-framed .elementor-drop-cap{color:#69727d;border:3px solid;background-color:transparent}.elementor-widget-text-editor:not(.elementor-drop-cap-view-default) .elementor-drop-cap{margin-top:8px}.elementor-widget-text-editor:not(.elementor-drop-cap-view-default) .elementor-drop-cap-letter{width:1em;height:1em}.elementor-widget-text-editor .elementor-drop-cap{float:left;text-align:center;line-height:1;font-size:50px}.elementor-widget-text-editor .elementor-drop-cap-letter{display:inline-block}<\/style>\t\t\t\t<p><strong>Exner, Wilhelm Franz<\/strong><\/p><p>\u00a0<\/p><p>Geboren: 09. April 1840 in G\u00e4nserndorf<br \/>Gestorben: 25. Mai 1931 in Wien<\/p><p>\u00a0<\/p><p>Der als Sohn des Stationschefs in G\u00e4nserndorf geborene Wilhelm Exner erhielt von seinem gebildeten und allgemein interessierten Vater eine sorgf\u00e4ltige Erziehung. Er wurde von ihm in Franz\u00f6sisch und Englisch unterrichtet und er vermittelte ihm die Kenntnis der Naturwissenschaften und der Geologie, sodass Wilhelm Exner, als er in Wien die Realschule und das Polytechnische Institut (heutige TU-Wien) besuchte, ohne besondere M\u00fche der beste und erfolgreichste Student wurde.<\/p><p>\u00a0<\/p><p>Exner verf\u00fcgte kaum \u00fcber finanzielle Mittel und erteilte deshalb Privatstunden. Diese T\u00e4tigkeit erfreute ihn derart, dass er beschloss, Lehrer zu werden. Im Alter von 19 Jahren bestand er die Lehramtspr\u00fcfung f\u00fcr Darstellende Geometrie, Baukunde und Maschinenlehre und wodurch er als der j\u00fcngste Lehramtskandidat in der Geschichte des \u00f6sterreichischen Mittelschulwesens figuriert. Nach Absolvierung des Probejahres wurde Exner im Jahr 1861 zum Hilfslehrer ernannt.<\/p><p>\u00a0<\/p><p>Aufgrund seiner umfassenden Fremdsprachenkenntnisse wurde Exner in den folgenden Jahren immer wieder zu Forschungsreisen nach England und Frankreich entsandt. Au\u00dferdem arbeitete er an der Vorbereitung der \u00f6sterreichischen Mission bei der Weltausstellung in Paris im Jahr 1867 mit. Durch die gewonnenen Kenntnisse \u00fcber die im Ausland getroffenen Ma\u00dfnahmen zur F\u00f6rderung der Technik und in Verbindung mit seiner eigenen Initiative, gro\u00dfen Willenskraft sowie sch\u00f6pferischen Geist hatte er \u2013 unterst\u00fctzt von einflussreichen Kreisen und dem Kaiser \u2013 gro\u00dfen Anteil an zahlreichen Projekten. Zu diesen z\u00e4hlten die Durchf\u00fchrung der Wiener Weltausstellung 1873, die Gr\u00fcndung des Technologischen Gewerbemuseums 1879, Die Gewerbef\u00f6rderung 1892, die Gestaltung des Technischen Museums 1918, die Einrichtung der Handels- und Gewerbekammern und viele weiter. Wilhelm Exner starb am 25. Mai 1931 in Wien an Altersschw\u00e4che.<\/p><p>\u00a0<\/p><p>Quelle: TGM-Jahresbericht 1958\/59 (80 Jahre TGM)<\/p>\t\t\t\t\t\t<\/div>\n\t\t\t\t<\/div>\n\t\t\t\t\t<\/div>\n\t\t<\/div>\n\t\t\t\t\t<\/div>\n\t\t<\/section>\n\t\t\t\t<\/div>\n\t\t","protected":false},"excerpt":{"rendered":"<p>Wilhelm Franz Exner Direktor von 1879-1904 Exner, Wilhelm Franz \u00a0 Geboren: 09. April 1840 in G\u00e4nserndorfGestorben: 25. Mai 1931 in Wien \u00a0 Der als Sohn des Stationschefs in G\u00e4nserndorf geborene Wilhelm Exner erhielt von seinem gebildeten und allgemein interessierten Vater eine sorgf\u00e4ltige Erziehung. Er wurde von ihm in Franz\u00f6sisch und Englisch unterrichtet und er vermittelte ihm die Kenntnis der Naturwissenschaften [&hellip;]<\/p>\n","protected":false},"author":3,"featured_media":0,"parent":0,"menu_order":0,"comment_status":"closed","ping_status":"closed","template":"elementor_header_footer","meta":[],"_links":{"self":[{"href":"http:\/\/172.16.202.26\/index.php?rest_route=\/wp\/v2\/pages\/1850"}],"collection":[{"href":"http:\/\/172.16.202.26\/index.php?rest_route=\/wp\/v2\/pages"}],"about":[{"href":"http:\/\/172.16.202.26\/index.php?rest_route=\/wp\/v2\/types\/page"}],"author":[{"embeddable":true,"href":"http:\/\/172.16.202.26\/index.php?rest_route=\/wp\/v2\/users\/3"}],"replies":[{"embeddable":true,"href":"http:\/\/172.16.202.26\/index.php?rest_route=%2Fwp%2Fv2%2Fcomments&post=1850"}],"version-history":[{"count":87,"href":"http:\/\/172.16.202.26\/index.php?rest_route=\/wp\/v2\/pages\/1850\/revisions"}],"predecessor-version":[{"id":23836,"href":"http:\/\/172.16.202.26\/index.php?rest_route=\/wp\/v2\/pages\/1850\/revisions\/23836"}],"wp:attachment":[{"href":"http:\/\/172.16.202.26\/index.php?rest_route=%2Fwp%2Fv2%2Fmedia&parent=1850"}],"curies":[{"name":"wp","href":"https:\/\/api.w.org\/{rel}","templated":true}]}}

<div data-elementor-type="wp-page" data-elementor-id="1850" class="elementor elementor-1850">
						<section class="elementor-section elementor-top-section elementor-element elementor-element-3f64fbf elementor-section-boxed elementor-section-height-default elementor-section-height-default" data-id="3f64fbf" data-element_type="section">
						<div class="elementor-container elementor-column-gap-default">
					<div class="elementor-column elementor-col-100 elementor-top-column elementor-element elementor-element-8823aec" data-id="8823aec" data-element_type="column">
			<div class="elementor-widget-wrap elementor-element-populated">
						<div class="elementor-element elementor-element-db03d38 elementor-widget elementor-widget-heading" data-id="db03d38" data-element_type="widget" data-widget_type="heading.default">
				<div class="elementor-widget-container">
			<style>/*! elementor - v3.20.0 - 13-03-2024 */
.elementor-heading-title{padding:0;margin:0;line-height:1}.elementor-widget-heading .elementor-heading-title[class*=elementor-size-]>a{color:inherit;font-size:inherit;line-height:inherit}.elementor-widget-heading .elementor-heading-title.elementor-size-small{font-size:15px}.elementor-widget-heading .elementor-heading-title.elementor-size-medium{font-size:19px}.elementor-widget-heading .elementor-heading-title.elementor-size-large{font-size:29px}.elementor-widget-heading .elementor-heading-title.elementor-size-xl{font-size:39px}.elementor-widget-heading .elementor-heading-title.elementor-size-xxl{font-size:59px}</style><h2 class="elementor-heading-title elementor-size-default">Wilhelm Franz Exner</h2>		</div>
				</div>
				<div class="elementor-element elementor-element-6aea162 elementor-widget elementor-widget-heading" data-id="6aea162" data-element_type="widget" data-widget_type="heading.default">
				<div class="elementor-widget-container">
			<h1 class="elementor-heading-title elementor-size-default">Direktor von 1879-1904</h1>		</div>
				</div>
					</div>
		</div>
					</div>
		</section>
				<section class="elementor-section elementor-top-section elementor-element elementor-element-df498a5 elementor-section-boxed elementor-section-height-default elementor-section-height-default" data-id="df498a5" data-element_type="section">
						<div class="elementor-container elementor-column-gap-default">
					<div class="elementor-column elementor-col-100 elementor-top-column elementor-element elementor-element-4ce02b4" data-id="4ce02b4" data-element_type="column">
			<div class="elementor-widget-wrap elementor-element-populated">
						<div class="elementor-element elementor-element-0cdf26a elementor-widget elementor-widget-image" data-id="0cdf26a" data-element_type="widget" data-widget_type="image.default">
				<div class="elementor-widget-container">
			<style>/*! elementor - v3.20.0 - 13-03-2024 */
.elementor-widget-image{text-align:center}.elementor-widget-image a{display:inline-block}.elementor-widget-image a img[src$=".svg"]{width:48px}.elementor-widget-image img{vertical-align:middle;display:inline-block}</style>										<img fetchpriority="high" decoding="async" width="640" height="741" src="http://172.16.202.26/wp-content/uploads/2024/10/1.Exner-kurz-884x1024.png" class="attachment-large size-large wp-image-23724" alt="" srcset="http://172.16.202.26/wp-content/uploads/2024/10/1.Exner-kurz-884x1024.png 884w, http://172.16.202.26/wp-content/uploads/2024/10/1.Exner-kurz-259x300.png 259w, http://172.16.202.26/wp-content/uploads/2024/10/1.Exner-kurz-768x890.png 768w, http://172.16.202.26/wp-content/uploads/2024/10/1.Exner-kurz.png 1147w" sizes="(max-width: 640px) 100vw, 640px" />													</div>
				</div>
					</div>
		</div>
					</div>
		</section>
				<section class="elementor-section elementor-top-section elementor-element elementor-element-58c6db9 elementor-section-boxed elementor-section-height-default elementor-section-height-default" data-id="58c6db9" data-element_type="section">
						<div class="elementor-container elementor-column-gap-default">
					<div class="elementor-column elementor-col-100 elementor-top-column elementor-element elementor-element-c3a9439" data-id="c3a9439" data-element_type="column">
			<div class="elementor-widget-wrap elementor-element-populated">
						<div class="elementor-element elementor-element-d2a7fbe elementor-widget elementor-widget-text-editor" data-id="d2a7fbe" data-element_type="widget" data-widget_type="text-editor.default">
				<div class="elementor-widget-container">
			<style>/*! elementor - v3.20.0 - 13-03-2024 */
.elementor-widget-text-editor.elementor-drop-cap-view-stacked .elementor-drop-cap{background-color:#69727d;color:#fff}.elementor-widget-text-editor.elementor-drop-cap-view-framed .elementor-drop-cap{color:#69727d;border:3px solid;background-color:transparent}.elementor-widget-text-editor:not(.elementor-drop-cap-view-default) .elementor-drop-cap{margin-top:8px}.elementor-widget-text-editor:not(.elementor-drop-cap-view-default) .elementor-drop-cap-letter{width:1em;height:1em}.elementor-widget-text-editor .elementor-drop-cap{float:left;text-align:center;line-height:1;font-size:50px}.elementor-widget-text-editor .elementor-drop-cap-letter{display:inline-block}</style>				<p><strong>Exner, Wilhelm Franz</strong></p><p> </p><p>Geboren: 09. April 1840 in Gänserndorf<br />Gestorben: 25. Mai 1931 in Wien</p><p> </p><p>Der als Sohn des Stationschefs in Gänserndorf geborene Wilhelm Exner erhielt von seinem gebildeten und allgemein interessierten Vater eine sorgfältige Erziehung. Er wurde von ihm in Französisch und Englisch unterrichtet und er vermittelte ihm die Kenntnis der Naturwissenschaften und der Geologie, sodass Wilhelm Exner, als er in Wien die Realschule und das Polytechnische Institut (heutige TU-Wien) besuchte, ohne besondere Mühe der beste und erfolgreichste Student wurde.</p><p> </p><p>Exner verfügte kaum über finanzielle Mittel und erteilte deshalb Privatstunden. Diese Tätigkeit erfreute ihn derart, dass er beschloss, Lehrer zu werden. Im Alter von 19 Jahren bestand er die Lehramtsprüfung für Darstellende Geometrie, Baukunde und Maschinenlehre und wodurch er als der jüngste Lehramtskandidat in der Geschichte des österreichischen Mittelschulwesens figuriert. Nach Absolvierung des Probejahres wurde Exner im Jahr 1861 zum Hilfslehrer ernannt.</p><p> </p><p>Aufgrund seiner umfassenden Fremdsprachenkenntnisse wurde Exner in den folgenden Jahren immer wieder zu Forschungsreisen nach England und Frankreich entsandt. Außerdem arbeitete er an der Vorbereitung der österreichischen Mission bei der Weltausstellung in Paris im Jahr 1867 mit. Durch die gewonnenen Kenntnisse über die im Ausland getroffenen Maßnahmen zur Förderung der Technik und in Verbindung mit seiner eigenen Initiative, großen Willenskraft sowie schöpferischen Geist hatte er – unterstützt von einflussreichen Kreisen und dem Kaiser – großen Anteil an zahlreichen Projekten. Zu diesen zählten die Durchführung der Wiener Weltausstellung 1873, die Gründung des Technologischen Gewerbemuseums 1879, Die Gewerbeförderung 1892, die Gestaltung des Technischen Museums 1918, die Einrichtung der Handels- und Gewerbekammern und viele weiter. Wilhelm Exner starb am 25. Mai 1931 in Wien an Altersschwäche.</p><p> </p><p>Quelle: TGM-Jahresbericht 1958/59 (80 Jahre TGM)</p>						</div>
				</div>
					</div>
		</div>
					</div>
		</section>
				</div>

<p>Wilhelm Franz Exner Direktor von 1879-1904 Exner, Wilhelm Franz   Geboren: 09. April 1840 in GänserndorfGestorben: 25. Mai 1931 in Wien   Der als Sohn des Stationschefs in Gänserndorf geborene Wilhelm Exner erhielt von seinem gebildeten und allgemein interessierten Vater eine sorgfältige Erziehung. Er wurde von ihm in Französisch und Englisch unterrichtet und er vermittelte ihm die Kenntnis der Naturwissenschaften [&hellip;]</p>
