{"id":20079,"date":"2023-09-20T16:51:33","date_gmt":"2023-09-20T14:51:33","guid":{"rendered":"http:\/\/172.16.202.26\/?page_id=20079"},"modified":"2023-09-21T08:29:55","modified_gmt":"2023-09-21T06:29:55","slug":"junior-company-2020-21","status":"publish","type":"page","link":"http:\/\/172.16.202.26\/?page_id=20079","title":{"rendered":"Junior Company &#8211; 2020\/21"},"content":{"rendered":"\t\t<div data-elementor-type=\"wp-page\" data-elementor-id=\"20079\" class=\"elementor elementor-20079\">\n\t\t\t\t\t\t<section class=\"elementor-section elementor-top-section elementor-element elementor-element-d94d3ce elementor-section-boxed elementor-section-height-default elementor-section-height-default\" data-id=\"d94d3ce\" data-element_type=\"section\">\n\t\t\t\t\t\t<div class=\"elementor-container elementor-column-gap-default\">\n\t\t\t\t\t<div class=\"elementor-column elementor-col-100 elementor-top-column elementor-element elementor-element-21ff2e8\" data-id=\"21ff2e8\" data-element_type=\"column\">\n\t\t\t<div class=\"elementor-widget-wrap elementor-element-populated\">\n\t\t\t\t\t\t<div class=\"elementor-element elementor-element-2417a3b elementor-widget elementor-widget-heading\" data-id=\"2417a3b\" data-element_type=\"widget\" data-widget_type=\"heading.default\">\n\t\t\t\t<div class=\"elementor-widget-container\">\n\t\t\t<style>\/*! elementor - v3.20.0 - 13-03-2024 *\/\n.elementor-heading-title{padding:0;margin:0;line-height:1}.elementor-widget-heading .elementor-heading-title[class*=elementor-size-]>a{color:inherit;font-size:inherit;line-height:inherit}.elementor-widget-heading .elementor-heading-title.elementor-size-small{font-size:15px}.elementor-widget-heading .elementor-heading-title.elementor-size-medium{font-size:19px}.elementor-widget-heading .elementor-heading-title.elementor-size-large{font-size:29px}.elementor-widget-heading .elementor-heading-title.elementor-size-xl{font-size:39px}.elementor-widget-heading .elementor-heading-title.elementor-size-xxl{font-size:59px}<\/style><h2 class=\"elementor-heading-title elementor-size-default\">Junior Companies 2020\/21<\/h2>\t\t<\/div>\n\t\t\t\t<\/div>\n\t\t\t\t\t<\/div>\n\t\t<\/div>\n\t\t\t\t\t<\/div>\n\t\t<\/section>\n\t\t\t\t<section class=\"elementor-section elementor-top-section elementor-element elementor-element-8a50f23 elementor-section-boxed elementor-section-height-default elementor-section-height-default\" data-id=\"8a50f23\" data-element_type=\"section\">\n\t\t\t\t\t\t<div class=\"elementor-container elementor-column-gap-default\">\n\t\t\t\t\t<div class=\"elementor-column elementor-col-100 elementor-top-column elementor-element elementor-element-52219d3\" data-id=\"52219d3\" data-element_type=\"column\">\n\t\t\t<div class=\"elementor-widget-wrap elementor-element-populated\">\n\t\t\t\t\t\t<div class=\"elementor-element elementor-element-935b509 elementor-widget elementor-widget-text-editor\" data-id=\"935b509\" data-element_type=\"widget\" data-widget_type=\"text-editor.default\">\n\t\t\t\t<div class=\"elementor-widget-container\">\n\t\t\t<style>\/*! elementor - v3.20.0 - 13-03-2024 *\/\n.elementor-widget-text-editor.elementor-drop-cap-view-stacked .elementor-drop-cap{background-color:#69727d;color:#fff}.elementor-widget-text-editor.elementor-drop-cap-view-framed .elementor-drop-cap{color:#69727d;border:3px solid;background-color:transparent}.elementor-widget-text-editor:not(.elementor-drop-cap-view-default) .elementor-drop-cap{margin-top:8px}.elementor-widget-text-editor:not(.elementor-drop-cap-view-default) .elementor-drop-cap-letter{width:1em;height:1em}.elementor-widget-text-editor .elementor-drop-cap{float:left;text-align:center;line-height:1;font-size:50px}.elementor-widget-text-editor .elementor-drop-cap-letter{display:inline-block}<\/style>\t\t\t\t<div data-mobiledoc=\"{\">\n<div>\n<p><img decoding=\"async\" class=\"alignnone wp-image-8663 size-medium\" src=\"http:\/\/172.16.202.26\/wp-content\/uploads\/2022\/06\/logo5-300x106.jpg\" alt=\"\" width=\"300\" height=\"106\" srcset=\"http:\/\/172.16.202.26\/wp-content\/uploads\/2022\/06\/logo5-300x106.jpg 300w, http:\/\/172.16.202.26\/wp-content\/uploads\/2022\/06\/logo5-1024x363.jpg 1024w, http:\/\/172.16.202.26\/wp-content\/uploads\/2022\/06\/logo5-768x272.jpg 768w, http:\/\/172.16.202.26\/wp-content\/uploads\/2022\/06\/logo5.jpg 1473w\" sizes=\"(max-width: 300px) 100vw, 300px\" \/><\/p>\n<div data-mobiledoc=\"{\">\n<div>\n<p><br><\/p><p>Im f\u00fcnften Junior-Jahr wurden erstmals vier Junior Companies gegr\u00fcndet, um allen Sch\u00fcler*innen des Ausbildungsschwerpunktes Wirtschaftsingenieur-Maschinenbau die Teilnahme in einer Junior Company zu erm\u00f6glichen.<\/p>\n<p><strong>&nbsp;<\/strong><\/p>\n<p><strong>CoraWatch&nbsp;<\/strong>entwickelte CO2 &#8211; Messger\u00e4te, die neben der Temperatur und der Luftfeuchtigkeit auch den CO2-Gehalt der Luft (zB in Klassenzimmern) messen. S\u00e4mtliche Werte k\u00f6nnen in einem Webinterface ausgelesen werden. Eine (angesichts der pandemisch bedingten Notwendigkeit in regelm\u00e4\u00dfigen Abst\u00e4nden die Klassenzimmer durchzul\u00fcften) innovative Entwicklung genau am Puls der Zeit.<\/p>\n<p><strong>&nbsp;<\/strong><\/p>\n<p><strong>Graulicht<\/strong> entwickelte, produzierte und verkaufte moderne und einfache Lampen in Betonoptik. Graulicht hatte sich als Ziel gesetzt, der Monotonie durch Einfachheit zu trotzen und zwar mit der Idee eines M\u00f6belst\u00fccks, das jedes moderne Heim erhellt. Eine kontrastreiche Designidee zur Verbindung eines minimalistischen Betonlooks mit w\u00e4rmendem Licht f\u00fcr alle stilistisch bedachten Hobby-Innenausstatter von jung bis alt, die vom einfachen Betonlook begeistert sind. Graulicht wurde mit dieser innovativen Gesch\u00e4ftsidee zweitbeste Junior Company in Wien.<\/p>\n<p><strong>&nbsp;<\/strong><\/p>\n<p><strong>hold\/on&nbsp;<\/strong>produzierte Smartphone-Halterungen aus Holz f\u00fcr mobile Anwendungen. Mobile Ger\u00e4te verf\u00fcgen somit jederzeit und \u00fcberall \u00fcber einen festen Stand &#8211; Stabilit\u00e4t und Mobilit\u00e4t f\u00fcr Mobilphones. Ausgangsprodukt von hold\/on ist ein Schl\u00fcsselanh\u00e4nger aus Holz, der mobil und modellunabh\u00e4ngig als Handy-St\u00fctze eingesetzt werden kann und in den unterschiedlichsten Varianten erworben werden konnte. hold\/on konnte sich mit diesem Unternehmenskonzept f\u00fcr das Finale der besten Junior Companies Wiens qualifizieren.<\/p>\n<p><strong>&nbsp;<\/strong><\/p>\n<p><strong>SmartTrack<\/strong> &#8211; find your stuff! Ob Schl\u00fcssel, Geldb\u00f6rse oder Taschen, alle haben schon mal eines dieser Dinge verloren! Da kommt das Produkt von SmartTrack ins Spiel. Nie wieder m\u00fcssen pers\u00f6nliche Gegenst\u00e4nde gesucht werden, da diese mittels der Bluetooth Tracker von SmartTrack leicht wiedergefunden werden k\u00f6nnen.<\/p>\n<p>Technisch-innovative und wirtschaftlich erfolgreiche Projekte mit einem hohen Lern- und Spa\u00dffaktor &#8211; das sind unsere Junior Companies!<\/p>\n<\/div>\n<\/div>\n<\/div>\n<\/div>\t\t\t\t\t\t<\/div>\n\t\t\t\t<\/div>\n\t\t\t\t\t<\/div>\n\t\t<\/div>\n\t\t\t\t\t<\/div>\n\t\t<\/section>\n\t\t\t\t<section class=\"elementor-section elementor-top-section elementor-element elementor-element-4cedab7 elementor-section-boxed elementor-section-height-default elementor-section-height-default\" data-id=\"4cedab7\" data-element_type=\"section\">\n\t\t\t\t\t\t<div class=\"elementor-container elementor-column-gap-default\">\n\t\t\t\t\t<div class=\"elementor-column elementor-col-100 elementor-top-column elementor-element elementor-element-6c96468\" data-id=\"6c96468\" data-element_type=\"column\">\n\t\t\t<div class=\"elementor-widget-wrap elementor-element-populated\">\n\t\t\t\t\t\t<div class=\"elementor-element elementor-element-68baba9 elementor-widget elementor-widget-image\" data-id=\"68baba9\" data-element_type=\"widget\" data-widget_type=\"image.default\">\n\t\t\t\t<div class=\"elementor-widget-container\">\n\t\t\t<style>\/*! elementor - v3.20.0 - 13-03-2024 *\/\n.elementor-widget-image{text-align:center}.elementor-widget-image a{display:inline-block}.elementor-widget-image a img[src$=\".svg\"]{width:48px}.elementor-widget-image img{vertical-align:middle;display:inline-block}<\/style>\t\t\t\t\t\t\t\t\t\t<img fetchpriority=\"high\" decoding=\"async\" width=\"1248\" height=\"873\" src=\"http:\/\/172.16.202.26\/wp-content\/uploads\/2022\/06\/jc5.jpg\" class=\"attachment-full size-full wp-image-8664\" alt=\"\" srcset=\"http:\/\/172.16.202.26\/wp-content\/uploads\/2022\/06\/jc5.jpg 1248w, http:\/\/172.16.202.26\/wp-content\/uploads\/2022\/06\/jc5-300x210.jpg 300w, http:\/\/172.16.202.26\/wp-content\/uploads\/2022\/06\/jc5-1024x716.jpg 1024w, http:\/\/172.16.202.26\/wp-content\/uploads\/2022\/06\/jc5-768x537.jpg 768w\" sizes=\"(max-width: 1248px) 100vw, 1248px\" \/>\t\t\t\t\t\t\t\t\t\t\t\t\t<\/div>\n\t\t\t\t<\/div>\n\t\t\t\t\t<\/div>\n\t\t<\/div>\n\t\t\t\t\t<\/div>\n\t\t<\/section>\n\t\t\t\t<\/div>\n\t\t","protected":false},"excerpt":{"rendered":"<p>Junior Companies 2020\/21 Im f\u00fcnften Junior-Jahr wurden erstmals vier Junior Companies gegr\u00fcndet, um allen Sch\u00fcler*innen des Ausbildungsschwerpunktes Wirtschaftsingenieur-Maschinenbau die Teilnahme in einer Junior Company zu erm\u00f6glichen. &nbsp; CoraWatch&nbsp;entwickelte CO2 &#8211; Messger\u00e4te, die neben der Temperatur und der Luftfeuchtigkeit auch den CO2-Gehalt der Luft (zB in Klassenzimmern) messen. S\u00e4mtliche Werte k\u00f6nnen in einem Webinterface ausgelesen werden. Eine (angesichts der pandemisch bedingten [&hellip;]<\/p>\n","protected":false},"author":3,"featured_media":0,"parent":12686,"menu_order":0,"comment_status":"closed","ping_status":"closed","template":"elementor_header_footer","meta":[],"_links":{"self":[{"href":"http:\/\/172.16.202.26\/index.php?rest_route=\/wp\/v2\/pages\/20079"}],"collection":[{"href":"http:\/\/172.16.202.26\/index.php?rest_route=\/wp\/v2\/pages"}],"about":[{"href":"http:\/\/172.16.202.26\/index.php?rest_route=\/wp\/v2\/types\/page"}],"author":[{"embeddable":true,"href":"http:\/\/172.16.202.26\/index.php?rest_route=\/wp\/v2\/users\/3"}],"replies":[{"embeddable":true,"href":"http:\/\/172.16.202.26\/index.php?rest_route=%2Fwp%2Fv2%2Fcomments&post=20079"}],"version-history":[{"count":10,"href":"http:\/\/172.16.202.26\/index.php?rest_route=\/wp\/v2\/pages\/20079\/revisions"}],"predecessor-version":[{"id":20182,"href":"http:\/\/172.16.202.26\/index.php?rest_route=\/wp\/v2\/pages\/20079\/revisions\/20182"}],"up":[{"embeddable":true,"href":"http:\/\/172.16.202.26\/index.php?rest_route=\/wp\/v2\/pages\/12686"}],"wp:attachment":[{"href":"http:\/\/172.16.202.26\/index.php?rest_route=%2Fwp%2Fv2%2Fmedia&parent=20079"}],"curies":[{"name":"wp","href":"https:\/\/api.w.org\/{rel}","templated":true}]}}