{"id":2171,"date":"2022-04-07T15:48:56","date_gmt":"2022-04-07T13:48:56","guid":{"rendered":"http:\/\/192.189.51.53\/?page_id=2171"},"modified":"2023-04-24T17:24:33","modified_gmt":"2023-04-24T15:24:33","slug":"systemtechnik-2","status":"publish","type":"page","link":"http:\/\/172.16.202.26\/?page_id=2171","title":{"rendered":"Systemtechnik"},"content":{"rendered":"\t\t<div data-elementor-type=\"wp-page\" data-elementor-id=\"2171\" class=\"elementor elementor-2171\">\n\t\t\t\t\t\t<section class=\"elementor-section elementor-top-section elementor-element elementor-element-53a1e9d elementor-section-full_width elementor-section-height-min-height elementor-section-height-default elementor-section-items-middle\" data-id=\"53a1e9d\" data-element_type=\"section\">\n\t\t\t\t\t\t\t<div class=\"elementor-background-overlay\"><\/div>\n\t\t\t\t\t\t\t<div class=\"elementor-container elementor-column-gap-default\">\n\t\t\t\t\t<div class=\"elementor-column elementor-col-100 elementor-top-column elementor-element elementor-element-8097857\" data-id=\"8097857\" data-element_type=\"column\" data-settings=\"{&quot;background_background&quot;:&quot;slideshow&quot;,&quot;background_slideshow_gallery&quot;:[],&quot;background_slideshow_loop&quot;:&quot;yes&quot;,&quot;background_slideshow_slide_duration&quot;:5000,&quot;background_slideshow_slide_transition&quot;:&quot;fade&quot;,&quot;background_slideshow_transition_duration&quot;:500}\">\n\t\t\t<div class=\"elementor-widget-wrap elementor-element-populated\">\n\t\t\t\t\t\t<div class=\"elementor-element elementor-element-77b7ffd elementor-widget__width-auto elementor-invisible elementor-widget elementor-widget-heading\" data-id=\"77b7ffd\" data-element_type=\"widget\" data-settings=\"{&quot;_animation&quot;:&quot;fadeInLeft&quot;}\" data-widget_type=\"heading.default\">\n\t\t\t\t<div class=\"elementor-widget-container\">\n\t\t\t<style>\/*! elementor - v3.20.0 - 13-03-2024 *\/\n.elementor-heading-title{padding:0;margin:0;line-height:1}.elementor-widget-heading .elementor-heading-title[class*=elementor-size-]>a{color:inherit;font-size:inherit;line-height:inherit}.elementor-widget-heading .elementor-heading-title.elementor-size-small{font-size:15px}.elementor-widget-heading .elementor-heading-title.elementor-size-medium{font-size:19px}.elementor-widget-heading .elementor-heading-title.elementor-size-large{font-size:29px}.elementor-widget-heading .elementor-heading-title.elementor-size-xl{font-size:39px}.elementor-widget-heading .elementor-heading-title.elementor-size-xxl{font-size:59px}<\/style><h1 class=\"elementor-heading-title elementor-size-default\">Informationstechnologie -<br>Systemtechnik<\/h1>\t\t<\/div>\n\t\t\t\t<\/div>\n\t\t\t\t\t<\/div>\n\t\t<\/div>\n\t\t\t\t\t<\/div>\n\t\t<\/section>\n\t\t\t\t<section class=\"elementor-section elementor-top-section elementor-element elementor-element-8db3bbc elementor-section-boxed elementor-section-height-default elementor-section-height-default\" data-id=\"8db3bbc\" data-element_type=\"section\">\n\t\t\t\t\t\t<div class=\"elementor-container elementor-column-gap-default\">\n\t\t\t\t\t<div class=\"elementor-column elementor-col-100 elementor-top-column elementor-element elementor-element-5d73ee8\" data-id=\"5d73ee8\" data-element_type=\"column\">\n\t\t\t<div class=\"elementor-widget-wrap elementor-element-populated\">\n\t\t\t\t\t\t<div class=\"elementor-element elementor-element-54fd171 elementor-widget elementor-widget-heading\" data-id=\"54fd171\" data-element_type=\"widget\" data-widget_type=\"heading.default\">\n\t\t\t\t<div class=\"elementor-widget-container\">\n\t\t\t<h2 class=\"elementor-heading-title elementor-size-default\">Computersysteme verstehen und beherrschen<\/h2>\t\t<\/div>\n\t\t\t\t<\/div>\n\t\t\t\t<div class=\"elementor-element elementor-element-f90a328 elementor-widget elementor-widget-text-editor\" data-id=\"f90a328\" data-element_type=\"widget\" data-widget_type=\"text-editor.default\">\n\t\t\t\t<div class=\"elementor-widget-container\">\n\t\t\t<style>\/*! elementor - v3.20.0 - 13-03-2024 *\/\n.elementor-widget-text-editor.elementor-drop-cap-view-stacked .elementor-drop-cap{background-color:#69727d;color:#fff}.elementor-widget-text-editor.elementor-drop-cap-view-framed .elementor-drop-cap{color:#69727d;border:3px solid;background-color:transparent}.elementor-widget-text-editor:not(.elementor-drop-cap-view-default) .elementor-drop-cap{margin-top:8px}.elementor-widget-text-editor:not(.elementor-drop-cap-view-default) .elementor-drop-cap-letter{width:1em;height:1em}.elementor-widget-text-editor .elementor-drop-cap{float:left;text-align:center;line-height:1;font-size:50px}.elementor-widget-text-editor .elementor-drop-cap-letter{display:inline-block}<\/style>\t\t\t\t<p>In der Systemtechnik erlernen ALLE Sch\u00fcler*innen der Abteilung die Fundamente im Bereich der Elektronik und Informationstechnologie, Computerarchitekturen und Betriebssysteme sowie der IT-Sicherheit.<\/p>\n<p>Ab dem 4. Jahrgang erfolgt die Spezialisierung der Systemtechnik mit den Schwerpunkten Industrielle Informationstechnik, Systemintegration &amp; Infrastruktur und Dezentrale Systeme &#8211; mit den Vertiefungszweigen IT-Security und Data-Science. Die Anwendungsgebiete reichen dabei von Internet-of-Things-L\u00f6sungen \u00fcber die Robotik bis hin zur Cloudinfrastruktur und verteilten, mobilen Programmierung.<\/p>\n<p><strong>&nbsp;<\/strong><\/p>\n<p><strong>Grundausbildung (1.-3. Jahrgang):<\/strong><\/p>\n<p>Im Bereich Elektrontechnik und Elektronik lernst du die wichtigsten Grundgesetze, Bauelemente, Grundschaltungen, Messverfahren und Schutzma\u00dfnahmen kennen. Aufbauen darauf lernst du die Grundlagen der Microcontroller in kleinen praktischen Projekten kennen.<\/p>\n<p>Im Bereich Grundlagen der Informatik lernst du die Komponenten eines Computersystems und ihr Zusammenwirken kennen und bist damit in der Lage eigene System zusammenzustellen und aufzur\u00fcsten. Dazu lernst du g\u00e4ngige Anwendungssoftware kennen du kannst diese zur Erstellung verschiedener Dokumente anwenden sowie Clouddienste n\u00fctzen. Das ECDL-Zertifikat ist hier erst der Anfang.<\/p>\n<p>Im Bereich Betriebssysteme lernst du die grundlegende Funktionsweise von Betriebssystemen und Virtualisierung kennen. &nbsp;Du kannst Betriebssysteme installieren und konfigurieren, wichtige Systemdienste erkl\u00e4ren, einrichten und warten sowie die Grundlagen von \u00dcberwachungssoftware anwenden.<\/p>\n<p><strong>&nbsp;<\/strong><\/p>\n<p><strong>Schwerpunkt (4.-5. Jahrgang):<\/strong><\/p>\n<p>Im Bereich Industrielle Informationstechnik lernst Du den Aufbau von netzwerk- und echtzeitf\u00e4higen Mikrocontrollersystemen sowie von technischen Bussystemen.<\/p>\n<p>Im Bereich Systemintegration und Infrastruktur lernst du wie du in Unternehmensnetzwerken Sicherheitskonzepte umsetzen kannst.<\/p>\n<p>Im Bereich Dezentrale Systeme lernst du alles \u00fcber dezentrale Architekturen, wie du sie realisieren kannst und wie du mit deinen Programmier-Skills verschiedenste Dienste implementieren kannst.<\/p>\n<p><strong>&nbsp;<\/strong><\/p>\n<p><strong>Vertiefungen (4.-5. Jahrgang):<\/strong><\/p>\n<p>In der Vertiefung IT-Security kannst Du auf System- und Netzwerkebene mittels \u201ehacking\u201c Tests durchf\u00fchren und entsprechende Absicherungsma\u00dfnahmen durchf\u00fchren. Du lernst wie du angegriffene Systeme systematisch analysierst und sicherheitswerkzeuge einsetzt. Kryptografie und entsprechende Algorithmen kannst Du gezielt einsetzen.<\/p>\n<p>In der Vertiefung Data-Science kannst du grundlegende Algorithmen und Methoden zur Visualisierung, Modellierung und Simulation von niedrig- und hochdimensionalen Daten einsetzen. Du lernst, wie man Systeme richtig trainiert und Du wirst zur Expertin bzw. Experten einer datengetriebenen Welt.<\/p>\t\t\t\t\t\t<\/div>\n\t\t\t\t<\/div>\n\t\t\t\t<div class=\"elementor-element elementor-element-f13a226 elementor-widget elementor-widget-image\" data-id=\"f13a226\" data-element_type=\"widget\" data-widget_type=\"image.default\">\n\t\t\t\t<div class=\"elementor-widget-container\">\n\t\t\t<style>\/*! elementor - v3.20.0 - 13-03-2024 *\/\n.elementor-widget-image{text-align:center}.elementor-widget-image a{display:inline-block}.elementor-widget-image a img[src$=\".svg\"]{width:48px}.elementor-widget-image img{vertical-align:middle;display:inline-block}<\/style>\t\t\t\t\t\t\t\t\t\t<img fetchpriority=\"high\" decoding=\"async\" width=\"640\" height=\"424\" src=\"http:\/\/172.16.202.26\/wp-content\/uploads\/2022\/04\/systemtechnik2-768x509.jpg\" class=\"attachment-medium_large size-medium_large wp-image-2190\" alt=\"\" srcset=\"http:\/\/172.16.202.26\/wp-content\/uploads\/2022\/04\/systemtechnik2-768x509.jpg 768w, http:\/\/172.16.202.26\/wp-content\/uploads\/2022\/04\/systemtechnik2-300x199.jpg 300w, http:\/\/172.16.202.26\/wp-content\/uploads\/2022\/04\/systemtechnik2-1024x678.jpg 1024w, http:\/\/172.16.202.26\/wp-content\/uploads\/2022\/04\/systemtechnik2-1536x1018.jpg 1536w, http:\/\/172.16.202.26\/wp-content\/uploads\/2022\/04\/systemtechnik2.jpg 2000w\" sizes=\"(max-width: 640px) 100vw, 640px\" \/>\t\t\t\t\t\t\t\t\t\t\t\t\t<\/div>\n\t\t\t\t<\/div>\n\t\t\t\t\t<\/div>\n\t\t<\/div>\n\t\t\t\t\t<\/div>\n\t\t<\/section>\n\t\t\t\t<\/div>\n\t\t","protected":false},"excerpt":{"rendered":"<p>Informationstechnologie &#8211;Systemtechnik Computersysteme verstehen und beherrschen In der Systemtechnik erlernen ALLE Sch\u00fcler*innen der Abteilung die Fundamente im Bereich der Elektronik und Informationstechnologie, Computerarchitekturen und Betriebssysteme sowie der IT-Sicherheit. Ab dem 4. Jahrgang erfolgt die Spezialisierung der Systemtechnik mit den Schwerpunkten Industrielle Informationstechnik, Systemintegration &amp; Infrastruktur und Dezentrale Systeme &#8211; mit den Vertiefungszweigen IT-Security und Data-Science. Die Anwendungsgebiete reichen dabei von [&hellip;]<\/p>\n","protected":false},"author":3,"featured_media":0,"parent":12662,"menu_order":0,"comment_status":"closed","ping_status":"closed","template":"elementor_header_footer","meta":[],"_links":{"self":[{"href":"http:\/\/172.16.202.26\/index.php?rest_route=\/wp\/v2\/pages\/2171"}],"collection":[{"href":"http:\/\/172.16.202.26\/index.php?rest_route=\/wp\/v2\/pages"}],"about":[{"href":"http:\/\/172.16.202.26\/index.php?rest_route=\/wp\/v2\/types\/page"}],"author":[{"embeddable":true,"href":"http:\/\/172.16.202.26\/index.php?rest_route=\/wp\/v2\/users\/3"}],"replies":[{"embeddable":true,"href":"http:\/\/172.16.202.26\/index.php?rest_route=%2Fwp%2Fv2%2Fcomments&post=2171"}],"version-history":[{"count":47,"href":"http:\/\/172.16.202.26\/index.php?rest_route=\/wp\/v2\/pages\/2171\/revisions"}],"predecessor-version":[{"id":17495,"href":"http:\/\/172.16.202.26\/index.php?rest_route=\/wp\/v2\/pages\/2171\/revisions\/17495"}],"up":[{"embeddable":true,"href":"http:\/\/172.16.202.26\/index.php?rest_route=\/wp\/v2\/pages\/12662"}],"wp:attachment":[{"href":"http:\/\/172.16.202.26\/index.php?rest_route=%2Fwp%2Fv2%2Fmedia&parent=2171"}],"curies":[{"name":"wp","href":"https:\/\/api.w.org\/{rel}","templated":true}]}}