{"id":23544,"date":"2024-10-03T10:41:16","date_gmt":"2024-10-03T08:41:16","guid":{"rendered":"http:\/\/172.16.202.26\/?page_id=23544"},"modified":"2024-10-03T18:07:39","modified_gmt":"2024-10-03T16:07:39","slug":"direktoren-2-lauboeck","status":"publish","type":"page","link":"http:\/\/172.16.202.26\/?page_id=23544","title":{"rendered":"Direktoren 2 Laub\u00f6ck"},"content":{"rendered":"\t\t<div data-elementor-type=\"wp-page\" data-elementor-id=\"23544\" class=\"elementor elementor-23544\">\n\t\t\t\t\t\t<section class=\"elementor-section elementor-top-section elementor-element elementor-element-3f64fbf elementor-section-boxed elementor-section-height-default elementor-section-height-default\" data-id=\"3f64fbf\" data-element_type=\"section\">\n\t\t\t\t\t\t<div class=\"elementor-container elementor-column-gap-default\">\n\t\t\t\t\t<div class=\"elementor-column elementor-col-100 elementor-top-column elementor-element elementor-element-8823aec\" data-id=\"8823aec\" data-element_type=\"column\">\n\t\t\t<div class=\"elementor-widget-wrap elementor-element-populated\">\n\t\t\t\t\t\t<div class=\"elementor-element elementor-element-db03d38 elementor-widget elementor-widget-heading\" data-id=\"db03d38\" data-element_type=\"widget\" data-widget_type=\"heading.default\">\n\t\t\t\t<div class=\"elementor-widget-container\">\n\t\t\t<style>\/*! elementor - v3.20.0 - 13-03-2024 *\/\n.elementor-heading-title{padding:0;margin:0;line-height:1}.elementor-widget-heading .elementor-heading-title[class*=elementor-size-]>a{color:inherit;font-size:inherit;line-height:inherit}.elementor-widget-heading .elementor-heading-title.elementor-size-small{font-size:15px}.elementor-widget-heading .elementor-heading-title.elementor-size-medium{font-size:19px}.elementor-widget-heading .elementor-heading-title.elementor-size-large{font-size:29px}.elementor-widget-heading .elementor-heading-title.elementor-size-xl{font-size:39px}.elementor-widget-heading .elementor-heading-title.elementor-size-xxl{font-size:59px}<\/style><h2 class=\"elementor-heading-title elementor-size-default\">Georg Laub\u00f6ck<\/h2>\t\t<\/div>\n\t\t\t\t<\/div>\n\t\t\t\t<div class=\"elementor-element elementor-element-6aea162 elementor-widget elementor-widget-heading\" data-id=\"6aea162\" data-element_type=\"widget\" data-widget_type=\"heading.default\">\n\t\t\t\t<div class=\"elementor-widget-container\">\n\t\t\t<h1 class=\"elementor-heading-title elementor-size-default\">Direktor von 1905-1918<\/h1>\t\t<\/div>\n\t\t\t\t<\/div>\n\t\t\t\t\t<\/div>\n\t\t<\/div>\n\t\t\t\t\t<\/div>\n\t\t<\/section>\n\t\t\t\t<section class=\"elementor-section elementor-top-section elementor-element elementor-element-df498a5 elementor-section-boxed elementor-section-height-default elementor-section-height-default\" data-id=\"df498a5\" data-element_type=\"section\">\n\t\t\t\t\t\t<div class=\"elementor-container elementor-column-gap-default\">\n\t\t\t\t\t<div class=\"elementor-column elementor-col-100 elementor-top-column elementor-element elementor-element-4ce02b4\" data-id=\"4ce02b4\" data-element_type=\"column\">\n\t\t\t<div class=\"elementor-widget-wrap elementor-element-populated\">\n\t\t\t\t\t\t<div class=\"elementor-element elementor-element-0cdf26a elementor-widget elementor-widget-image\" data-id=\"0cdf26a\" data-element_type=\"widget\" data-widget_type=\"image.default\">\n\t\t\t\t<div class=\"elementor-widget-container\">\n\t\t\t<style>\/*! elementor - v3.20.0 - 13-03-2024 *\/\n.elementor-widget-image{text-align:center}.elementor-widget-image a{display:inline-block}.elementor-widget-image a img[src$=\".svg\"]{width:48px}.elementor-widget-image img{vertical-align:middle;display:inline-block}<\/style>\t\t\t\t\t\t\t\t\t\t<img fetchpriority=\"high\" decoding=\"async\" width=\"640\" height=\"745\" src=\"http:\/\/172.16.202.26\/wp-content\/uploads\/2024\/10\/2.Lauboeck-880x1024.png\" class=\"attachment-large size-large wp-image-23725\" alt=\"\" srcset=\"http:\/\/172.16.202.26\/wp-content\/uploads\/2024\/10\/2.Lauboeck-880x1024.png 880w, http:\/\/172.16.202.26\/wp-content\/uploads\/2024\/10\/2.Lauboeck-258x300.png 258w, http:\/\/172.16.202.26\/wp-content\/uploads\/2024\/10\/2.Lauboeck-768x894.png 768w, http:\/\/172.16.202.26\/wp-content\/uploads\/2024\/10\/2.Lauboeck.png 1140w\" sizes=\"(max-width: 640px) 100vw, 640px\" \/>\t\t\t\t\t\t\t\t\t\t\t\t\t<\/div>\n\t\t\t\t<\/div>\n\t\t\t\t\t<\/div>\n\t\t<\/div>\n\t\t\t\t\t<\/div>\n\t\t<\/section>\n\t\t\t\t<section class=\"elementor-section elementor-top-section elementor-element elementor-element-58c6db9 elementor-section-boxed elementor-section-height-default elementor-section-height-default\" data-id=\"58c6db9\" data-element_type=\"section\">\n\t\t\t\t\t\t<div class=\"elementor-container elementor-column-gap-default\">\n\t\t\t\t\t<div class=\"elementor-column elementor-col-100 elementor-top-column elementor-element elementor-element-c3a9439\" data-id=\"c3a9439\" data-element_type=\"column\">\n\t\t\t<div class=\"elementor-widget-wrap elementor-element-populated\">\n\t\t\t\t\t\t<div class=\"elementor-element elementor-element-d2a7fbe elementor-widget elementor-widget-text-editor\" data-id=\"d2a7fbe\" data-element_type=\"widget\" data-widget_type=\"text-editor.default\">\n\t\t\t\t<div class=\"elementor-widget-container\">\n\t\t\t<style>\/*! elementor - v3.20.0 - 13-03-2024 *\/\n.elementor-widget-text-editor.elementor-drop-cap-view-stacked .elementor-drop-cap{background-color:#69727d;color:#fff}.elementor-widget-text-editor.elementor-drop-cap-view-framed .elementor-drop-cap{color:#69727d;border:3px solid;background-color:transparent}.elementor-widget-text-editor:not(.elementor-drop-cap-view-default) .elementor-drop-cap{margin-top:8px}.elementor-widget-text-editor:not(.elementor-drop-cap-view-default) .elementor-drop-cap-letter{width:1em;height:1em}.elementor-widget-text-editor .elementor-drop-cap{float:left;text-align:center;line-height:1;font-size:50px}.elementor-widget-text-editor .elementor-drop-cap-letter{display:inline-block}<\/style>\t\t\t\t<p><strong>Laub\u00f6ck, Georg<\/strong><\/p><p>\u00a0<\/p><p>Geboren: 02. Juli 1852 in N\u00fcrnberg<br \/>Gestorben 02. Juni 1926 in Wien<\/p><p>\u00a0<\/p><p>Georg Laub\u00f6ck stammte aus einer angesehenen N\u00fcrnberger Familie und genoss eine sorgf\u00e4ltige Erziehung. Er studierte Maschinenbau an den Technischen Hochschulen in M\u00fcnchen und Dresden und wurde anschlie\u00dfend Hilfsassistent bei Professor Dr. Ernst Hartig.<\/p><p>\u00a0<\/p><p>Wilhelm Exner lernte Laub\u00f6ck in V\u00f6slau kennen und bot ihm eine Assistentenstelle an der Hochschule f\u00fcr Bodenkultur an. Bald entwickelte sich ein dauerndes Freundschaftsverh\u00e4ltnis zwischen den M\u00e4nnern und Laub\u00f6ck wirkte bei der Errichtung der ersten Sektion des Technologischen Gewerbemuseum im Jahr 1879 mit.<\/p><p>\u00a0<\/p><p>Nach der Verstaatlichung des Technologischen Gewerbemuseum im Jahr 1905 wurde Laub\u00f6ck schlie\u00dflich Direktor dieser Zentrallehranstalt. Georg Laub\u00f6ck ist am 02.Juni 1926 in Wien an einer Gehirnblutung gestorben.<\/p><p>\u00a0<\/p><p>Quelle: TGM Zentralbibliothek: Sign.: 4504-BMitteilungen des staatl. Technischen Versuchsamtes XV. Jhg. 1926 \/ erstes und zweites Heft<\/p>\t\t\t\t\t\t<\/div>\n\t\t\t\t<\/div>\n\t\t\t\t\t<\/div>\n\t\t<\/div>\n\t\t\t\t\t<\/div>\n\t\t<\/section>\n\t\t\t\t<\/div>\n\t\t","protected":false},"excerpt":{"rendered":"<p>Georg Laub\u00f6ck Direktor von 1905-1918 Laub\u00f6ck, Georg \u00a0 Geboren: 02. Juli 1852 in N\u00fcrnbergGestorben 02. Juni 1926 in Wien \u00a0 Georg Laub\u00f6ck stammte aus einer angesehenen N\u00fcrnberger Familie und genoss eine sorgf\u00e4ltige Erziehung. Er studierte Maschinenbau an den Technischen Hochschulen in M\u00fcnchen und Dresden und wurde anschlie\u00dfend Hilfsassistent bei Professor Dr. Ernst Hartig. \u00a0 Wilhelm Exner lernte Laub\u00f6ck in V\u00f6slau [&hellip;]<\/p>\n","protected":false},"author":3,"featured_media":0,"parent":0,"menu_order":0,"comment_status":"closed","ping_status":"closed","template":"elementor_header_footer","meta":[],"_links":{"self":[{"href":"http:\/\/172.16.202.26\/index.php?rest_route=\/wp\/v2\/pages\/23544"}],"collection":[{"href":"http:\/\/172.16.202.26\/index.php?rest_route=\/wp\/v2\/pages"}],"about":[{"href":"http:\/\/172.16.202.26\/index.php?rest_route=\/wp\/v2\/types\/page"}],"author":[{"embeddable":true,"href":"http:\/\/172.16.202.26\/index.php?rest_route=\/wp\/v2\/users\/3"}],"replies":[{"embeddable":true,"href":"http:\/\/172.16.202.26\/index.php?rest_route=%2Fwp%2Fv2%2Fcomments&post=23544"}],"version-history":[{"count":19,"href":"http:\/\/172.16.202.26\/index.php?rest_route=\/wp\/v2\/pages\/23544\/revisions"}],"predecessor-version":[{"id":23744,"href":"http:\/\/172.16.202.26\/index.php?rest_route=\/wp\/v2\/pages\/23544\/revisions\/23744"}],"wp:attachment":[{"href":"http:\/\/172.16.202.26\/index.php?rest_route=%2Fwp%2Fv2%2Fmedia&parent=23544"}],"curies":[{"name":"wp","href":"https:\/\/api.w.org\/{rel}","templated":true}]}}

Direktoren 2 Lauböck

<div data-elementor-type="wp-page" data-elementor-id="23544" class="elementor elementor-23544">
						<section class="elementor-section elementor-top-section elementor-element elementor-element-3f64fbf elementor-section-boxed elementor-section-height-default elementor-section-height-default" data-id="3f64fbf" data-element_type="section">
						<div class="elementor-container elementor-column-gap-default">
					<div class="elementor-column elementor-col-100 elementor-top-column elementor-element elementor-element-8823aec" data-id="8823aec" data-element_type="column">
			<div class="elementor-widget-wrap elementor-element-populated">
						<div class="elementor-element elementor-element-db03d38 elementor-widget elementor-widget-heading" data-id="db03d38" data-element_type="widget" data-widget_type="heading.default">
				<div class="elementor-widget-container">
			<style>/*! elementor - v3.20.0 - 13-03-2024 */
.elementor-heading-title{padding:0;margin:0;line-height:1}.elementor-widget-heading .elementor-heading-title[class*=elementor-size-]>a{color:inherit;font-size:inherit;line-height:inherit}.elementor-widget-heading .elementor-heading-title.elementor-size-small{font-size:15px}.elementor-widget-heading .elementor-heading-title.elementor-size-medium{font-size:19px}.elementor-widget-heading .elementor-heading-title.elementor-size-large{font-size:29px}.elementor-widget-heading .elementor-heading-title.elementor-size-xl{font-size:39px}.elementor-widget-heading .elementor-heading-title.elementor-size-xxl{font-size:59px}</style><h2 class="elementor-heading-title elementor-size-default">Georg Lauböck</h2>		</div>
				</div>
				<div class="elementor-element elementor-element-6aea162 elementor-widget elementor-widget-heading" data-id="6aea162" data-element_type="widget" data-widget_type="heading.default">
				<div class="elementor-widget-container">
			<h1 class="elementor-heading-title elementor-size-default">Direktor von 1905-1918</h1>		</div>
				</div>
					</div>
		</div>
					</div>
		</section>
				<section class="elementor-section elementor-top-section elementor-element elementor-element-df498a5 elementor-section-boxed elementor-section-height-default elementor-section-height-default" data-id="df498a5" data-element_type="section">
						<div class="elementor-container elementor-column-gap-default">
					<div class="elementor-column elementor-col-100 elementor-top-column elementor-element elementor-element-4ce02b4" data-id="4ce02b4" data-element_type="column">
			<div class="elementor-widget-wrap elementor-element-populated">
						<div class="elementor-element elementor-element-0cdf26a elementor-widget elementor-widget-image" data-id="0cdf26a" data-element_type="widget" data-widget_type="image.default">
				<div class="elementor-widget-container">
			<style>/*! elementor - v3.20.0 - 13-03-2024 */
.elementor-widget-image{text-align:center}.elementor-widget-image a{display:inline-block}.elementor-widget-image a img[src$=".svg"]{width:48px}.elementor-widget-image img{vertical-align:middle;display:inline-block}</style>										<img fetchpriority="high" decoding="async" width="640" height="745" src="http://172.16.202.26/wp-content/uploads/2024/10/2.Lauboeck-880x1024.png" class="attachment-large size-large wp-image-23725" alt="" srcset="http://172.16.202.26/wp-content/uploads/2024/10/2.Lauboeck-880x1024.png 880w, http://172.16.202.26/wp-content/uploads/2024/10/2.Lauboeck-258x300.png 258w, http://172.16.202.26/wp-content/uploads/2024/10/2.Lauboeck-768x894.png 768w, http://172.16.202.26/wp-content/uploads/2024/10/2.Lauboeck.png 1140w" sizes="(max-width: 640px) 100vw, 640px" />													</div>
				</div>
					</div>
		</div>
					</div>
		</section>
				<section class="elementor-section elementor-top-section elementor-element elementor-element-58c6db9 elementor-section-boxed elementor-section-height-default elementor-section-height-default" data-id="58c6db9" data-element_type="section">
						<div class="elementor-container elementor-column-gap-default">
					<div class="elementor-column elementor-col-100 elementor-top-column elementor-element elementor-element-c3a9439" data-id="c3a9439" data-element_type="column">
			<div class="elementor-widget-wrap elementor-element-populated">
						<div class="elementor-element elementor-element-d2a7fbe elementor-widget elementor-widget-text-editor" data-id="d2a7fbe" data-element_type="widget" data-widget_type="text-editor.default">
				<div class="elementor-widget-container">
			<style>/*! elementor - v3.20.0 - 13-03-2024 */
.elementor-widget-text-editor.elementor-drop-cap-view-stacked .elementor-drop-cap{background-color:#69727d;color:#fff}.elementor-widget-text-editor.elementor-drop-cap-view-framed .elementor-drop-cap{color:#69727d;border:3px solid;background-color:transparent}.elementor-widget-text-editor:not(.elementor-drop-cap-view-default) .elementor-drop-cap{margin-top:8px}.elementor-widget-text-editor:not(.elementor-drop-cap-view-default) .elementor-drop-cap-letter{width:1em;height:1em}.elementor-widget-text-editor .elementor-drop-cap{float:left;text-align:center;line-height:1;font-size:50px}.elementor-widget-text-editor .elementor-drop-cap-letter{display:inline-block}</style>				<p><strong>Lauböck, Georg</strong></p><p> </p><p>Geboren: 02. Juli 1852 in Nürnberg<br />Gestorben 02. Juni 1926 in Wien</p><p> </p><p>Georg Lauböck stammte aus einer angesehenen Nürnberger Familie und genoss eine sorgfältige Erziehung. Er studierte Maschinenbau an den Technischen Hochschulen in München und Dresden und wurde anschließend Hilfsassistent bei Professor Dr. Ernst Hartig.</p><p> </p><p>Wilhelm Exner lernte Lauböck in Vöslau kennen und bot ihm eine Assistentenstelle an der Hochschule für Bodenkultur an. Bald entwickelte sich ein dauerndes Freundschaftsverhältnis zwischen den Männern und Lauböck wirkte bei der Errichtung der ersten Sektion des Technologischen Gewerbemuseum im Jahr 1879 mit.</p><p> </p><p>Nach der Verstaatlichung des Technologischen Gewerbemuseum im Jahr 1905 wurde Lauböck schließlich Direktor dieser Zentrallehranstalt. Georg Lauböck ist am 02.Juni 1926 in Wien an einer Gehirnblutung gestorben.</p><p> </p><p>Quelle: TGM Zentralbibliothek: Sign.: 4504-BMitteilungen des staatl. Technischen Versuchsamtes XV. Jhg. 1926 / erstes und zweites Heft</p>						</div>
				</div>
					</div>
		</div>
					</div>
		</section>
				</div>

<p>Georg Lauböck Direktor von 1905-1918 Lauböck, Georg   Geboren: 02. Juli 1852 in NürnbergGestorben 02. Juni 1926 in Wien   Georg Lauböck stammte aus einer angesehenen Nürnberger Familie und genoss eine sorgfältige Erziehung. Er studierte Maschinenbau an den Technischen Hochschulen in München und Dresden und wurde anschließend Hilfsassistent bei Professor Dr. Ernst Hartig.   Wilhelm Exner lernte Lauböck in Vöslau [&hellip;]</p>
