{"id":23593,"date":"2024-10-03T12:04:20","date_gmt":"2024-10-03T10:04:20","guid":{"rendered":"http:\/\/172.16.202.26\/?page_id=23593"},"modified":"2024-10-03T18:10:22","modified_gmt":"2024-10-03T16:10:22","slug":"direktoren-6-theimer","status":"publish","type":"page","link":"http:\/\/172.16.202.26\/?page_id=23593","title":{"rendered":"Direktoren 6 Theimer"},"content":{"rendered":"\t\t<div data-elementor-type=\"wp-page\" data-elementor-id=\"23593\" class=\"elementor elementor-23593\">\n\t\t\t\t\t\t<section class=\"elementor-section elementor-top-section elementor-element elementor-element-3f64fbf elementor-section-boxed elementor-section-height-default elementor-section-height-default\" data-id=\"3f64fbf\" data-element_type=\"section\">\n\t\t\t\t\t\t<div class=\"elementor-container elementor-column-gap-default\">\n\t\t\t\t\t<div class=\"elementor-column elementor-col-100 elementor-top-column elementor-element elementor-element-8823aec\" data-id=\"8823aec\" data-element_type=\"column\">\n\t\t\t<div class=\"elementor-widget-wrap elementor-element-populated\">\n\t\t\t\t\t\t<div class=\"elementor-element elementor-element-db03d38 elementor-widget elementor-widget-heading\" data-id=\"db03d38\" data-element_type=\"widget\" data-widget_type=\"heading.default\">\n\t\t\t\t<div class=\"elementor-widget-container\">\n\t\t\t<style>\/*! elementor - v3.20.0 - 13-03-2024 *\/\n.elementor-heading-title{padding:0;margin:0;line-height:1}.elementor-widget-heading .elementor-heading-title[class*=elementor-size-]>a{color:inherit;font-size:inherit;line-height:inherit}.elementor-widget-heading .elementor-heading-title.elementor-size-small{font-size:15px}.elementor-widget-heading .elementor-heading-title.elementor-size-medium{font-size:19px}.elementor-widget-heading .elementor-heading-title.elementor-size-large{font-size:29px}.elementor-widget-heading .elementor-heading-title.elementor-size-xl{font-size:39px}.elementor-widget-heading .elementor-heading-title.elementor-size-xxl{font-size:59px}<\/style><h2 class=\"elementor-heading-title elementor-size-default\">Fritz Theimer<\/h2>\t\t<\/div>\n\t\t\t\t<\/div>\n\t\t\t\t<div class=\"elementor-element elementor-element-6aea162 elementor-widget elementor-widget-heading\" data-id=\"6aea162\" data-element_type=\"widget\" data-widget_type=\"heading.default\">\n\t\t\t\t<div class=\"elementor-widget-container\">\n\t\t\t<h1 class=\"elementor-heading-title elementor-size-default\">Direktor von 1938-1945<\/h1>\t\t<\/div>\n\t\t\t\t<\/div>\n\t\t\t\t\t<\/div>\n\t\t<\/div>\n\t\t\t\t\t<\/div>\n\t\t<\/section>\n\t\t\t\t<section class=\"elementor-section elementor-top-section elementor-element elementor-element-df498a5 elementor-section-boxed elementor-section-height-default elementor-section-height-default\" data-id=\"df498a5\" data-element_type=\"section\">\n\t\t\t\t\t\t<div class=\"elementor-container elementor-column-gap-default\">\n\t\t\t\t\t<div class=\"elementor-column elementor-col-100 elementor-top-column elementor-element elementor-element-4ce02b4\" data-id=\"4ce02b4\" data-element_type=\"column\">\n\t\t\t<div class=\"elementor-widget-wrap elementor-element-populated\">\n\t\t\t\t\t\t<div class=\"elementor-element elementor-element-0cdf26a elementor-widget elementor-widget-image\" data-id=\"0cdf26a\" data-element_type=\"widget\" data-widget_type=\"image.default\">\n\t\t\t\t<div class=\"elementor-widget-container\">\n\t\t\t<style>\/*! elementor - v3.20.0 - 13-03-2024 *\/\n.elementor-widget-image{text-align:center}.elementor-widget-image a{display:inline-block}.elementor-widget-image a img[src$=\".svg\"]{width:48px}.elementor-widget-image img{vertical-align:middle;display:inline-block}<\/style>\t\t\t\t\t\t\t\t\t\t<img fetchpriority=\"high\" decoding=\"async\" width=\"640\" height=\"737\" src=\"http:\/\/172.16.202.26\/wp-content\/uploads\/2024\/10\/6.Theimer-889x1024.png\" class=\"attachment-large size-large wp-image-23729\" alt=\"\" srcset=\"http:\/\/172.16.202.26\/wp-content\/uploads\/2024\/10\/6.Theimer-889x1024.png 889w, http:\/\/172.16.202.26\/wp-content\/uploads\/2024\/10\/6.Theimer-261x300.png 261w, http:\/\/172.16.202.26\/wp-content\/uploads\/2024\/10\/6.Theimer-768x884.png 768w, http:\/\/172.16.202.26\/wp-content\/uploads\/2024\/10\/6.Theimer.png 1150w\" sizes=\"(max-width: 640px) 100vw, 640px\" \/>\t\t\t\t\t\t\t\t\t\t\t\t\t<\/div>\n\t\t\t\t<\/div>\n\t\t\t\t\t<\/div>\n\t\t<\/div>\n\t\t\t\t\t<\/div>\n\t\t<\/section>\n\t\t\t\t<section class=\"elementor-section elementor-top-section elementor-element elementor-element-58c6db9 elementor-section-boxed elementor-section-height-default elementor-section-height-default\" data-id=\"58c6db9\" data-element_type=\"section\">\n\t\t\t\t\t\t<div class=\"elementor-container elementor-column-gap-default\">\n\t\t\t\t\t<div class=\"elementor-column elementor-col-100 elementor-top-column elementor-element elementor-element-c3a9439\" data-id=\"c3a9439\" data-element_type=\"column\">\n\t\t\t<div class=\"elementor-widget-wrap elementor-element-populated\">\n\t\t\t\t\t\t<div class=\"elementor-element elementor-element-d2a7fbe elementor-widget elementor-widget-text-editor\" data-id=\"d2a7fbe\" data-element_type=\"widget\" data-widget_type=\"text-editor.default\">\n\t\t\t\t<div class=\"elementor-widget-container\">\n\t\t\t<style>\/*! elementor - v3.20.0 - 13-03-2024 *\/\n.elementor-widget-text-editor.elementor-drop-cap-view-stacked .elementor-drop-cap{background-color:#69727d;color:#fff}.elementor-widget-text-editor.elementor-drop-cap-view-framed .elementor-drop-cap{color:#69727d;border:3px solid;background-color:transparent}.elementor-widget-text-editor:not(.elementor-drop-cap-view-default) .elementor-drop-cap{margin-top:8px}.elementor-widget-text-editor:not(.elementor-drop-cap-view-default) .elementor-drop-cap-letter{width:1em;height:1em}.elementor-widget-text-editor .elementor-drop-cap{float:left;text-align:center;line-height:1;font-size:50px}.elementor-widget-text-editor .elementor-drop-cap-letter{display:inline-block}<\/style>\t\t\t\t<p><strong>Theimer, Friedirch<\/strong><\/p><p><br \/>Geboren: 04.01.1880 in Wien<br \/>Gestorben: 03.10.1945 in Wien<\/p><p>\u00a0<\/p><p>Fritz Theimer trat 1914 in das Technologische Gewerbemuseum ein und leitete w\u00e4hrend des Ersten Weltkriegs die Erzeugungsabteilung der k.u.k. Waffenhauptfabrik. Danach leitete er die Versuchsanstalt f\u00fcr Werkzeugmaschinen und Werkzeuge und war Gr\u00fcnder und erster Fachvorstand der H\u00f6heren Abteilung f\u00fcr Betriebstechnik (heutige Wirtschaftsingenieure).<\/p><p><br \/>Ab dem Jahr 1938 fungierte er als Direktor des Technologischen Gewerbemuseum, konnte aber die Integrit\u00e4t der Anstalt nicht bewahren. Die besten Kr\u00e4fte des Lehrk\u00f6rpers waren durch Wehrdienst, zum Teil als Soldaten ohne Rangklasse, durch Kriegseinsatz, Verhaftung, Absetzung und Anhaltung in Konzentrationslagern der T\u00e4tigkeit am Technologischen Gewerbemuseum entzogen. In der Folge musste der Unterricht in den oberen Jahrg\u00e4ngen vollst\u00e4ndig suspendiert werden und das Kurswesen wurde von der \u201eDeutschen Arbeitsfront\u201c \u00fcbernommen, w\u00e4hrend das Versuchswesen g\u00e4nzlich vernachl\u00e4ssigt blieb. Friedrich Theimer verstarb aufgrund seiner schweren Erkrankung, woraufhin Alfred Hilbert mit dem 1. J\u00e4nner 1945 vor\u00fcbergehend die Leitung \u00fcbernahm. Nach dem Ende des Zweiten Weltkriegs wurde zun\u00e4chst Erich Gasteiger und im Anschluss erneut Alfred Wastl mit der Leitung des Technologischen Gewerbemuseums betraut.<\/p><p><br \/>Trotz einer akribischen Recherche konnten keine Beweise daf\u00fcr gefunden werden, dass Friedrich Theimer Nationalsozialist gewesen w\u00e4re. Seine Witwe gab nach Kriegsende gegen\u00fcber der Sonderkommission zur \u00dcberpr\u00fcfung von Lehrkr\u00e4ften in der NS-Zeit an, dass Friedrich Theimer kein \u201eillegaler\u201c Nationalsozialist war. Selbst Alfred Wastl nannte Theimer einen \u201eMehrer des Technologischen Gewerbemuseum\u201c.<\/p><p><br \/>Quellen: TGM-Jahresbericht ; \u00d6STA, AdR, Unterricht PA Theimer<\/p>\t\t\t\t\t\t<\/div>\n\t\t\t\t<\/div>\n\t\t\t\t\t<\/div>\n\t\t<\/div>\n\t\t\t\t\t<\/div>\n\t\t<\/section>\n\t\t\t\t<\/div>\n\t\t","protected":false},"excerpt":{"rendered":"<p>Fritz Theimer Direktor von 1938-1945 Theimer, Friedirch Geboren: 04.01.1880 in WienGestorben: 03.10.1945 in Wien \u00a0 Fritz Theimer trat 1914 in das Technologische Gewerbemuseum ein und leitete w\u00e4hrend des Ersten Weltkriegs die Erzeugungsabteilung der k.u.k. Waffenhauptfabrik. Danach leitete er die Versuchsanstalt f\u00fcr Werkzeugmaschinen und Werkzeuge und war Gr\u00fcnder und erster Fachvorstand der H\u00f6heren Abteilung f\u00fcr Betriebstechnik (heutige Wirtschaftsingenieure). Ab dem Jahr [&hellip;]<\/p>\n","protected":false},"author":3,"featured_media":0,"parent":0,"menu_order":0,"comment_status":"closed","ping_status":"closed","template":"elementor_header_footer","meta":[],"_links":{"self":[{"href":"http:\/\/172.16.202.26\/index.php?rest_route=\/wp\/v2\/pages\/23593"}],"collection":[{"href":"http:\/\/172.16.202.26\/index.php?rest_route=\/wp\/v2\/pages"}],"about":[{"href":"http:\/\/172.16.202.26\/index.php?rest_route=\/wp\/v2\/types\/page"}],"author":[{"embeddable":true,"href":"http:\/\/172.16.202.26\/index.php?rest_route=\/wp\/v2\/users\/3"}],"replies":[{"embeddable":true,"href":"http:\/\/172.16.202.26\/index.php?rest_route=%2Fwp%2Fv2%2Fcomments&post=23593"}],"version-history":[{"count":10,"href":"http:\/\/172.16.202.26\/index.php?rest_route=\/wp\/v2\/pages\/23593\/revisions"}],"predecessor-version":[{"id":23757,"href":"http:\/\/172.16.202.26\/index.php?rest_route=\/wp\/v2\/pages\/23593\/revisions\/23757"}],"wp:attachment":[{"href":"http:\/\/172.16.202.26\/index.php?rest_route=%2Fwp%2Fv2%2Fmedia&parent=23593"}],"curies":[{"name":"wp","href":"https:\/\/api.w.org\/{rel}","templated":true}]}}

<div data-elementor-type="wp-page" data-elementor-id="23593" class="elementor elementor-23593">
						<section class="elementor-section elementor-top-section elementor-element elementor-element-3f64fbf elementor-section-boxed elementor-section-height-default elementor-section-height-default" data-id="3f64fbf" data-element_type="section">
						<div class="elementor-container elementor-column-gap-default">
					<div class="elementor-column elementor-col-100 elementor-top-column elementor-element elementor-element-8823aec" data-id="8823aec" data-element_type="column">
			<div class="elementor-widget-wrap elementor-element-populated">
						<div class="elementor-element elementor-element-db03d38 elementor-widget elementor-widget-heading" data-id="db03d38" data-element_type="widget" data-widget_type="heading.default">
				<div class="elementor-widget-container">
			<style>/*! elementor - v3.20.0 - 13-03-2024 */
.elementor-heading-title{padding:0;margin:0;line-height:1}.elementor-widget-heading .elementor-heading-title[class*=elementor-size-]>a{color:inherit;font-size:inherit;line-height:inherit}.elementor-widget-heading .elementor-heading-title.elementor-size-small{font-size:15px}.elementor-widget-heading .elementor-heading-title.elementor-size-medium{font-size:19px}.elementor-widget-heading .elementor-heading-title.elementor-size-large{font-size:29px}.elementor-widget-heading .elementor-heading-title.elementor-size-xl{font-size:39px}.elementor-widget-heading .elementor-heading-title.elementor-size-xxl{font-size:59px}</style><h2 class="elementor-heading-title elementor-size-default">Fritz Theimer</h2>		</div>
				</div>
				<div class="elementor-element elementor-element-6aea162 elementor-widget elementor-widget-heading" data-id="6aea162" data-element_type="widget" data-widget_type="heading.default">
				<div class="elementor-widget-container">
			<h1 class="elementor-heading-title elementor-size-default">Direktor von 1938-1945</h1>		</div>
				</div>
					</div>
		</div>
					</div>
		</section>
				<section class="elementor-section elementor-top-section elementor-element elementor-element-df498a5 elementor-section-boxed elementor-section-height-default elementor-section-height-default" data-id="df498a5" data-element_type="section">
						<div class="elementor-container elementor-column-gap-default">
					<div class="elementor-column elementor-col-100 elementor-top-column elementor-element elementor-element-4ce02b4" data-id="4ce02b4" data-element_type="column">
			<div class="elementor-widget-wrap elementor-element-populated">
						<div class="elementor-element elementor-element-0cdf26a elementor-widget elementor-widget-image" data-id="0cdf26a" data-element_type="widget" data-widget_type="image.default">
				<div class="elementor-widget-container">
			<style>/*! elementor - v3.20.0 - 13-03-2024 */
.elementor-widget-image{text-align:center}.elementor-widget-image a{display:inline-block}.elementor-widget-image a img[src$=".svg"]{width:48px}.elementor-widget-image img{vertical-align:middle;display:inline-block}</style>										<img fetchpriority="high" decoding="async" width="640" height="737" src="http://172.16.202.26/wp-content/uploads/2024/10/6.Theimer-889x1024.png" class="attachment-large size-large wp-image-23729" alt="" srcset="http://172.16.202.26/wp-content/uploads/2024/10/6.Theimer-889x1024.png 889w, http://172.16.202.26/wp-content/uploads/2024/10/6.Theimer-261x300.png 261w, http://172.16.202.26/wp-content/uploads/2024/10/6.Theimer-768x884.png 768w, http://172.16.202.26/wp-content/uploads/2024/10/6.Theimer.png 1150w" sizes="(max-width: 640px) 100vw, 640px" />													</div>
				</div>
					</div>
		</div>
					</div>
		</section>
				<section class="elementor-section elementor-top-section elementor-element elementor-element-58c6db9 elementor-section-boxed elementor-section-height-default elementor-section-height-default" data-id="58c6db9" data-element_type="section">
						<div class="elementor-container elementor-column-gap-default">
					<div class="elementor-column elementor-col-100 elementor-top-column elementor-element elementor-element-c3a9439" data-id="c3a9439" data-element_type="column">
			<div class="elementor-widget-wrap elementor-element-populated">
						<div class="elementor-element elementor-element-d2a7fbe elementor-widget elementor-widget-text-editor" data-id="d2a7fbe" data-element_type="widget" data-widget_type="text-editor.default">
				<div class="elementor-widget-container">
			<style>/*! elementor - v3.20.0 - 13-03-2024 */
.elementor-widget-text-editor.elementor-drop-cap-view-stacked .elementor-drop-cap{background-color:#69727d;color:#fff}.elementor-widget-text-editor.elementor-drop-cap-view-framed .elementor-drop-cap{color:#69727d;border:3px solid;background-color:transparent}.elementor-widget-text-editor:not(.elementor-drop-cap-view-default) .elementor-drop-cap{margin-top:8px}.elementor-widget-text-editor:not(.elementor-drop-cap-view-default) .elementor-drop-cap-letter{width:1em;height:1em}.elementor-widget-text-editor .elementor-drop-cap{float:left;text-align:center;line-height:1;font-size:50px}.elementor-widget-text-editor .elementor-drop-cap-letter{display:inline-block}</style>				<p><strong>Theimer, Friedirch</strong></p><p><br />Geboren: 04.01.1880 in Wien<br />Gestorben: 03.10.1945 in Wien</p><p> </p><p>Fritz Theimer trat 1914 in das Technologische Gewerbemuseum ein und leitete während des Ersten Weltkriegs die Erzeugungsabteilung der k.u.k. Waffenhauptfabrik. Danach leitete er die Versuchsanstalt für Werkzeugmaschinen und Werkzeuge und war Gründer und erster Fachvorstand der Höheren Abteilung für Betriebstechnik (heutige Wirtschaftsingenieure).</p><p><br />Ab dem Jahr 1938 fungierte er als Direktor des Technologischen Gewerbemuseum, konnte aber die Integrität der Anstalt nicht bewahren. Die besten Kräfte des Lehrkörpers waren durch Wehrdienst, zum Teil als Soldaten ohne Rangklasse, durch Kriegseinsatz, Verhaftung, Absetzung und Anhaltung in Konzentrationslagern der Tätigkeit am Technologischen Gewerbemuseum entzogen. In der Folge musste der Unterricht in den oberen Jahrgängen vollständig suspendiert werden und das Kurswesen wurde von der „Deutschen Arbeitsfront“ übernommen, während das Versuchswesen gänzlich vernachlässigt blieb. Friedrich Theimer verstarb aufgrund seiner schweren Erkrankung, woraufhin Alfred Hilbert mit dem 1. Jänner 1945 vorübergehend die Leitung übernahm. Nach dem Ende des Zweiten Weltkriegs wurde zunächst Erich Gasteiger und im Anschluss erneut Alfred Wastl mit der Leitung des Technologischen Gewerbemuseums betraut.</p><p><br />Trotz einer akribischen Recherche konnten keine Beweise dafür gefunden werden, dass Friedrich Theimer Nationalsozialist gewesen wäre. Seine Witwe gab nach Kriegsende gegenüber der Sonderkommission zur Überprüfung von Lehrkräften in der NS-Zeit an, dass Friedrich Theimer kein „illegaler“ Nationalsozialist war. Selbst Alfred Wastl nannte Theimer einen „Mehrer des Technologischen Gewerbemuseum“.</p><p><br />Quellen: TGM-Jahresbericht ; ÖSTA, AdR, Unterricht PA Theimer</p>						</div>
				</div>
					</div>
		</div>
					</div>
		</section>
				</div>

<p>Fritz Theimer Direktor von 1938-1945 Theimer, Friedirch Geboren: 04.01.1880 in WienGestorben: 03.10.1945 in Wien   Fritz Theimer trat 1914 in das Technologische Gewerbemuseum ein und leitete während des Ersten Weltkriegs die Erzeugungsabteilung der k.u.k. Waffenhauptfabrik. Danach leitete er die Versuchsanstalt für Werkzeugmaschinen und Werkzeuge und war Gründer und erster Fachvorstand der Höheren Abteilung für Betriebstechnik (heutige Wirtschaftsingenieure). Ab dem Jahr [&hellip;]</p>
