{"id":23598,"date":"2024-10-03T12:10:04","date_gmt":"2024-10-03T10:10:04","guid":{"rendered":"http:\/\/172.16.202.26\/?page_id=23598"},"modified":"2024-10-03T18:10:41","modified_gmt":"2024-10-03T16:10:41","slug":"direktoren-8-scheerer","status":"publish","type":"page","link":"http:\/\/172.16.202.26\/?page_id=23598","title":{"rendered":"Direktoren 8 Scheerer"},"content":{"rendered":"\t\t<div data-elementor-type=\"wp-page\" data-elementor-id=\"23598\" class=\"elementor elementor-23598\">\n\t\t\t\t\t\t<section class=\"elementor-section elementor-top-section elementor-element elementor-element-3f64fbf elementor-section-boxed elementor-section-height-default elementor-section-height-default\" data-id=\"3f64fbf\" data-element_type=\"section\">\n\t\t\t\t\t\t<div class=\"elementor-container elementor-column-gap-default\">\n\t\t\t\t\t<div class=\"elementor-column elementor-col-100 elementor-top-column elementor-element elementor-element-8823aec\" data-id=\"8823aec\" data-element_type=\"column\">\n\t\t\t<div class=\"elementor-widget-wrap elementor-element-populated\">\n\t\t\t\t\t\t<div class=\"elementor-element elementor-element-db03d38 elementor-widget elementor-widget-heading\" data-id=\"db03d38\" data-element_type=\"widget\" data-widget_type=\"heading.default\">\n\t\t\t\t<div class=\"elementor-widget-container\">\n\t\t\t<style>\/*! elementor - v3.20.0 - 13-03-2024 *\/\n.elementor-heading-title{padding:0;margin:0;line-height:1}.elementor-widget-heading .elementor-heading-title[class*=elementor-size-]>a{color:inherit;font-size:inherit;line-height:inherit}.elementor-widget-heading .elementor-heading-title.elementor-size-small{font-size:15px}.elementor-widget-heading .elementor-heading-title.elementor-size-medium{font-size:19px}.elementor-widget-heading .elementor-heading-title.elementor-size-large{font-size:29px}.elementor-widget-heading .elementor-heading-title.elementor-size-xl{font-size:39px}.elementor-widget-heading .elementor-heading-title.elementor-size-xxl{font-size:59px}<\/style><h2 class=\"elementor-heading-title elementor-size-default\">Karl Scheerer<\/h2>\t\t<\/div>\n\t\t\t\t<\/div>\n\t\t\t\t<div class=\"elementor-element elementor-element-6aea162 elementor-widget elementor-widget-heading\" data-id=\"6aea162\" data-element_type=\"widget\" data-widget_type=\"heading.default\">\n\t\t\t\t<div class=\"elementor-widget-container\">\n\t\t\t<h1 class=\"elementor-heading-title elementor-size-default\">Direktor von 1953-1966<\/h1>\t\t<\/div>\n\t\t\t\t<\/div>\n\t\t\t\t\t<\/div>\n\t\t<\/div>\n\t\t\t\t\t<\/div>\n\t\t<\/section>\n\t\t\t\t<section class=\"elementor-section elementor-top-section elementor-element elementor-element-df498a5 elementor-section-boxed elementor-section-height-default elementor-section-height-default\" data-id=\"df498a5\" data-element_type=\"section\">\n\t\t\t\t\t\t<div class=\"elementor-container elementor-column-gap-default\">\n\t\t\t\t\t<div class=\"elementor-column elementor-col-100 elementor-top-column elementor-element elementor-element-4ce02b4\" data-id=\"4ce02b4\" data-element_type=\"column\">\n\t\t\t<div class=\"elementor-widget-wrap elementor-element-populated\">\n\t\t\t\t\t\t<div class=\"elementor-element elementor-element-0cdf26a elementor-widget elementor-widget-image\" data-id=\"0cdf26a\" data-element_type=\"widget\" data-widget_type=\"image.default\">\n\t\t\t\t<div class=\"elementor-widget-container\">\n\t\t\t<style>\/*! elementor - v3.20.0 - 13-03-2024 *\/\n.elementor-widget-image{text-align:center}.elementor-widget-image a{display:inline-block}.elementor-widget-image a img[src$=\".svg\"]{width:48px}.elementor-widget-image img{vertical-align:middle;display:inline-block}<\/style>\t\t\t\t\t\t\t\t\t\t<img fetchpriority=\"high\" decoding=\"async\" width=\"640\" height=\"751\" src=\"http:\/\/172.16.202.26\/wp-content\/uploads\/2024\/10\/8.Scheerer-873x1024.png\" class=\"attachment-large size-large wp-image-23730\" alt=\"\" srcset=\"http:\/\/172.16.202.26\/wp-content\/uploads\/2024\/10\/8.Scheerer-873x1024.png 873w, http:\/\/172.16.202.26\/wp-content\/uploads\/2024\/10\/8.Scheerer-256x300.png 256w, http:\/\/172.16.202.26\/wp-content\/uploads\/2024\/10\/8.Scheerer-768x901.png 768w, http:\/\/172.16.202.26\/wp-content\/uploads\/2024\/10\/8.Scheerer.png 1136w\" sizes=\"(max-width: 640px) 100vw, 640px\" \/>\t\t\t\t\t\t\t\t\t\t\t\t\t<\/div>\n\t\t\t\t<\/div>\n\t\t\t\t\t<\/div>\n\t\t<\/div>\n\t\t\t\t\t<\/div>\n\t\t<\/section>\n\t\t\t\t<section class=\"elementor-section elementor-top-section elementor-element elementor-element-58c6db9 elementor-section-boxed elementor-section-height-default elementor-section-height-default\" data-id=\"58c6db9\" data-element_type=\"section\">\n\t\t\t\t\t\t<div class=\"elementor-container elementor-column-gap-default\">\n\t\t\t\t\t<div class=\"elementor-column elementor-col-100 elementor-top-column elementor-element elementor-element-c3a9439\" data-id=\"c3a9439\" data-element_type=\"column\">\n\t\t\t<div class=\"elementor-widget-wrap elementor-element-populated\">\n\t\t\t\t\t\t<div class=\"elementor-element elementor-element-d2a7fbe elementor-widget elementor-widget-text-editor\" data-id=\"d2a7fbe\" data-element_type=\"widget\" data-widget_type=\"text-editor.default\">\n\t\t\t\t<div class=\"elementor-widget-container\">\n\t\t\t<style>\/*! elementor - v3.20.0 - 13-03-2024 *\/\n.elementor-widget-text-editor.elementor-drop-cap-view-stacked .elementor-drop-cap{background-color:#69727d;color:#fff}.elementor-widget-text-editor.elementor-drop-cap-view-framed .elementor-drop-cap{color:#69727d;border:3px solid;background-color:transparent}.elementor-widget-text-editor:not(.elementor-drop-cap-view-default) .elementor-drop-cap{margin-top:8px}.elementor-widget-text-editor:not(.elementor-drop-cap-view-default) .elementor-drop-cap-letter{width:1em;height:1em}.elementor-widget-text-editor .elementor-drop-cap{float:left;text-align:center;line-height:1;font-size:50px}.elementor-widget-text-editor .elementor-drop-cap-letter{display:inline-block}<\/style>\t\t\t\t<p><strong>Scheerer, Karl<\/strong><\/p><p><br \/>Geboren: 22.02.1901 in Baden bei Wien <br \/>Gestorben: 05.06.1968 in Baden bei Wien<\/p><p><br \/>Karl Scheerer begann nach der Matura im Jahr 1919 in der Leobersdorfer Maschinenfabrik zu arbeiten. Sp\u00e4ter war er bei der \u00d6sterreichischen Daimler Motoren AG und den \u00d6sterreichischen Bundesbahnen t\u00e4tig. Daneben verfolgte er die akademische Ausbildung und erwarb im Jahr 1929 nach Ablegung der II. Staatspr\u00fcfung die Lehrbef\u00e4higung f\u00fcr Maschinenbau. Seine Laufbahn als Lehrer begann er im Technologischen Gewerbemuseum am 1. September 1929 und endete zun\u00e4chst 1938, als er zum \u201eProbelehrer\u201c zur\u00fcckgestuft wurde.<\/p><p>\u00a0<\/p><p>Nach Ende des Zeiten Weltkriegs setzte Scherer seine T\u00e4tigkeit als Lehrer wieder fort und wurde im Jahr 1947 zum Fachvorstand der Abteilung Maschinenbau bestellt. Sechs Jahre sp\u00e4ter wurde er zum Direktor des Technologischen Gewerbemuseums ernannt und blieb 13 Jahre in dieser Funktion. 1966 wurde Scheerer in den Ruhestand versetzt und vor versammeltem Lehrk\u00f6rper wurde ihm das Gro\u00dfe Ehrenabzeichen f\u00fcr Verdienste um die Republik \u00d6sterreich verliehen. 1968, nach nur kurzer Zeit im Ruhestand, verstarb Karl Scheerer in Baden bei Wien.<\/p><p><br \/>Quelle: TGM-Jahresbericht 1958\/59 (80 Jahre TGM); Technologe 1966, 29. Folge \u2013 April\/Juni; 1968, 38. Folge Juli\/September<\/p>\t\t\t\t\t\t<\/div>\n\t\t\t\t<\/div>\n\t\t\t\t\t<\/div>\n\t\t<\/div>\n\t\t\t\t\t<\/div>\n\t\t<\/section>\n\t\t\t\t<\/div>\n\t\t","protected":false},"excerpt":{"rendered":"<p>Karl Scheerer Direktor von 1953-1966 Scheerer, Karl Geboren: 22.02.1901 in Baden bei Wien Gestorben: 05.06.1968 in Baden bei Wien Karl Scheerer begann nach der Matura im Jahr 1919 in der Leobersdorfer Maschinenfabrik zu arbeiten. Sp\u00e4ter war er bei der \u00d6sterreichischen Daimler Motoren AG und den \u00d6sterreichischen Bundesbahnen t\u00e4tig. Daneben verfolgte er die akademische Ausbildung und erwarb im Jahr 1929 nach [&hellip;]<\/p>\n","protected":false},"author":3,"featured_media":0,"parent":0,"menu_order":0,"comment_status":"closed","ping_status":"closed","template":"elementor_header_footer","meta":[],"_links":{"self":[{"href":"http:\/\/172.16.202.26\/index.php?rest_route=\/wp\/v2\/pages\/23598"}],"collection":[{"href":"http:\/\/172.16.202.26\/index.php?rest_route=\/wp\/v2\/pages"}],"about":[{"href":"http:\/\/172.16.202.26\/index.php?rest_route=\/wp\/v2\/types\/page"}],"author":[{"embeddable":true,"href":"http:\/\/172.16.202.26\/index.php?rest_route=\/wp\/v2\/users\/3"}],"replies":[{"embeddable":true,"href":"http:\/\/172.16.202.26\/index.php?rest_route=%2Fwp%2Fv2%2Fcomments&post=23598"}],"version-history":[{"count":10,"href":"http:\/\/172.16.202.26\/index.php?rest_route=\/wp\/v2\/pages\/23598\/revisions"}],"predecessor-version":[{"id":23760,"href":"http:\/\/172.16.202.26\/index.php?rest_route=\/wp\/v2\/pages\/23598\/revisions\/23760"}],"wp:attachment":[{"href":"http:\/\/172.16.202.26\/index.php?rest_route=%2Fwp%2Fv2%2Fmedia&parent=23598"}],"curies":[{"name":"wp","href":"https:\/\/api.w.org\/{rel}","templated":true}]}}

<div data-elementor-type="wp-page" data-elementor-id="23598" class="elementor elementor-23598">
						<section class="elementor-section elementor-top-section elementor-element elementor-element-3f64fbf elementor-section-boxed elementor-section-height-default elementor-section-height-default" data-id="3f64fbf" data-element_type="section">
						<div class="elementor-container elementor-column-gap-default">
					<div class="elementor-column elementor-col-100 elementor-top-column elementor-element elementor-element-8823aec" data-id="8823aec" data-element_type="column">
			<div class="elementor-widget-wrap elementor-element-populated">
						<div class="elementor-element elementor-element-db03d38 elementor-widget elementor-widget-heading" data-id="db03d38" data-element_type="widget" data-widget_type="heading.default">
				<div class="elementor-widget-container">
			<style>/*! elementor - v3.20.0 - 13-03-2024 */
.elementor-heading-title{padding:0;margin:0;line-height:1}.elementor-widget-heading .elementor-heading-title[class*=elementor-size-]>a{color:inherit;font-size:inherit;line-height:inherit}.elementor-widget-heading .elementor-heading-title.elementor-size-small{font-size:15px}.elementor-widget-heading .elementor-heading-title.elementor-size-medium{font-size:19px}.elementor-widget-heading .elementor-heading-title.elementor-size-large{font-size:29px}.elementor-widget-heading .elementor-heading-title.elementor-size-xl{font-size:39px}.elementor-widget-heading .elementor-heading-title.elementor-size-xxl{font-size:59px}</style><h2 class="elementor-heading-title elementor-size-default">Karl Scheerer</h2>		</div>
				</div>
				<div class="elementor-element elementor-element-6aea162 elementor-widget elementor-widget-heading" data-id="6aea162" data-element_type="widget" data-widget_type="heading.default">
				<div class="elementor-widget-container">
			<h1 class="elementor-heading-title elementor-size-default">Direktor von 1953-1966</h1>		</div>
				</div>
					</div>
		</div>
					</div>
		</section>
				<section class="elementor-section elementor-top-section elementor-element elementor-element-df498a5 elementor-section-boxed elementor-section-height-default elementor-section-height-default" data-id="df498a5" data-element_type="section">
						<div class="elementor-container elementor-column-gap-default">
					<div class="elementor-column elementor-col-100 elementor-top-column elementor-element elementor-element-4ce02b4" data-id="4ce02b4" data-element_type="column">
			<div class="elementor-widget-wrap elementor-element-populated">
						<div class="elementor-element elementor-element-0cdf26a elementor-widget elementor-widget-image" data-id="0cdf26a" data-element_type="widget" data-widget_type="image.default">
				<div class="elementor-widget-container">
			<style>/*! elementor - v3.20.0 - 13-03-2024 */
.elementor-widget-image{text-align:center}.elementor-widget-image a{display:inline-block}.elementor-widget-image a img[src$=".svg"]{width:48px}.elementor-widget-image img{vertical-align:middle;display:inline-block}</style>										<img fetchpriority="high" decoding="async" width="640" height="751" src="http://172.16.202.26/wp-content/uploads/2024/10/8.Scheerer-873x1024.png" class="attachment-large size-large wp-image-23730" alt="" srcset="http://172.16.202.26/wp-content/uploads/2024/10/8.Scheerer-873x1024.png 873w, http://172.16.202.26/wp-content/uploads/2024/10/8.Scheerer-256x300.png 256w, http://172.16.202.26/wp-content/uploads/2024/10/8.Scheerer-768x901.png 768w, http://172.16.202.26/wp-content/uploads/2024/10/8.Scheerer.png 1136w" sizes="(max-width: 640px) 100vw, 640px" />													</div>
				</div>
					</div>
		</div>
					</div>
		</section>
				<section class="elementor-section elementor-top-section elementor-element elementor-element-58c6db9 elementor-section-boxed elementor-section-height-default elementor-section-height-default" data-id="58c6db9" data-element_type="section">
						<div class="elementor-container elementor-column-gap-default">
					<div class="elementor-column elementor-col-100 elementor-top-column elementor-element elementor-element-c3a9439" data-id="c3a9439" data-element_type="column">
			<div class="elementor-widget-wrap elementor-element-populated">
						<div class="elementor-element elementor-element-d2a7fbe elementor-widget elementor-widget-text-editor" data-id="d2a7fbe" data-element_type="widget" data-widget_type="text-editor.default">
				<div class="elementor-widget-container">
			<style>/*! elementor - v3.20.0 - 13-03-2024 */
.elementor-widget-text-editor.elementor-drop-cap-view-stacked .elementor-drop-cap{background-color:#69727d;color:#fff}.elementor-widget-text-editor.elementor-drop-cap-view-framed .elementor-drop-cap{color:#69727d;border:3px solid;background-color:transparent}.elementor-widget-text-editor:not(.elementor-drop-cap-view-default) .elementor-drop-cap{margin-top:8px}.elementor-widget-text-editor:not(.elementor-drop-cap-view-default) .elementor-drop-cap-letter{width:1em;height:1em}.elementor-widget-text-editor .elementor-drop-cap{float:left;text-align:center;line-height:1;font-size:50px}.elementor-widget-text-editor .elementor-drop-cap-letter{display:inline-block}</style>				<p><strong>Scheerer, Karl</strong></p><p><br />Geboren: 22.02.1901 in Baden bei Wien <br />Gestorben: 05.06.1968 in Baden bei Wien</p><p><br />Karl Scheerer begann nach der Matura im Jahr 1919 in der Leobersdorfer Maschinenfabrik zu arbeiten. Später war er bei der Österreichischen Daimler Motoren AG und den Österreichischen Bundesbahnen tätig. Daneben verfolgte er die akademische Ausbildung und erwarb im Jahr 1929 nach Ablegung der II. Staatsprüfung die Lehrbefähigung für Maschinenbau. Seine Laufbahn als Lehrer begann er im Technologischen Gewerbemuseum am 1. September 1929 und endete zunächst 1938, als er zum „Probelehrer“ zurückgestuft wurde.</p><p> </p><p>Nach Ende des Zeiten Weltkriegs setzte Scherer seine Tätigkeit als Lehrer wieder fort und wurde im Jahr 1947 zum Fachvorstand der Abteilung Maschinenbau bestellt. Sechs Jahre später wurde er zum Direktor des Technologischen Gewerbemuseums ernannt und blieb 13 Jahre in dieser Funktion. 1966 wurde Scheerer in den Ruhestand versetzt und vor versammeltem Lehrkörper wurde ihm das Große Ehrenabzeichen für Verdienste um die Republik Österreich verliehen. 1968, nach nur kurzer Zeit im Ruhestand, verstarb Karl Scheerer in Baden bei Wien.</p><p><br />Quelle: TGM-Jahresbericht 1958/59 (80 Jahre TGM); Technologe 1966, 29. Folge – April/Juni; 1968, 38. Folge Juli/September</p>						</div>
				</div>
					</div>
		</div>
					</div>
		</section>
				</div>

<p>Karl Scheerer Direktor von 1953-1966 Scheerer, Karl Geboren: 22.02.1901 in Baden bei Wien Gestorben: 05.06.1968 in Baden bei Wien Karl Scheerer begann nach der Matura im Jahr 1919 in der Leobersdorfer Maschinenfabrik zu arbeiten. Später war er bei der Österreichischen Daimler Motoren AG und den Österreichischen Bundesbahnen tätig. Daneben verfolgte er die akademische Ausbildung und erwarb im Jahr 1929 nach [&hellip;]</p>
