{"id":23625,"date":"2024-10-03T12:40:22","date_gmt":"2024-10-03T10:40:22","guid":{"rendered":"http:\/\/172.16.202.26\/?page_id=23625"},"modified":"2024-10-03T18:11:20","modified_gmt":"2024-10-03T16:11:20","slug":"direktoren-9-brandstetter","status":"publish","type":"page","link":"http:\/\/172.16.202.26\/?page_id=23625","title":{"rendered":"Direktoren 9 Brandstetter"},"content":{"rendered":"\t\t<div data-elementor-type=\"wp-page\" data-elementor-id=\"23625\" class=\"elementor elementor-23625\">\n\t\t\t\t\t\t<section class=\"elementor-section elementor-top-section elementor-element elementor-element-3f64fbf elementor-section-boxed elementor-section-height-default elementor-section-height-default\" data-id=\"3f64fbf\" data-element_type=\"section\">\n\t\t\t\t\t\t<div class=\"elementor-container elementor-column-gap-default\">\n\t\t\t\t\t<div class=\"elementor-column elementor-col-100 elementor-top-column elementor-element elementor-element-8823aec\" data-id=\"8823aec\" data-element_type=\"column\">\n\t\t\t<div class=\"elementor-widget-wrap elementor-element-populated\">\n\t\t\t\t\t\t<div class=\"elementor-element elementor-element-db03d38 elementor-widget elementor-widget-heading\" data-id=\"db03d38\" data-element_type=\"widget\" data-widget_type=\"heading.default\">\n\t\t\t\t<div class=\"elementor-widget-container\">\n\t\t\t<style>\/*! elementor - v3.20.0 - 13-03-2024 *\/\n.elementor-heading-title{padding:0;margin:0;line-height:1}.elementor-widget-heading .elementor-heading-title[class*=elementor-size-]>a{color:inherit;font-size:inherit;line-height:inherit}.elementor-widget-heading .elementor-heading-title.elementor-size-small{font-size:15px}.elementor-widget-heading .elementor-heading-title.elementor-size-medium{font-size:19px}.elementor-widget-heading .elementor-heading-title.elementor-size-large{font-size:29px}.elementor-widget-heading .elementor-heading-title.elementor-size-xl{font-size:39px}.elementor-widget-heading .elementor-heading-title.elementor-size-xxl{font-size:59px}<\/style><h2 class=\"elementor-heading-title elementor-size-default\">Walter Brandstetter<\/h2>\t\t<\/div>\n\t\t\t\t<\/div>\n\t\t\t\t<div class=\"elementor-element elementor-element-6aea162 elementor-widget elementor-widget-heading\" data-id=\"6aea162\" data-element_type=\"widget\" data-widget_type=\"heading.default\">\n\t\t\t\t<div class=\"elementor-widget-container\">\n\t\t\t<h1 class=\"elementor-heading-title elementor-size-default\">Direktor von 1967-1972<\/h1>\t\t<\/div>\n\t\t\t\t<\/div>\n\t\t\t\t\t<\/div>\n\t\t<\/div>\n\t\t\t\t\t<\/div>\n\t\t<\/section>\n\t\t\t\t<section class=\"elementor-section elementor-top-section elementor-element elementor-element-df498a5 elementor-section-boxed elementor-section-height-default elementor-section-height-default\" data-id=\"df498a5\" data-element_type=\"section\">\n\t\t\t\t\t\t<div class=\"elementor-container elementor-column-gap-default\">\n\t\t\t\t\t<div class=\"elementor-column elementor-col-100 elementor-top-column elementor-element elementor-element-4ce02b4\" data-id=\"4ce02b4\" data-element_type=\"column\">\n\t\t\t<div class=\"elementor-widget-wrap elementor-element-populated\">\n\t\t\t\t\t\t<div class=\"elementor-element elementor-element-0cdf26a elementor-widget elementor-widget-image\" data-id=\"0cdf26a\" data-element_type=\"widget\" data-widget_type=\"image.default\">\n\t\t\t\t<div class=\"elementor-widget-container\">\n\t\t\t<style>\/*! elementor - v3.20.0 - 13-03-2024 *\/\n.elementor-widget-image{text-align:center}.elementor-widget-image a{display:inline-block}.elementor-widget-image a img[src$=\".svg\"]{width:48px}.elementor-widget-image img{vertical-align:middle;display:inline-block}<\/style>\t\t\t\t\t\t\t\t\t\t<img fetchpriority=\"high\" decoding=\"async\" width=\"640\" height=\"748\" src=\"http:\/\/172.16.202.26\/wp-content\/uploads\/2024\/10\/9.Brandstetter-876x1024.png\" class=\"attachment-large size-large wp-image-23731\" alt=\"\" srcset=\"http:\/\/172.16.202.26\/wp-content\/uploads\/2024\/10\/9.Brandstetter-876x1024.png 876w, http:\/\/172.16.202.26\/wp-content\/uploads\/2024\/10\/9.Brandstetter-257x300.png 257w, http:\/\/172.16.202.26\/wp-content\/uploads\/2024\/10\/9.Brandstetter-768x898.png 768w, http:\/\/172.16.202.26\/wp-content\/uploads\/2024\/10\/9.Brandstetter.png 1140w\" sizes=\"(max-width: 640px) 100vw, 640px\" \/>\t\t\t\t\t\t\t\t\t\t\t\t\t<\/div>\n\t\t\t\t<\/div>\n\t\t\t\t\t<\/div>\n\t\t<\/div>\n\t\t\t\t\t<\/div>\n\t\t<\/section>\n\t\t\t\t<section class=\"elementor-section elementor-top-section elementor-element elementor-element-58c6db9 elementor-section-boxed elementor-section-height-default elementor-section-height-default\" data-id=\"58c6db9\" data-element_type=\"section\">\n\t\t\t\t\t\t<div class=\"elementor-container elementor-column-gap-default\">\n\t\t\t\t\t<div class=\"elementor-column elementor-col-100 elementor-top-column elementor-element elementor-element-c3a9439\" data-id=\"c3a9439\" data-element_type=\"column\">\n\t\t\t<div class=\"elementor-widget-wrap elementor-element-populated\">\n\t\t\t\t\t\t<div class=\"elementor-element elementor-element-d2a7fbe elementor-widget elementor-widget-text-editor\" data-id=\"d2a7fbe\" data-element_type=\"widget\" data-widget_type=\"text-editor.default\">\n\t\t\t\t<div class=\"elementor-widget-container\">\n\t\t\t<style>\/*! elementor - v3.20.0 - 13-03-2024 *\/\n.elementor-widget-text-editor.elementor-drop-cap-view-stacked .elementor-drop-cap{background-color:#69727d;color:#fff}.elementor-widget-text-editor.elementor-drop-cap-view-framed .elementor-drop-cap{color:#69727d;border:3px solid;background-color:transparent}.elementor-widget-text-editor:not(.elementor-drop-cap-view-default) .elementor-drop-cap{margin-top:8px}.elementor-widget-text-editor:not(.elementor-drop-cap-view-default) .elementor-drop-cap-letter{width:1em;height:1em}.elementor-widget-text-editor .elementor-drop-cap{float:left;text-align:center;line-height:1;font-size:50px}.elementor-widget-text-editor .elementor-drop-cap-letter{display:inline-block}<\/style>\t\t\t\t<p><strong>Brandstetter, Walter<\/strong><\/p><p>\u00a0<\/p><p>Geboren 30.05.1908 in Klosterneuburg<br \/>Gestorben 04.03.1972 in Wien<\/p><p>\u00a0<\/p><p>Walter Brandstetter maturierte 1927 an der H\u00f6heren Abteilung f\u00fcr Maschinenbau des Technologischen Gewerbemuseums mit Auszeichnung und schloss 1935 das Studium ab. Noch w\u00e4hrend des Zweiten Weltkriegs hatte er sich habilitiert, wurde im Jahr 1947 vollbesch\u00e4ftigter Hilfslehrer und ein Jahr sp\u00e4ter Fachvorstand der H\u00f6heren Abteilung f\u00fcr Funk- und Fernmeldetechnik am Technologischen Gewerbemuseum. Knapp 20 Jahre sp\u00e4ter wurde er schlie\u00dflich zum Direktor des Technologischen Gewerbemuseums ernannt.<\/p><p>\u00a0<\/p><p>Zeit seines Lebens hatte Brandstetter verschiedene T\u00e4tigkeiten gleichzeitig ausge\u00fcbt. So war er Dozent f\u00fcr Elektrische Fernmeldetechnik an der Technischen Hochschule, Leiter von Spezialabendkursen, Lehrbeauftragter f\u00fcr Elektrotechnik an der Hochschule f\u00fcr Bodenkultur, Staatspr\u00fcfungskommiss\u00e4r f\u00fcr \u201eAllgemeine Maschinenkunde\u201d bei der ersten G\u00e4rungstechnischen Staatspr\u00fcfungskommission, Mitglied der Schulfunk- und Schulfernsehen-Approbationskommission beim BMfU, Delegierter \u00d6sterreichs im Seminar des Europarates, Fachtechnisches Mitglied des Patentamtes oder Organisator zur Wiedererrichtung des Verbandes der Alt-Technologen im Jahr 1946. Walter Brandstetter starb im Dienst am 4. M\u00e4rz 1972 im Allgemeinen Krankenhaus in Wien.<\/p><p>\u00a0<\/p><p>Quelle: Technologe 1967+1972<\/p>\t\t\t\t\t\t<\/div>\n\t\t\t\t<\/div>\n\t\t\t\t\t<\/div>\n\t\t<\/div>\n\t\t\t\t\t<\/div>\n\t\t<\/section>\n\t\t\t\t<\/div>\n\t\t","protected":false},"excerpt":{"rendered":"<p>Walter Brandstetter Direktor von 1967-1972 Brandstetter, Walter \u00a0 Geboren 30.05.1908 in KlosterneuburgGestorben 04.03.1972 in Wien \u00a0 Walter Brandstetter maturierte 1927 an der H\u00f6heren Abteilung f\u00fcr Maschinenbau des Technologischen Gewerbemuseums mit Auszeichnung und schloss 1935 das Studium ab. Noch w\u00e4hrend des Zweiten Weltkriegs hatte er sich habilitiert, wurde im Jahr 1947 vollbesch\u00e4ftigter Hilfslehrer und ein Jahr sp\u00e4ter Fachvorstand der H\u00f6heren Abteilung [&hellip;]<\/p>\n","protected":false},"author":3,"featured_media":0,"parent":0,"menu_order":0,"comment_status":"closed","ping_status":"closed","template":"elementor_header_footer","meta":[],"_links":{"self":[{"href":"http:\/\/172.16.202.26\/index.php?rest_route=\/wp\/v2\/pages\/23625"}],"collection":[{"href":"http:\/\/172.16.202.26\/index.php?rest_route=\/wp\/v2\/pages"}],"about":[{"href":"http:\/\/172.16.202.26\/index.php?rest_route=\/wp\/v2\/types\/page"}],"author":[{"embeddable":true,"href":"http:\/\/172.16.202.26\/index.php?rest_route=\/wp\/v2\/users\/3"}],"replies":[{"embeddable":true,"href":"http:\/\/172.16.202.26\/index.php?rest_route=%2Fwp%2Fv2%2Fcomments&post=23625"}],"version-history":[{"count":10,"href":"http:\/\/172.16.202.26\/index.php?rest_route=\/wp\/v2\/pages\/23625\/revisions"}],"predecessor-version":[{"id":23763,"href":"http:\/\/172.16.202.26\/index.php?rest_route=\/wp\/v2\/pages\/23625\/revisions\/23763"}],"wp:attachment":[{"href":"http:\/\/172.16.202.26\/index.php?rest_route=%2Fwp%2Fv2%2Fmedia&parent=23625"}],"curies":[{"name":"wp","href":"https:\/\/api.w.org\/{rel}","templated":true}]}}

<div data-elementor-type="wp-page" data-elementor-id="23625" class="elementor elementor-23625">
						<section class="elementor-section elementor-top-section elementor-element elementor-element-3f64fbf elementor-section-boxed elementor-section-height-default elementor-section-height-default" data-id="3f64fbf" data-element_type="section">
						<div class="elementor-container elementor-column-gap-default">
					<div class="elementor-column elementor-col-100 elementor-top-column elementor-element elementor-element-8823aec" data-id="8823aec" data-element_type="column">
			<div class="elementor-widget-wrap elementor-element-populated">
						<div class="elementor-element elementor-element-db03d38 elementor-widget elementor-widget-heading" data-id="db03d38" data-element_type="widget" data-widget_type="heading.default">
				<div class="elementor-widget-container">
			<style>/*! elementor - v3.20.0 - 13-03-2024 */
.elementor-heading-title{padding:0;margin:0;line-height:1}.elementor-widget-heading .elementor-heading-title[class*=elementor-size-]>a{color:inherit;font-size:inherit;line-height:inherit}.elementor-widget-heading .elementor-heading-title.elementor-size-small{font-size:15px}.elementor-widget-heading .elementor-heading-title.elementor-size-medium{font-size:19px}.elementor-widget-heading .elementor-heading-title.elementor-size-large{font-size:29px}.elementor-widget-heading .elementor-heading-title.elementor-size-xl{font-size:39px}.elementor-widget-heading .elementor-heading-title.elementor-size-xxl{font-size:59px}</style><h2 class="elementor-heading-title elementor-size-default">Walter Brandstetter</h2>		</div>
				</div>
				<div class="elementor-element elementor-element-6aea162 elementor-widget elementor-widget-heading" data-id="6aea162" data-element_type="widget" data-widget_type="heading.default">
				<div class="elementor-widget-container">
			<h1 class="elementor-heading-title elementor-size-default">Direktor von 1967-1972</h1>		</div>
				</div>
					</div>
		</div>
					</div>
		</section>
				<section class="elementor-section elementor-top-section elementor-element elementor-element-df498a5 elementor-section-boxed elementor-section-height-default elementor-section-height-default" data-id="df498a5" data-element_type="section">
						<div class="elementor-container elementor-column-gap-default">
					<div class="elementor-column elementor-col-100 elementor-top-column elementor-element elementor-element-4ce02b4" data-id="4ce02b4" data-element_type="column">
			<div class="elementor-widget-wrap elementor-element-populated">
						<div class="elementor-element elementor-element-0cdf26a elementor-widget elementor-widget-image" data-id="0cdf26a" data-element_type="widget" data-widget_type="image.default">
				<div class="elementor-widget-container">
			<style>/*! elementor - v3.20.0 - 13-03-2024 */
.elementor-widget-image{text-align:center}.elementor-widget-image a{display:inline-block}.elementor-widget-image a img[src$=".svg"]{width:48px}.elementor-widget-image img{vertical-align:middle;display:inline-block}</style>										<img fetchpriority="high" decoding="async" width="640" height="748" src="http://172.16.202.26/wp-content/uploads/2024/10/9.Brandstetter-876x1024.png" class="attachment-large size-large wp-image-23731" alt="" srcset="http://172.16.202.26/wp-content/uploads/2024/10/9.Brandstetter-876x1024.png 876w, http://172.16.202.26/wp-content/uploads/2024/10/9.Brandstetter-257x300.png 257w, http://172.16.202.26/wp-content/uploads/2024/10/9.Brandstetter-768x898.png 768w, http://172.16.202.26/wp-content/uploads/2024/10/9.Brandstetter.png 1140w" sizes="(max-width: 640px) 100vw, 640px" />													</div>
				</div>
					</div>
		</div>
					</div>
		</section>
				<section class="elementor-section elementor-top-section elementor-element elementor-element-58c6db9 elementor-section-boxed elementor-section-height-default elementor-section-height-default" data-id="58c6db9" data-element_type="section">
						<div class="elementor-container elementor-column-gap-default">
					<div class="elementor-column elementor-col-100 elementor-top-column elementor-element elementor-element-c3a9439" data-id="c3a9439" data-element_type="column">
			<div class="elementor-widget-wrap elementor-element-populated">
						<div class="elementor-element elementor-element-d2a7fbe elementor-widget elementor-widget-text-editor" data-id="d2a7fbe" data-element_type="widget" data-widget_type="text-editor.default">
				<div class="elementor-widget-container">
			<style>/*! elementor - v3.20.0 - 13-03-2024 */
.elementor-widget-text-editor.elementor-drop-cap-view-stacked .elementor-drop-cap{background-color:#69727d;color:#fff}.elementor-widget-text-editor.elementor-drop-cap-view-framed .elementor-drop-cap{color:#69727d;border:3px solid;background-color:transparent}.elementor-widget-text-editor:not(.elementor-drop-cap-view-default) .elementor-drop-cap{margin-top:8px}.elementor-widget-text-editor:not(.elementor-drop-cap-view-default) .elementor-drop-cap-letter{width:1em;height:1em}.elementor-widget-text-editor .elementor-drop-cap{float:left;text-align:center;line-height:1;font-size:50px}.elementor-widget-text-editor .elementor-drop-cap-letter{display:inline-block}</style>				<p><strong>Brandstetter, Walter</strong></p><p> </p><p>Geboren 30.05.1908 in Klosterneuburg<br />Gestorben 04.03.1972 in Wien</p><p> </p><p>Walter Brandstetter maturierte 1927 an der Höheren Abteilung für Maschinenbau des Technologischen Gewerbemuseums mit Auszeichnung und schloss 1935 das Studium ab. Noch während des Zweiten Weltkriegs hatte er sich habilitiert, wurde im Jahr 1947 vollbeschäftigter Hilfslehrer und ein Jahr später Fachvorstand der Höheren Abteilung für Funk- und Fernmeldetechnik am Technologischen Gewerbemuseum. Knapp 20 Jahre später wurde er schließlich zum Direktor des Technologischen Gewerbemuseums ernannt.</p><p> </p><p>Zeit seines Lebens hatte Brandstetter verschiedene Tätigkeiten gleichzeitig ausgeübt. So war er Dozent für Elektrische Fernmeldetechnik an der Technischen Hochschule, Leiter von Spezialabendkursen, Lehrbeauftragter für Elektrotechnik an der Hochschule für Bodenkultur, Staatsprüfungskommissär für „Allgemeine Maschinenkunde” bei der ersten Gärungstechnischen Staatsprüfungskommission, Mitglied der Schulfunk- und Schulfernsehen-Approbationskommission beim BMfU, Delegierter Österreichs im Seminar des Europarates, Fachtechnisches Mitglied des Patentamtes oder Organisator zur Wiedererrichtung des Verbandes der Alt-Technologen im Jahr 1946. Walter Brandstetter starb im Dienst am 4. März 1972 im Allgemeinen Krankenhaus in Wien.</p><p> </p><p>Quelle: Technologe 1967+1972</p>						</div>
				</div>
					</div>
		</div>
					</div>
		</section>
				</div>

<p>Walter Brandstetter Direktor von 1967-1972 Brandstetter, Walter   Geboren 30.05.1908 in KlosterneuburgGestorben 04.03.1972 in Wien   Walter Brandstetter maturierte 1927 an der Höheren Abteilung für Maschinenbau des Technologischen Gewerbemuseums mit Auszeichnung und schloss 1935 das Studium ab. Noch während des Zweiten Weltkriegs hatte er sich habilitiert, wurde im Jahr 1947 vollbeschäftigter Hilfslehrer und ein Jahr später Fachvorstand der Höheren Abteilung [&hellip;]</p>
