{"id":23630,"date":"2024-10-03T12:45:47","date_gmt":"2024-10-03T10:45:47","guid":{"rendered":"http:\/\/172.16.202.26\/?page_id=23630"},"modified":"2024-10-03T18:11:41","modified_gmt":"2024-10-03T16:11:41","slug":"direktoren-10-ploeckinger","status":"publish","type":"page","link":"http:\/\/172.16.202.26\/?page_id=23630","title":{"rendered":"Direktoren 10 Pl\u00f6ckinger"},"content":{"rendered":"\t\t<div data-elementor-type=\"wp-page\" data-elementor-id=\"23630\" class=\"elementor elementor-23630\">\n\t\t\t\t\t\t<section class=\"elementor-section elementor-top-section elementor-element elementor-element-3f64fbf elementor-section-boxed elementor-section-height-default elementor-section-height-default\" data-id=\"3f64fbf\" data-element_type=\"section\">\n\t\t\t\t\t\t<div class=\"elementor-container elementor-column-gap-default\">\n\t\t\t\t\t<div class=\"elementor-column elementor-col-100 elementor-top-column elementor-element elementor-element-8823aec\" data-id=\"8823aec\" data-element_type=\"column\">\n\t\t\t<div class=\"elementor-widget-wrap elementor-element-populated\">\n\t\t\t\t\t\t<div class=\"elementor-element elementor-element-db03d38 elementor-widget elementor-widget-heading\" data-id=\"db03d38\" data-element_type=\"widget\" data-widget_type=\"heading.default\">\n\t\t\t\t<div class=\"elementor-widget-container\">\n\t\t\t<style>\/*! elementor - v3.20.0 - 13-03-2024 *\/\n.elementor-heading-title{padding:0;margin:0;line-height:1}.elementor-widget-heading .elementor-heading-title[class*=elementor-size-]>a{color:inherit;font-size:inherit;line-height:inherit}.elementor-widget-heading .elementor-heading-title.elementor-size-small{font-size:15px}.elementor-widget-heading .elementor-heading-title.elementor-size-medium{font-size:19px}.elementor-widget-heading .elementor-heading-title.elementor-size-large{font-size:29px}.elementor-widget-heading .elementor-heading-title.elementor-size-xl{font-size:39px}.elementor-widget-heading .elementor-heading-title.elementor-size-xxl{font-size:59px}<\/style><h2 class=\"elementor-heading-title elementor-size-default\">Friedrich Pl\u00f6ckinger<\/h2>\t\t<\/div>\n\t\t\t\t<\/div>\n\t\t\t\t<div class=\"elementor-element elementor-element-6aea162 elementor-widget elementor-widget-heading\" data-id=\"6aea162\" data-element_type=\"widget\" data-widget_type=\"heading.default\">\n\t\t\t\t<div class=\"elementor-widget-container\">\n\t\t\t<h1 class=\"elementor-heading-title elementor-size-default\">Direktor von 1973-1992<\/h1>\t\t<\/div>\n\t\t\t\t<\/div>\n\t\t\t\t\t<\/div>\n\t\t<\/div>\n\t\t\t\t\t<\/div>\n\t\t<\/section>\n\t\t\t\t<section class=\"elementor-section elementor-top-section elementor-element elementor-element-df498a5 elementor-section-boxed elementor-section-height-default elementor-section-height-default\" data-id=\"df498a5\" data-element_type=\"section\">\n\t\t\t\t\t\t<div class=\"elementor-container elementor-column-gap-default\">\n\t\t\t\t\t<div class=\"elementor-column elementor-col-100 elementor-top-column elementor-element elementor-element-4ce02b4\" data-id=\"4ce02b4\" data-element_type=\"column\">\n\t\t\t<div class=\"elementor-widget-wrap elementor-element-populated\">\n\t\t\t\t\t\t<div class=\"elementor-element elementor-element-0cdf26a elementor-widget elementor-widget-image\" data-id=\"0cdf26a\" data-element_type=\"widget\" data-widget_type=\"image.default\">\n\t\t\t\t<div class=\"elementor-widget-container\">\n\t\t\t<style>\/*! elementor - v3.20.0 - 13-03-2024 *\/\n.elementor-widget-image{text-align:center}.elementor-widget-image a{display:inline-block}.elementor-widget-image a img[src$=\".svg\"]{width:48px}.elementor-widget-image img{vertical-align:middle;display:inline-block}<\/style>\t\t\t\t\t\t\t\t\t\t<img fetchpriority=\"high\" decoding=\"async\" width=\"640\" height=\"744\" src=\"http:\/\/172.16.202.26\/wp-content\/uploads\/2024\/10\/10.Ploeckinger-881x1024.png\" class=\"attachment-large size-large wp-image-23732\" alt=\"\" srcset=\"http:\/\/172.16.202.26\/wp-content\/uploads\/2024\/10\/10.Ploeckinger-881x1024.png 881w, http:\/\/172.16.202.26\/wp-content\/uploads\/2024\/10\/10.Ploeckinger-258x300.png 258w, http:\/\/172.16.202.26\/wp-content\/uploads\/2024\/10\/10.Ploeckinger-768x893.png 768w, http:\/\/172.16.202.26\/wp-content\/uploads\/2024\/10\/10.Ploeckinger.png 1145w\" sizes=\"(max-width: 640px) 100vw, 640px\" \/>\t\t\t\t\t\t\t\t\t\t\t\t\t<\/div>\n\t\t\t\t<\/div>\n\t\t\t\t\t<\/div>\n\t\t<\/div>\n\t\t\t\t\t<\/div>\n\t\t<\/section>\n\t\t\t\t<section class=\"elementor-section elementor-top-section elementor-element elementor-element-58c6db9 elementor-section-boxed elementor-section-height-default elementor-section-height-default\" data-id=\"58c6db9\" data-element_type=\"section\">\n\t\t\t\t\t\t<div class=\"elementor-container elementor-column-gap-default\">\n\t\t\t\t\t<div class=\"elementor-column elementor-col-100 elementor-top-column elementor-element elementor-element-c3a9439\" data-id=\"c3a9439\" data-element_type=\"column\">\n\t\t\t<div class=\"elementor-widget-wrap elementor-element-populated\">\n\t\t\t\t\t\t<div class=\"elementor-element elementor-element-d2a7fbe elementor-widget elementor-widget-text-editor\" data-id=\"d2a7fbe\" data-element_type=\"widget\" data-widget_type=\"text-editor.default\">\n\t\t\t\t<div class=\"elementor-widget-container\">\n\t\t\t<style>\/*! elementor - v3.20.0 - 13-03-2024 *\/\n.elementor-widget-text-editor.elementor-drop-cap-view-stacked .elementor-drop-cap{background-color:#69727d;color:#fff}.elementor-widget-text-editor.elementor-drop-cap-view-framed .elementor-drop-cap{color:#69727d;border:3px solid;background-color:transparent}.elementor-widget-text-editor:not(.elementor-drop-cap-view-default) .elementor-drop-cap{margin-top:8px}.elementor-widget-text-editor:not(.elementor-drop-cap-view-default) .elementor-drop-cap-letter{width:1em;height:1em}.elementor-widget-text-editor .elementor-drop-cap{float:left;text-align:center;line-height:1;font-size:50px}.elementor-widget-text-editor .elementor-drop-cap-letter{display:inline-block}<\/style>\t\t\t\t<p><strong>Pl\u00f6ckinger, Friedrich<\/strong><\/p><p>\u00a0<\/p><p>Geboren 26.Juli 1927 in Wien<br \/>Gestorben 30. Juni 2009 in Wien<\/p><p>\u00a0<\/p><p>Friedrich Pl\u00f6ckinger hatte nach seiner R\u00fcckkehr aus der Kriegsgefangenschaft 1946\/47 ein Studium an der Abteilung Maschinenbau der Technischen Hochschule Wien begonnen, das er 1956 abschloss. Schon w\u00e4hrend des Studiums war Pl\u00f6ckinger Hochschulassistent am Institut f\u00fcr Str\u00f6mungslehre an der Technischen Hochschule Wien und unterrichtete als Vertragslehrer an der HTL M\u00f6dling sowie an der Abendschule der HTL Wien I.<\/p><p>\u00a0<\/p><p>Ab 1957 war Pl\u00f6ckinger vollbesch\u00e4ftigter Vertragslehrer in der HTL Wien I und wurde 1960 Professor. Ab 1967 war er bis zu seiner Berufung ans Technologischen Gewerbemuseum Fachvorstand f\u00fcr Maschinenbau an der HTL Wien I.<\/p><p>\u00a0<\/p><p>Neben seiner Lehrt\u00e4tigkeit war Pl\u00f6ckinger auch in der Industrie t\u00e4tig, unter anderem war er technischer Konsulent bei der Waagner-Bir\u00f3 AG, wo er an der Entwicklung eines Verfahrens zur Beseitigung des \u201croten Stabens\u201d nach LD-Stahlwerken beteiligt war. Neben einer umfangreichen Vortragst\u00e4tigkeit zu Umweltproblemen (M\u00fcllbeseitigung und Reinigungsmethoden industrieller Abgase; Methoden der Gasreinigung, speziell n der Eisen- und Stahlindustrie) im In- und Ausland, war Pl\u00f6ckinger in seiner Eigenschaft als Lehrbeauftragter f\u00fcr Entstaubungsanlagen an der Technischen Hochschule Wien, Mitglied des Ausschusses Umweltschutz des \u00d6sterreichischen Normungsinstitutes.<\/p><p>\u00a0<\/p><p>Quelle: Technologe 1973<\/p>\t\t\t\t\t\t<\/div>\n\t\t\t\t<\/div>\n\t\t\t\t\t<\/div>\n\t\t<\/div>\n\t\t\t\t\t<\/div>\n\t\t<\/section>\n\t\t\t\t<\/div>\n\t\t","protected":false},"excerpt":{"rendered":"<p>Friedrich Pl\u00f6ckinger Direktor von 1973-1992 Pl\u00f6ckinger, Friedrich \u00a0 Geboren 26.Juli 1927 in WienGestorben 30. Juni 2009 in Wien \u00a0 Friedrich Pl\u00f6ckinger hatte nach seiner R\u00fcckkehr aus der Kriegsgefangenschaft 1946\/47 ein Studium an der Abteilung Maschinenbau der Technischen Hochschule Wien begonnen, das er 1956 abschloss. Schon w\u00e4hrend des Studiums war Pl\u00f6ckinger Hochschulassistent am Institut f\u00fcr Str\u00f6mungslehre an der Technischen Hochschule Wien [&hellip;]<\/p>\n","protected":false},"author":3,"featured_media":0,"parent":0,"menu_order":0,"comment_status":"closed","ping_status":"closed","template":"elementor_header_footer","meta":[],"_links":{"self":[{"href":"http:\/\/172.16.202.26\/index.php?rest_route=\/wp\/v2\/pages\/23630"}],"collection":[{"href":"http:\/\/172.16.202.26\/index.php?rest_route=\/wp\/v2\/pages"}],"about":[{"href":"http:\/\/172.16.202.26\/index.php?rest_route=\/wp\/v2\/types\/page"}],"author":[{"embeddable":true,"href":"http:\/\/172.16.202.26\/index.php?rest_route=\/wp\/v2\/users\/3"}],"replies":[{"embeddable":true,"href":"http:\/\/172.16.202.26\/index.php?rest_route=%2Fwp%2Fv2%2Fcomments&post=23630"}],"version-history":[{"count":13,"href":"http:\/\/172.16.202.26\/index.php?rest_route=\/wp\/v2\/pages\/23630\/revisions"}],"predecessor-version":[{"id":23766,"href":"http:\/\/172.16.202.26\/index.php?rest_route=\/wp\/v2\/pages\/23630\/revisions\/23766"}],"wp:attachment":[{"href":"http:\/\/172.16.202.26\/index.php?rest_route=%2Fwp%2Fv2%2Fmedia&parent=23630"}],"curies":[{"name":"wp","href":"https:\/\/api.w.org\/{rel}","templated":true}]}}

Direktoren 10 Plöckinger

<div data-elementor-type="wp-page" data-elementor-id="23630" class="elementor elementor-23630">
						<section class="elementor-section elementor-top-section elementor-element elementor-element-3f64fbf elementor-section-boxed elementor-section-height-default elementor-section-height-default" data-id="3f64fbf" data-element_type="section">
						<div class="elementor-container elementor-column-gap-default">
					<div class="elementor-column elementor-col-100 elementor-top-column elementor-element elementor-element-8823aec" data-id="8823aec" data-element_type="column">
			<div class="elementor-widget-wrap elementor-element-populated">
						<div class="elementor-element elementor-element-db03d38 elementor-widget elementor-widget-heading" data-id="db03d38" data-element_type="widget" data-widget_type="heading.default">
				<div class="elementor-widget-container">
			<style>/*! elementor - v3.20.0 - 13-03-2024 */
.elementor-heading-title{padding:0;margin:0;line-height:1}.elementor-widget-heading .elementor-heading-title[class*=elementor-size-]>a{color:inherit;font-size:inherit;line-height:inherit}.elementor-widget-heading .elementor-heading-title.elementor-size-small{font-size:15px}.elementor-widget-heading .elementor-heading-title.elementor-size-medium{font-size:19px}.elementor-widget-heading .elementor-heading-title.elementor-size-large{font-size:29px}.elementor-widget-heading .elementor-heading-title.elementor-size-xl{font-size:39px}.elementor-widget-heading .elementor-heading-title.elementor-size-xxl{font-size:59px}</style><h2 class="elementor-heading-title elementor-size-default">Friedrich Plöckinger</h2>		</div>
				</div>
				<div class="elementor-element elementor-element-6aea162 elementor-widget elementor-widget-heading" data-id="6aea162" data-element_type="widget" data-widget_type="heading.default">
				<div class="elementor-widget-container">
			<h1 class="elementor-heading-title elementor-size-default">Direktor von 1973-1992</h1>		</div>
				</div>
					</div>
		</div>
					</div>
		</section>
				<section class="elementor-section elementor-top-section elementor-element elementor-element-df498a5 elementor-section-boxed elementor-section-height-default elementor-section-height-default" data-id="df498a5" data-element_type="section">
						<div class="elementor-container elementor-column-gap-default">
					<div class="elementor-column elementor-col-100 elementor-top-column elementor-element elementor-element-4ce02b4" data-id="4ce02b4" data-element_type="column">
			<div class="elementor-widget-wrap elementor-element-populated">
						<div class="elementor-element elementor-element-0cdf26a elementor-widget elementor-widget-image" data-id="0cdf26a" data-element_type="widget" data-widget_type="image.default">
				<div class="elementor-widget-container">
			<style>/*! elementor - v3.20.0 - 13-03-2024 */
.elementor-widget-image{text-align:center}.elementor-widget-image a{display:inline-block}.elementor-widget-image a img[src$=".svg"]{width:48px}.elementor-widget-image img{vertical-align:middle;display:inline-block}</style>										<img fetchpriority="high" decoding="async" width="640" height="744" src="http://172.16.202.26/wp-content/uploads/2024/10/10.Ploeckinger-881x1024.png" class="attachment-large size-large wp-image-23732" alt="" srcset="http://172.16.202.26/wp-content/uploads/2024/10/10.Ploeckinger-881x1024.png 881w, http://172.16.202.26/wp-content/uploads/2024/10/10.Ploeckinger-258x300.png 258w, http://172.16.202.26/wp-content/uploads/2024/10/10.Ploeckinger-768x893.png 768w, http://172.16.202.26/wp-content/uploads/2024/10/10.Ploeckinger.png 1145w" sizes="(max-width: 640px) 100vw, 640px" />													</div>
				</div>
					</div>
		</div>
					</div>
		</section>
				<section class="elementor-section elementor-top-section elementor-element elementor-element-58c6db9 elementor-section-boxed elementor-section-height-default elementor-section-height-default" data-id="58c6db9" data-element_type="section">
						<div class="elementor-container elementor-column-gap-default">
					<div class="elementor-column elementor-col-100 elementor-top-column elementor-element elementor-element-c3a9439" data-id="c3a9439" data-element_type="column">
			<div class="elementor-widget-wrap elementor-element-populated">
						<div class="elementor-element elementor-element-d2a7fbe elementor-widget elementor-widget-text-editor" data-id="d2a7fbe" data-element_type="widget" data-widget_type="text-editor.default">
				<div class="elementor-widget-container">
			<style>/*! elementor - v3.20.0 - 13-03-2024 */
.elementor-widget-text-editor.elementor-drop-cap-view-stacked .elementor-drop-cap{background-color:#69727d;color:#fff}.elementor-widget-text-editor.elementor-drop-cap-view-framed .elementor-drop-cap{color:#69727d;border:3px solid;background-color:transparent}.elementor-widget-text-editor:not(.elementor-drop-cap-view-default) .elementor-drop-cap{margin-top:8px}.elementor-widget-text-editor:not(.elementor-drop-cap-view-default) .elementor-drop-cap-letter{width:1em;height:1em}.elementor-widget-text-editor .elementor-drop-cap{float:left;text-align:center;line-height:1;font-size:50px}.elementor-widget-text-editor .elementor-drop-cap-letter{display:inline-block}</style>				<p><strong>Plöckinger, Friedrich</strong></p><p> </p><p>Geboren 26.Juli 1927 in Wien<br />Gestorben 30. Juni 2009 in Wien</p><p> </p><p>Friedrich Plöckinger hatte nach seiner Rückkehr aus der Kriegsgefangenschaft 1946/47 ein Studium an der Abteilung Maschinenbau der Technischen Hochschule Wien begonnen, das er 1956 abschloss. Schon während des Studiums war Plöckinger Hochschulassistent am Institut für Strömungslehre an der Technischen Hochschule Wien und unterrichtete als Vertragslehrer an der HTL Mödling sowie an der Abendschule der HTL Wien I.</p><p> </p><p>Ab 1957 war Plöckinger vollbeschäftigter Vertragslehrer in der HTL Wien I und wurde 1960 Professor. Ab 1967 war er bis zu seiner Berufung ans Technologischen Gewerbemuseum Fachvorstand für Maschinenbau an der HTL Wien I.</p><p> </p><p>Neben seiner Lehrtätigkeit war Plöckinger auch in der Industrie tätig, unter anderem war er technischer Konsulent bei der Waagner-Biró AG, wo er an der Entwicklung eines Verfahrens zur Beseitigung des “roten Stabens” nach LD-Stahlwerken beteiligt war. Neben einer umfangreichen Vortragstätigkeit zu Umweltproblemen (Müllbeseitigung und Reinigungsmethoden industrieller Abgase; Methoden der Gasreinigung, speziell n der Eisen- und Stahlindustrie) im In- und Ausland, war Plöckinger in seiner Eigenschaft als Lehrbeauftragter für Entstaubungsanlagen an der Technischen Hochschule Wien, Mitglied des Ausschusses Umweltschutz des Österreichischen Normungsinstitutes.</p><p> </p><p>Quelle: Technologe 1973</p>						</div>
				</div>
					</div>
		</div>
					</div>
		</section>
				</div>

<p>Friedrich Plöckinger Direktor von 1973-1992 Plöckinger, Friedrich   Geboren 26.Juli 1927 in WienGestorben 30. Juni 2009 in Wien   Friedrich Plöckinger hatte nach seiner Rückkehr aus der Kriegsgefangenschaft 1946/47 ein Studium an der Abteilung Maschinenbau der Technischen Hochschule Wien begonnen, das er 1956 abschloss. Schon während des Studiums war Plöckinger Hochschulassistent am Institut für Strömungslehre an der Technischen Hochschule Wien [&hellip;]</p>
