{"id":23770,"date":"2024-10-03T19:02:16","date_gmt":"2024-10-03T17:02:16","guid":{"rendered":"http:\/\/172.16.202.26\/?page_id=23770"},"modified":"2024-10-03T19:04:43","modified_gmt":"2024-10-03T17:04:43","slug":"direktoren-12-reischer","status":"publish","type":"page","link":"http:\/\/172.16.202.26\/?page_id=23770","title":{"rendered":"Direktoren 12 Reischer"},"content":{"rendered":"\t\t<div data-elementor-type=\"wp-page\" data-elementor-id=\"23770\" class=\"elementor elementor-23770\">\n\t\t\t\t\t\t<section class=\"elementor-section elementor-top-section elementor-element elementor-element-3f64fbf elementor-section-boxed elementor-section-height-default elementor-section-height-default\" data-id=\"3f64fbf\" data-element_type=\"section\">\n\t\t\t\t\t\t<div class=\"elementor-container elementor-column-gap-default\">\n\t\t\t\t\t<div class=\"elementor-column elementor-col-100 elementor-top-column elementor-element elementor-element-8823aec\" data-id=\"8823aec\" data-element_type=\"column\">\n\t\t\t<div class=\"elementor-widget-wrap elementor-element-populated\">\n\t\t\t\t\t\t<div class=\"elementor-element elementor-element-db03d38 elementor-widget elementor-widget-heading\" data-id=\"db03d38\" data-element_type=\"widget\" data-widget_type=\"heading.default\">\n\t\t\t\t<div class=\"elementor-widget-container\">\n\t\t\t<style>\/*! elementor - v3.20.0 - 13-03-2024 *\/\n.elementor-heading-title{padding:0;margin:0;line-height:1}.elementor-widget-heading .elementor-heading-title[class*=elementor-size-]>a{color:inherit;font-size:inherit;line-height:inherit}.elementor-widget-heading .elementor-heading-title.elementor-size-small{font-size:15px}.elementor-widget-heading .elementor-heading-title.elementor-size-medium{font-size:19px}.elementor-widget-heading .elementor-heading-title.elementor-size-large{font-size:29px}.elementor-widget-heading .elementor-heading-title.elementor-size-xl{font-size:39px}.elementor-widget-heading .elementor-heading-title.elementor-size-xxl{font-size:59px}<\/style><h2 class=\"elementor-heading-title elementor-size-default\">Karl Reischer<\/h2>\t\t<\/div>\n\t\t\t\t<\/div>\n\t\t\t\t<div class=\"elementor-element elementor-element-6aea162 elementor-widget elementor-widget-heading\" data-id=\"6aea162\" data-element_type=\"widget\" data-widget_type=\"heading.default\">\n\t\t\t\t<div class=\"elementor-widget-container\">\n\t\t\t<h1 class=\"elementor-heading-title elementor-size-default\">Direktor von 2002-2020<\/h1>\t\t<\/div>\n\t\t\t\t<\/div>\n\t\t\t\t\t<\/div>\n\t\t<\/div>\n\t\t\t\t\t<\/div>\n\t\t<\/section>\n\t\t\t\t<section class=\"elementor-section elementor-top-section elementor-element elementor-element-df498a5 elementor-section-boxed elementor-section-height-default elementor-section-height-default\" data-id=\"df498a5\" data-element_type=\"section\">\n\t\t\t\t\t\t<div class=\"elementor-container elementor-column-gap-default\">\n\t\t\t\t\t<div class=\"elementor-column elementor-col-100 elementor-top-column elementor-element elementor-element-4ce02b4\" data-id=\"4ce02b4\" data-element_type=\"column\">\n\t\t\t<div class=\"elementor-widget-wrap elementor-element-populated\">\n\t\t\t\t\t\t<div class=\"elementor-element elementor-element-0cdf26a elementor-widget elementor-widget-image\" data-id=\"0cdf26a\" data-element_type=\"widget\" data-widget_type=\"image.default\">\n\t\t\t\t<div class=\"elementor-widget-container\">\n\t\t\t<style>\/*! elementor - v3.20.0 - 13-03-2024 *\/\n.elementor-widget-image{text-align:center}.elementor-widget-image a{display:inline-block}.elementor-widget-image a img[src$=\".svg\"]{width:48px}.elementor-widget-image img{vertical-align:middle;display:inline-block}<\/style>\t\t\t\t\t\t\t\t\t\t<img fetchpriority=\"high\" decoding=\"async\" width=\"640\" height=\"743\" src=\"http:\/\/172.16.202.26\/wp-content\/uploads\/2024\/10\/12.Reischer-882x1024.png\" class=\"attachment-large size-large wp-image-23734\" alt=\"\" srcset=\"http:\/\/172.16.202.26\/wp-content\/uploads\/2024\/10\/12.Reischer-882x1024.png 882w, http:\/\/172.16.202.26\/wp-content\/uploads\/2024\/10\/12.Reischer-258x300.png 258w, http:\/\/172.16.202.26\/wp-content\/uploads\/2024\/10\/12.Reischer-768x892.png 768w, http:\/\/172.16.202.26\/wp-content\/uploads\/2024\/10\/12.Reischer.png 1145w\" sizes=\"(max-width: 640px) 100vw, 640px\" \/>\t\t\t\t\t\t\t\t\t\t\t\t\t<\/div>\n\t\t\t\t<\/div>\n\t\t\t\t\t<\/div>\n\t\t<\/div>\n\t\t\t\t\t<\/div>\n\t\t<\/section>\n\t\t\t\t<section class=\"elementor-section elementor-top-section elementor-element elementor-element-58c6db9 elementor-section-boxed elementor-section-height-default elementor-section-height-default\" data-id=\"58c6db9\" data-element_type=\"section\">\n\t\t\t\t\t\t<div class=\"elementor-container elementor-column-gap-default\">\n\t\t\t\t\t<div class=\"elementor-column elementor-col-100 elementor-top-column elementor-element elementor-element-c3a9439\" data-id=\"c3a9439\" data-element_type=\"column\">\n\t\t\t<div class=\"elementor-widget-wrap elementor-element-populated\">\n\t\t\t\t\t\t<div class=\"elementor-element elementor-element-d2a7fbe elementor-widget elementor-widget-text-editor\" data-id=\"d2a7fbe\" data-element_type=\"widget\" data-widget_type=\"text-editor.default\">\n\t\t\t\t<div class=\"elementor-widget-container\">\n\t\t\t<style>\/*! elementor - v3.20.0 - 13-03-2024 *\/\n.elementor-widget-text-editor.elementor-drop-cap-view-stacked .elementor-drop-cap{background-color:#69727d;color:#fff}.elementor-widget-text-editor.elementor-drop-cap-view-framed .elementor-drop-cap{color:#69727d;border:3px solid;background-color:transparent}.elementor-widget-text-editor:not(.elementor-drop-cap-view-default) .elementor-drop-cap{margin-top:8px}.elementor-widget-text-editor:not(.elementor-drop-cap-view-default) .elementor-drop-cap-letter{width:1em;height:1em}.elementor-widget-text-editor .elementor-drop-cap{float:left;text-align:center;line-height:1;font-size:50px}.elementor-widget-text-editor .elementor-drop-cap-letter{display:inline-block}<\/style>\t\t\t\t<p><strong>Reischer, Karl<\/strong><\/p><p>\u00a0<\/p><p>Geboren: 03.10.1955, Bad V\u00f6slau<\/p><p>\u00a0<\/p><p>Karl Reischer wurde am 03. Oktober 1955 in Bad V\u00f6slau geboren. Er besuchte das Bundesrealgymnasium in Berndorf und studierte nach dem Wehrdienst an der Technischen Universit\u00e4t Wien Industrielle Elektronik und Regelungstechnik. Anschlie\u00dfend war er in der ELIN UNION AG als Entwicklungsingenieur t\u00e4tig.<\/p><p>\u00a0<\/p><p>Seine Laufbahn als Lehrer f\u00fcr regelungstechnische und elektrotechnische F\u00e4cher begann er 1985 an der HTL-Donaustadt und wurde 1996 dort zum Abteilungsvorstand f\u00fcr Elektrotechnik ernannt. Mit 1. September 2002 wurde er zum Direktor des TGM ernannt.<\/p>\t\t\t\t\t\t<\/div>\n\t\t\t\t<\/div>\n\t\t\t\t\t<\/div>\n\t\t<\/div>\n\t\t\t\t\t<\/div>\n\t\t<\/section>\n\t\t\t\t<\/div>\n\t\t","protected":false},"excerpt":{"rendered":"<p>Karl Reischer Direktor von 2002-2020 Reischer, Karl \u00a0 Geboren: 03.10.1955, Bad V\u00f6slau \u00a0 Karl Reischer wurde am 03. Oktober 1955 in Bad V\u00f6slau geboren. Er besuchte das Bundesrealgymnasium in Berndorf und studierte nach dem Wehrdienst an der Technischen Universit\u00e4t Wien Industrielle Elektronik und Regelungstechnik. Anschlie\u00dfend war er in der ELIN UNION AG als Entwicklungsingenieur t\u00e4tig. \u00a0 Seine Laufbahn als Lehrer [&hellip;]<\/p>\n","protected":false},"author":3,"featured_media":0,"parent":0,"menu_order":0,"comment_status":"closed","ping_status":"closed","template":"elementor_header_footer","meta":[],"_links":{"self":[{"href":"http:\/\/172.16.202.26\/index.php?rest_route=\/wp\/v2\/pages\/23770"}],"collection":[{"href":"http:\/\/172.16.202.26\/index.php?rest_route=\/wp\/v2\/pages"}],"about":[{"href":"http:\/\/172.16.202.26\/index.php?rest_route=\/wp\/v2\/types\/page"}],"author":[{"embeddable":true,"href":"http:\/\/172.16.202.26\/index.php?rest_route=\/wp\/v2\/users\/3"}],"replies":[{"embeddable":true,"href":"http:\/\/172.16.202.26\/index.php?rest_route=%2Fwp%2Fv2%2Fcomments&post=23770"}],"version-history":[{"count":4,"href":"http:\/\/172.16.202.26\/index.php?rest_route=\/wp\/v2\/pages\/23770\/revisions"}],"predecessor-version":[{"id":23774,"href":"http:\/\/172.16.202.26\/index.php?rest_route=\/wp\/v2\/pages\/23770\/revisions\/23774"}],"wp:attachment":[{"href":"http:\/\/172.16.202.26\/index.php?rest_route=%2Fwp%2Fv2%2Fmedia&parent=23770"}],"curies":[{"name":"wp","href":"https:\/\/api.w.org\/{rel}","templated":true}]}}

<div data-elementor-type="wp-page" data-elementor-id="23770" class="elementor elementor-23770">
						<section class="elementor-section elementor-top-section elementor-element elementor-element-3f64fbf elementor-section-boxed elementor-section-height-default elementor-section-height-default" data-id="3f64fbf" data-element_type="section">
						<div class="elementor-container elementor-column-gap-default">
					<div class="elementor-column elementor-col-100 elementor-top-column elementor-element elementor-element-8823aec" data-id="8823aec" data-element_type="column">
			<div class="elementor-widget-wrap elementor-element-populated">
						<div class="elementor-element elementor-element-db03d38 elementor-widget elementor-widget-heading" data-id="db03d38" data-element_type="widget" data-widget_type="heading.default">
				<div class="elementor-widget-container">
			<style>/*! elementor - v3.20.0 - 13-03-2024 */
.elementor-heading-title{padding:0;margin:0;line-height:1}.elementor-widget-heading .elementor-heading-title[class*=elementor-size-]>a{color:inherit;font-size:inherit;line-height:inherit}.elementor-widget-heading .elementor-heading-title.elementor-size-small{font-size:15px}.elementor-widget-heading .elementor-heading-title.elementor-size-medium{font-size:19px}.elementor-widget-heading .elementor-heading-title.elementor-size-large{font-size:29px}.elementor-widget-heading .elementor-heading-title.elementor-size-xl{font-size:39px}.elementor-widget-heading .elementor-heading-title.elementor-size-xxl{font-size:59px}</style><h2 class="elementor-heading-title elementor-size-default">Karl Reischer</h2>		</div>
				</div>
				<div class="elementor-element elementor-element-6aea162 elementor-widget elementor-widget-heading" data-id="6aea162" data-element_type="widget" data-widget_type="heading.default">
				<div class="elementor-widget-container">
			<h1 class="elementor-heading-title elementor-size-default">Direktor von 2002-2020</h1>		</div>
				</div>
					</div>
		</div>
					</div>
		</section>
				<section class="elementor-section elementor-top-section elementor-element elementor-element-df498a5 elementor-section-boxed elementor-section-height-default elementor-section-height-default" data-id="df498a5" data-element_type="section">
						<div class="elementor-container elementor-column-gap-default">
					<div class="elementor-column elementor-col-100 elementor-top-column elementor-element elementor-element-4ce02b4" data-id="4ce02b4" data-element_type="column">
			<div class="elementor-widget-wrap elementor-element-populated">
						<div class="elementor-element elementor-element-0cdf26a elementor-widget elementor-widget-image" data-id="0cdf26a" data-element_type="widget" data-widget_type="image.default">
				<div class="elementor-widget-container">
			<style>/*! elementor - v3.20.0 - 13-03-2024 */
.elementor-widget-image{text-align:center}.elementor-widget-image a{display:inline-block}.elementor-widget-image a img[src$=".svg"]{width:48px}.elementor-widget-image img{vertical-align:middle;display:inline-block}</style>										<img fetchpriority="high" decoding="async" width="640" height="743" src="http://172.16.202.26/wp-content/uploads/2024/10/12.Reischer-882x1024.png" class="attachment-large size-large wp-image-23734" alt="" srcset="http://172.16.202.26/wp-content/uploads/2024/10/12.Reischer-882x1024.png 882w, http://172.16.202.26/wp-content/uploads/2024/10/12.Reischer-258x300.png 258w, http://172.16.202.26/wp-content/uploads/2024/10/12.Reischer-768x892.png 768w, http://172.16.202.26/wp-content/uploads/2024/10/12.Reischer.png 1145w" sizes="(max-width: 640px) 100vw, 640px" />													</div>
				</div>
					</div>
		</div>
					</div>
		</section>
				<section class="elementor-section elementor-top-section elementor-element elementor-element-58c6db9 elementor-section-boxed elementor-section-height-default elementor-section-height-default" data-id="58c6db9" data-element_type="section">
						<div class="elementor-container elementor-column-gap-default">
					<div class="elementor-column elementor-col-100 elementor-top-column elementor-element elementor-element-c3a9439" data-id="c3a9439" data-element_type="column">
			<div class="elementor-widget-wrap elementor-element-populated">
						<div class="elementor-element elementor-element-d2a7fbe elementor-widget elementor-widget-text-editor" data-id="d2a7fbe" data-element_type="widget" data-widget_type="text-editor.default">
				<div class="elementor-widget-container">
			<style>/*! elementor - v3.20.0 - 13-03-2024 */
.elementor-widget-text-editor.elementor-drop-cap-view-stacked .elementor-drop-cap{background-color:#69727d;color:#fff}.elementor-widget-text-editor.elementor-drop-cap-view-framed .elementor-drop-cap{color:#69727d;border:3px solid;background-color:transparent}.elementor-widget-text-editor:not(.elementor-drop-cap-view-default) .elementor-drop-cap{margin-top:8px}.elementor-widget-text-editor:not(.elementor-drop-cap-view-default) .elementor-drop-cap-letter{width:1em;height:1em}.elementor-widget-text-editor .elementor-drop-cap{float:left;text-align:center;line-height:1;font-size:50px}.elementor-widget-text-editor .elementor-drop-cap-letter{display:inline-block}</style>				<p><strong>Reischer, Karl</strong></p><p> </p><p>Geboren: 03.10.1955, Bad Vöslau</p><p> </p><p>Karl Reischer wurde am 03. Oktober 1955 in Bad Vöslau geboren. Er besuchte das Bundesrealgymnasium in Berndorf und studierte nach dem Wehrdienst an der Technischen Universität Wien Industrielle Elektronik und Regelungstechnik. Anschließend war er in der ELIN UNION AG als Entwicklungsingenieur tätig.</p><p> </p><p>Seine Laufbahn als Lehrer für regelungstechnische und elektrotechnische Fächer begann er 1985 an der HTL-Donaustadt und wurde 1996 dort zum Abteilungsvorstand für Elektrotechnik ernannt. Mit 1. September 2002 wurde er zum Direktor des TGM ernannt.</p>						</div>
				</div>
					</div>
		</div>
					</div>
		</section>
				</div>

<p>Karl Reischer Direktor von 2002-2020 Reischer, Karl   Geboren: 03.10.1955, Bad Vöslau   Karl Reischer wurde am 03. Oktober 1955 in Bad Vöslau geboren. Er besuchte das Bundesrealgymnasium in Berndorf und studierte nach dem Wehrdienst an der Technischen Universität Wien Industrielle Elektronik und Regelungstechnik. Anschließend war er in der ELIN UNION AG als Entwicklungsingenieur tätig.   Seine Laufbahn als Lehrer [&hellip;]</p>
