{"id":23778,"date":"2024-10-03T19:06:35","date_gmt":"2024-10-03T17:06:35","guid":{"rendered":"http:\/\/172.16.202.26\/?page_id=23778"},"modified":"2024-10-09T14:44:56","modified_gmt":"2024-10-09T12:44:56","slug":"direktoren-13-puchhammer","status":"publish","type":"page","link":"http:\/\/172.16.202.26\/?page_id=23778","title":{"rendered":"Direktoren 13 Puchhammer"},"content":{"rendered":"\t\t<div data-elementor-type=\"wp-page\" data-elementor-id=\"23778\" class=\"elementor elementor-23778\">\n\t\t\t\t\t\t<section class=\"elementor-section elementor-top-section elementor-element elementor-element-3f64fbf elementor-section-boxed elementor-section-height-default elementor-section-height-default\" data-id=\"3f64fbf\" data-element_type=\"section\">\n\t\t\t\t\t\t<div class=\"elementor-container elementor-column-gap-default\">\n\t\t\t\t\t<div class=\"elementor-column elementor-col-100 elementor-top-column elementor-element elementor-element-8823aec\" data-id=\"8823aec\" data-element_type=\"column\">\n\t\t\t<div class=\"elementor-widget-wrap elementor-element-populated\">\n\t\t\t\t\t\t<div class=\"elementor-element elementor-element-db03d38 elementor-widget elementor-widget-heading\" data-id=\"db03d38\" data-element_type=\"widget\" data-widget_type=\"heading.default\">\n\t\t\t\t<div class=\"elementor-widget-container\">\n\t\t\t<style>\/*! elementor - v3.20.0 - 13-03-2024 *\/\n.elementor-heading-title{padding:0;margin:0;line-height:1}.elementor-widget-heading .elementor-heading-title[class*=elementor-size-]>a{color:inherit;font-size:inherit;line-height:inherit}.elementor-widget-heading .elementor-heading-title.elementor-size-small{font-size:15px}.elementor-widget-heading .elementor-heading-title.elementor-size-medium{font-size:19px}.elementor-widget-heading .elementor-heading-title.elementor-size-large{font-size:29px}.elementor-widget-heading .elementor-heading-title.elementor-size-xl{font-size:39px}.elementor-widget-heading .elementor-heading-title.elementor-size-xxl{font-size:59px}<\/style><h2 class=\"elementor-heading-title elementor-size-default\">Victoria Puchhammer-Neumayer<\/h2>\t\t<\/div>\n\t\t\t\t<\/div>\n\t\t\t\t<div class=\"elementor-element elementor-element-6aea162 elementor-widget elementor-widget-heading\" data-id=\"6aea162\" data-element_type=\"widget\" data-widget_type=\"heading.default\">\n\t\t\t\t<div class=\"elementor-widget-container\">\n\t\t\t<h1 class=\"elementor-heading-title elementor-size-default\">Direktorin von 2021-2023<\/h1>\t\t<\/div>\n\t\t\t\t<\/div>\n\t\t\t\t\t<\/div>\n\t\t<\/div>\n\t\t\t\t\t<\/div>\n\t\t<\/section>\n\t\t\t\t<section class=\"elementor-section elementor-top-section elementor-element elementor-element-df498a5 elementor-section-boxed elementor-section-height-default elementor-section-height-default\" data-id=\"df498a5\" data-element_type=\"section\">\n\t\t\t\t\t\t<div class=\"elementor-container elementor-column-gap-default\">\n\t\t\t\t\t<div class=\"elementor-column elementor-col-100 elementor-top-column elementor-element elementor-element-4ce02b4\" data-id=\"4ce02b4\" data-element_type=\"column\">\n\t\t\t<div class=\"elementor-widget-wrap elementor-element-populated\">\n\t\t\t\t\t\t<div class=\"elementor-element elementor-element-0cdf26a elementor-widget elementor-widget-image\" data-id=\"0cdf26a\" data-element_type=\"widget\" data-widget_type=\"image.default\">\n\t\t\t\t<div class=\"elementor-widget-container\">\n\t\t\t<style>\/*! elementor - v3.20.0 - 13-03-2024 *\/\n.elementor-widget-image{text-align:center}.elementor-widget-image a{display:inline-block}.elementor-widget-image a img[src$=\".svg\"]{width:48px}.elementor-widget-image img{vertical-align:middle;display:inline-block}<\/style>\t\t\t\t\t\t\t\t\t\t<img fetchpriority=\"high\" decoding=\"async\" width=\"640\" height=\"738\" src=\"http:\/\/172.16.202.26\/wp-content\/uploads\/2024\/10\/13.Puchhammer-888x1024.png\" class=\"attachment-large size-large wp-image-23735\" alt=\"\" srcset=\"http:\/\/172.16.202.26\/wp-content\/uploads\/2024\/10\/13.Puchhammer-888x1024.png 888w, http:\/\/172.16.202.26\/wp-content\/uploads\/2024\/10\/13.Puchhammer-260x300.png 260w, http:\/\/172.16.202.26\/wp-content\/uploads\/2024\/10\/13.Puchhammer-768x885.png 768w, http:\/\/172.16.202.26\/wp-content\/uploads\/2024\/10\/13.Puchhammer.png 1154w\" sizes=\"(max-width: 640px) 100vw, 640px\" \/>\t\t\t\t\t\t\t\t\t\t\t\t\t<\/div>\n\t\t\t\t<\/div>\n\t\t\t\t\t<\/div>\n\t\t<\/div>\n\t\t\t\t\t<\/div>\n\t\t<\/section>\n\t\t\t\t<section class=\"elementor-section elementor-top-section elementor-element elementor-element-58c6db9 elementor-section-boxed elementor-section-height-default elementor-section-height-default\" data-id=\"58c6db9\" data-element_type=\"section\">\n\t\t\t\t\t\t<div class=\"elementor-container elementor-column-gap-default\">\n\t\t\t\t\t<div class=\"elementor-column elementor-col-100 elementor-top-column elementor-element elementor-element-c3a9439\" data-id=\"c3a9439\" data-element_type=\"column\">\n\t\t\t<div class=\"elementor-widget-wrap elementor-element-populated\">\n\t\t\t\t\t\t<div class=\"elementor-element elementor-element-d2a7fbe elementor-widget elementor-widget-text-editor\" data-id=\"d2a7fbe\" data-element_type=\"widget\" data-widget_type=\"text-editor.default\">\n\t\t\t\t<div class=\"elementor-widget-container\">\n\t\t\t<style>\/*! elementor - v3.20.0 - 13-03-2024 *\/\n.elementor-widget-text-editor.elementor-drop-cap-view-stacked .elementor-drop-cap{background-color:#69727d;color:#fff}.elementor-widget-text-editor.elementor-drop-cap-view-framed .elementor-drop-cap{color:#69727d;border:3px solid;background-color:transparent}.elementor-widget-text-editor:not(.elementor-drop-cap-view-default) .elementor-drop-cap{margin-top:8px}.elementor-widget-text-editor:not(.elementor-drop-cap-view-default) .elementor-drop-cap-letter{width:1em;height:1em}.elementor-widget-text-editor .elementor-drop-cap{float:left;text-align:center;line-height:1;font-size:50px}.elementor-widget-text-editor .elementor-drop-cap-letter{display:inline-block}<\/style>\t\t\t\t<p><strong>Puchhammer-Neumayer, Victoria<\/strong><\/p><p><strong>\u00a0<\/strong><\/p><p>Geboren: 21. J\u00e4nner 1958 in Linz<br \/>Gestorben: 17. M\u00e4rz 2024 in Eichgraben<\/p><p>\u00a0<\/p><p>Professorin am TGM von 1981-2000, Abteilungsvorst\u00e4ndin Wirtschaftsingenieurwesen von 2000-2019,\u00a0<br \/>Tr\u00e4gerin des Goldenen Ehrenzeichens f\u00fcr Verdienste um die Republik \u00d6sterreich<\/p><p><br \/>Ausbildung: abgeschlossene Studien: Lehramtsstudien Englisch, Deutsch, Geschichte, Philosophie, P\u00e4dagogik und Psychologie (Universit\u00e4t Wien), Rechtswissenschaften (Universit\u00e4t Wien), Wirtschaftswissenschaften (Wirtschaftsuniversit\u00e4t Wien), Klavier (Musikuniversit\u00e4t Wien), Medienp\u00e4dagogik (Donau-Universit\u00e4t Krems), European Law (Donau-Universit\u00e4t Krems), Studien an der University of London sowie der University of Kent, Canterbury, zahlreiche Fort- und Weiterbildungen zu Europarecht, F\u00fchrung und Organisation, Qualit\u00e4tsmanagement u.a.m.<br \/><br \/><\/p><p>Berufliche Entwicklung:<br \/>Seit Sept. 1981 Unterricht und Lehrt\u00e4tigkeit am TGM: zun\u00e4chst Englisch und Deutsch (Tages- und Abendschule), sp\u00e4ter zus\u00e4tzlich Geschichte und Sozialkunde, Europarecht, Wirtschaftsrecht, Personalmanagement, Unternehmensf\u00fchrung und Wirtschaftsrecht, Betriebstechnik (teilweise in englischer Sprache)<br \/>Dar\u00fcber hinaus Engagement im schulischen Qualit\u00e4tsmanagement, QIBB, langj\u00e4hrige Erfahrung im europ\u00e4ischen und nationalen Peer Review-Verfahren, mehrere Jahre Peer-Schulungen f\u00fcr ARQA-VET, Neuaufstellung des Qualit\u00e4tsteam am TGM (2020). Daneben konnte sie ihr umfangreiches Wissen durch ihre T\u00e4tigkeit an verschiedenen Fachhochschulen vermitteln.<\/p><p>\u00a0<\/p><p>Schulische Anliegen:<br \/>Es war ihr stets ein Anliegen, das Zusammenleben aller Beteiligten zun\u00e4chst in der Abteilung, sp\u00e4ter in der gesamten Schule zu erm\u00f6glichen und ein partizipatives Schulklima zu schaffen und zu f\u00f6rdern. Hohe Kommunikationsf\u00e4higkeit, Freude am Netzwerken, Teamarbeit, Gestaltungswille, vielseitige Interessen und eine Begeisterung beim Weitergeben ihres umfassenden Wissens kennzeichneten sie. Die Grundz\u00fcge des Lehrberufes fasste sie in den \u201e5G\u201c zusammen: Gerechtigkeit, Geduld, Gelassenheit, Gro\u00dfz\u00fcgigkeit, Gemeinschaft.<br \/>Als Abteilungsvorst\u00e4ndin wurden die Angebote der Abteilung f\u00fcr Wirtschaftsingenieurwesen am TGM ausgebaut (Zweig Logistik, Betriebsinformatik, Frauenkolleg und Programm FIT) und die Sch\u00fclerInnen (auch sp\u00e4ter als Direktorin) zur Teilnahme an zahlreichen Wettbewerben animiert (Jugend innovativ, Europaprojekte, Initiatorin Begabtenprojekt \u201cCenter of Excellence\u201d).<\/p><p><br \/>Pers\u00f6nliche Interessen:<br \/>Ihre Zuwendung galt ihrer Familie (3 Kinder), die sie von Anfang an, von Kindheit und Ausbildungszeit, auf Reisen, bei gemeinsamen kulturellen, sportlichen und musikalischen Aktivit\u00e4ten begleitete und f\u00f6rderte, ihnen mit Ratschl\u00e4gen und Anregungen beiseite stand und bis zuletzt in intensivem Kontakt blieb.<br \/>Ihre Leidenschaft galt der Musik. Nach einem Klavierstudium an der Hochschule f\u00fcr Musik und darstellende Kunst (Abschluss mit staatlichem Lehrbef\u00e4higungszeugnis Klavier) konzentrierte sie sich auch auf Blasinstrumente (Leistungsabzeichen in Bronze bzw. Silber f\u00fcr Trompete, Tenorhorn, Tuba und Posaune) sowie dem Ensemblespiel mit Streichinstrumenten (Cello, Geige, Bratsche). So war sie bei insgesamt acht Musikvereinen t\u00e4tig, und engagierte sich auch in einem Wiener Kulturverein als Obfrau, wo sie neue Impulse einbrachte.<br \/>Dar\u00fcber hinaus engagierte sie sich in ihrem Umfeld (z.B. als Redakteurin bei einer Wochenzeitung sowie als Gemeinder\u00e4tin, Mitarbeit bei verschiedenen Vereinen).<\/p><p>\u00a0<\/p><p>Quelle: Interview: https:\/\/rqb.at\/fileadmin\/Dokumente\/rqb.at\/files\/Interview_Puchhamer.pdf<\/p>\t\t\t\t\t\t<\/div>\n\t\t\t\t<\/div>\n\t\t\t\t\t<\/div>\n\t\t<\/div>\n\t\t\t\t\t<\/div>\n\t\t<\/section>\n\t\t\t\t<\/div>\n\t\t","protected":false},"excerpt":{"rendered":"<p>Victoria Puchhammer-Neumayer Direktorin von 2021-2023 Puchhammer-Neumayer, Victoria \u00a0 Geboren: 21. J\u00e4nner 1958 in LinzGestorben: 17. M\u00e4rz 2024 in Eichgraben \u00a0 Professorin am TGM von 1981-2000, Abteilungsvorst\u00e4ndin Wirtschaftsingenieurwesen von 2000-2019,\u00a0Tr\u00e4gerin des Goldenen Ehrenzeichens f\u00fcr Verdienste um die Republik \u00d6sterreich Ausbildung: abgeschlossene Studien: Lehramtsstudien Englisch, Deutsch, Geschichte, Philosophie, P\u00e4dagogik und Psychologie (Universit\u00e4t Wien), Rechtswissenschaften (Universit\u00e4t Wien), Wirtschaftswissenschaften (Wirtschaftsuniversit\u00e4t Wien), Klavier (Musikuniversit\u00e4t Wien), [&hellip;]<\/p>\n","protected":false},"author":3,"featured_media":0,"parent":0,"menu_order":0,"comment_status":"closed","ping_status":"closed","template":"elementor_header_footer","meta":[],"_links":{"self":[{"href":"http:\/\/172.16.202.26\/index.php?rest_route=\/wp\/v2\/pages\/23778"}],"collection":[{"href":"http:\/\/172.16.202.26\/index.php?rest_route=\/wp\/v2\/pages"}],"about":[{"href":"http:\/\/172.16.202.26\/index.php?rest_route=\/wp\/v2\/types\/page"}],"author":[{"embeddable":true,"href":"http:\/\/172.16.202.26\/index.php?rest_route=\/wp\/v2\/users\/3"}],"replies":[{"embeddable":true,"href":"http:\/\/172.16.202.26\/index.php?rest_route=%2Fwp%2Fv2%2Fcomments&post=23778"}],"version-history":[{"count":16,"href":"http:\/\/172.16.202.26\/index.php?rest_route=\/wp\/v2\/pages\/23778\/revisions"}],"predecessor-version":[{"id":23892,"href":"http:\/\/172.16.202.26\/index.php?rest_route=\/wp\/v2\/pages\/23778\/revisions\/23892"}],"wp:attachment":[{"href":"http:\/\/172.16.202.26\/index.php?rest_route=%2Fwp%2Fv2%2Fmedia&parent=23778"}],"curies":[{"name":"wp","href":"https:\/\/api.w.org\/{rel}","templated":true}]}}

<div data-elementor-type="wp-page" data-elementor-id="23778" class="elementor elementor-23778">
						<section class="elementor-section elementor-top-section elementor-element elementor-element-3f64fbf elementor-section-boxed elementor-section-height-default elementor-section-height-default" data-id="3f64fbf" data-element_type="section">
						<div class="elementor-container elementor-column-gap-default">
					<div class="elementor-column elementor-col-100 elementor-top-column elementor-element elementor-element-8823aec" data-id="8823aec" data-element_type="column">
			<div class="elementor-widget-wrap elementor-element-populated">
						<div class="elementor-element elementor-element-db03d38 elementor-widget elementor-widget-heading" data-id="db03d38" data-element_type="widget" data-widget_type="heading.default">
				<div class="elementor-widget-container">
			<style>/*! elementor - v3.20.0 - 13-03-2024 */
.elementor-heading-title{padding:0;margin:0;line-height:1}.elementor-widget-heading .elementor-heading-title[class*=elementor-size-]>a{color:inherit;font-size:inherit;line-height:inherit}.elementor-widget-heading .elementor-heading-title.elementor-size-small{font-size:15px}.elementor-widget-heading .elementor-heading-title.elementor-size-medium{font-size:19px}.elementor-widget-heading .elementor-heading-title.elementor-size-large{font-size:29px}.elementor-widget-heading .elementor-heading-title.elementor-size-xl{font-size:39px}.elementor-widget-heading .elementor-heading-title.elementor-size-xxl{font-size:59px}</style><h2 class="elementor-heading-title elementor-size-default">Victoria Puchhammer-Neumayer</h2>		</div>
				</div>
				<div class="elementor-element elementor-element-6aea162 elementor-widget elementor-widget-heading" data-id="6aea162" data-element_type="widget" data-widget_type="heading.default">
				<div class="elementor-widget-container">
			<h1 class="elementor-heading-title elementor-size-default">Direktorin von 2021-2023</h1>		</div>
				</div>
					</div>
		</div>
					</div>
		</section>
				<section class="elementor-section elementor-top-section elementor-element elementor-element-df498a5 elementor-section-boxed elementor-section-height-default elementor-section-height-default" data-id="df498a5" data-element_type="section">
						<div class="elementor-container elementor-column-gap-default">
					<div class="elementor-column elementor-col-100 elementor-top-column elementor-element elementor-element-4ce02b4" data-id="4ce02b4" data-element_type="column">
			<div class="elementor-widget-wrap elementor-element-populated">
						<div class="elementor-element elementor-element-0cdf26a elementor-widget elementor-widget-image" data-id="0cdf26a" data-element_type="widget" data-widget_type="image.default">
				<div class="elementor-widget-container">
			<style>/*! elementor - v3.20.0 - 13-03-2024 */
.elementor-widget-image{text-align:center}.elementor-widget-image a{display:inline-block}.elementor-widget-image a img[src$=".svg"]{width:48px}.elementor-widget-image img{vertical-align:middle;display:inline-block}</style>										<img fetchpriority="high" decoding="async" width="640" height="738" src="http://172.16.202.26/wp-content/uploads/2024/10/13.Puchhammer-888x1024.png" class="attachment-large size-large wp-image-23735" alt="" srcset="http://172.16.202.26/wp-content/uploads/2024/10/13.Puchhammer-888x1024.png 888w, http://172.16.202.26/wp-content/uploads/2024/10/13.Puchhammer-260x300.png 260w, http://172.16.202.26/wp-content/uploads/2024/10/13.Puchhammer-768x885.png 768w, http://172.16.202.26/wp-content/uploads/2024/10/13.Puchhammer.png 1154w" sizes="(max-width: 640px) 100vw, 640px" />													</div>
				</div>
					</div>
		</div>
					</div>
		</section>
				<section class="elementor-section elementor-top-section elementor-element elementor-element-58c6db9 elementor-section-boxed elementor-section-height-default elementor-section-height-default" data-id="58c6db9" data-element_type="section">
						<div class="elementor-container elementor-column-gap-default">
					<div class="elementor-column elementor-col-100 elementor-top-column elementor-element elementor-element-c3a9439" data-id="c3a9439" data-element_type="column">
			<div class="elementor-widget-wrap elementor-element-populated">
						<div class="elementor-element elementor-element-d2a7fbe elementor-widget elementor-widget-text-editor" data-id="d2a7fbe" data-element_type="widget" data-widget_type="text-editor.default">
				<div class="elementor-widget-container">
			<style>/*! elementor - v3.20.0 - 13-03-2024 */
.elementor-widget-text-editor.elementor-drop-cap-view-stacked .elementor-drop-cap{background-color:#69727d;color:#fff}.elementor-widget-text-editor.elementor-drop-cap-view-framed .elementor-drop-cap{color:#69727d;border:3px solid;background-color:transparent}.elementor-widget-text-editor:not(.elementor-drop-cap-view-default) .elementor-drop-cap{margin-top:8px}.elementor-widget-text-editor:not(.elementor-drop-cap-view-default) .elementor-drop-cap-letter{width:1em;height:1em}.elementor-widget-text-editor .elementor-drop-cap{float:left;text-align:center;line-height:1;font-size:50px}.elementor-widget-text-editor .elementor-drop-cap-letter{display:inline-block}</style>				<p><strong>Puchhammer-Neumayer, Victoria</strong></p><p><strong> </strong></p><p>Geboren: 21. Jänner 1958 in Linz<br />Gestorben: 17. März 2024 in Eichgraben</p><p> </p><p>Professorin am TGM von 1981-2000, Abteilungsvorständin Wirtschaftsingenieurwesen von 2000-2019, <br />Trägerin des Goldenen Ehrenzeichens für Verdienste um die Republik Österreich</p><p><br />Ausbildung: abgeschlossene Studien: Lehramtsstudien Englisch, Deutsch, Geschichte, Philosophie, Pädagogik und Psychologie (Universität Wien), Rechtswissenschaften (Universität Wien), Wirtschaftswissenschaften (Wirtschaftsuniversität Wien), Klavier (Musikuniversität Wien), Medienpädagogik (Donau-Universität Krems), European Law (Donau-Universität Krems), Studien an der University of London sowie der University of Kent, Canterbury, zahlreiche Fort- und Weiterbildungen zu Europarecht, Führung und Organisation, Qualitätsmanagement u.a.m.<br /><br /></p><p>Berufliche Entwicklung:<br />Seit Sept. 1981 Unterricht und Lehrtätigkeit am TGM: zunächst Englisch und Deutsch (Tages- und Abendschule), später zusätzlich Geschichte und Sozialkunde, Europarecht, Wirtschaftsrecht, Personalmanagement, Unternehmensführung und Wirtschaftsrecht, Betriebstechnik (teilweise in englischer Sprache)<br />Darüber hinaus Engagement im schulischen Qualitätsmanagement, QIBB, langjährige Erfahrung im europäischen und nationalen Peer Review-Verfahren, mehrere Jahre Peer-Schulungen für ARQA-VET, Neuaufstellung des Qualitätsteam am TGM (2020). Daneben konnte sie ihr umfangreiches Wissen durch ihre Tätigkeit an verschiedenen Fachhochschulen vermitteln.</p><p> </p><p>Schulische Anliegen:<br />Es war ihr stets ein Anliegen, das Zusammenleben aller Beteiligten zunächst in der Abteilung, später in der gesamten Schule zu ermöglichen und ein partizipatives Schulklima zu schaffen und zu fördern. Hohe Kommunikationsfähigkeit, Freude am Netzwerken, Teamarbeit, Gestaltungswille, vielseitige Interessen und eine Begeisterung beim Weitergeben ihres umfassenden Wissens kennzeichneten sie. Die Grundzüge des Lehrberufes fasste sie in den „5G“ zusammen: Gerechtigkeit, Geduld, Gelassenheit, Großzügigkeit, Gemeinschaft.<br />Als Abteilungsvorständin wurden die Angebote der Abteilung für Wirtschaftsingenieurwesen am TGM ausgebaut (Zweig Logistik, Betriebsinformatik, Frauenkolleg und Programm FIT) und die SchülerInnen (auch später als Direktorin) zur Teilnahme an zahlreichen Wettbewerben animiert (Jugend innovativ, Europaprojekte, Initiatorin Begabtenprojekt “Center of Excellence”).</p><p><br />Persönliche Interessen:<br />Ihre Zuwendung galt ihrer Familie (3 Kinder), die sie von Anfang an, von Kindheit und Ausbildungszeit, auf Reisen, bei gemeinsamen kulturellen, sportlichen und musikalischen Aktivitäten begleitete und förderte, ihnen mit Ratschlägen und Anregungen beiseite stand und bis zuletzt in intensivem Kontakt blieb.<br />Ihre Leidenschaft galt der Musik. Nach einem Klavierstudium an der Hochschule für Musik und darstellende Kunst (Abschluss mit staatlichem Lehrbefähigungszeugnis Klavier) konzentrierte sie sich auch auf Blasinstrumente (Leistungsabzeichen in Bronze bzw. Silber für Trompete, Tenorhorn, Tuba und Posaune) sowie dem Ensemblespiel mit Streichinstrumenten (Cello, Geige, Bratsche). So war sie bei insgesamt acht Musikvereinen tätig, und engagierte sich auch in einem Wiener Kulturverein als Obfrau, wo sie neue Impulse einbrachte.<br />Darüber hinaus engagierte sie sich in ihrem Umfeld (z.B. als Redakteurin bei einer Wochenzeitung sowie als Gemeinderätin, Mitarbeit bei verschiedenen Vereinen).</p><p> </p><p>Quelle: Interview: https://rqb.at/fileadmin/Dokumente/rqb.at/files/Interview_Puchhamer.pdf</p>						</div>
				</div>
					</div>
		</div>
					</div>
		</section>
				</div>

<p>Victoria Puchhammer-Neumayer Direktorin von 2021-2023 Puchhammer-Neumayer, Victoria   Geboren: 21. Jänner 1958 in LinzGestorben: 17. März 2024 in Eichgraben   Professorin am TGM von 1981-2000, Abteilungsvorständin Wirtschaftsingenieurwesen von 2000-2019, Trägerin des Goldenen Ehrenzeichens für Verdienste um die Republik Österreich Ausbildung: abgeschlossene Studien: Lehramtsstudien Englisch, Deutsch, Geschichte, Philosophie, Pädagogik und Psychologie (Universität Wien), Rechtswissenschaften (Universität Wien), Wirtschaftswissenschaften (Wirtschaftsuniversität Wien), Klavier (Musikuniversität Wien), [&hellip;]</p>
