{"id":4244,"date":"2022-04-26T17:08:31","date_gmt":"2022-04-26T15:08:31","guid":{"rendered":"http:\/\/192.189.51.53\/?page_id=4244"},"modified":"2023-05-16T06:59:19","modified_gmt":"2023-05-16T04:59:19","slug":"projekte_kt","status":"publish","type":"page","link":"http:\/\/172.16.202.26\/?page_id=4244","title":{"rendered":"Projekte KT"},"content":{"rendered":"\t\t<div data-elementor-type=\"wp-page\" data-elementor-id=\"4244\" class=\"elementor elementor-4244\">\n\t\t\t\t\t\t<section class=\"elementor-section elementor-top-section elementor-element elementor-element-d94d3ce elementor-section-boxed elementor-section-height-default elementor-section-height-default\" data-id=\"d94d3ce\" data-element_type=\"section\">\n\t\t\t\t\t\t<div class=\"elementor-container elementor-column-gap-default\">\n\t\t\t\t\t<div class=\"elementor-column elementor-col-100 elementor-top-column elementor-element elementor-element-21ff2e8\" data-id=\"21ff2e8\" data-element_type=\"column\">\n\t\t\t<div class=\"elementor-widget-wrap elementor-element-populated\">\n\t\t\t\t\t\t<div class=\"elementor-element elementor-element-2417a3b elementor-widget elementor-widget-heading\" data-id=\"2417a3b\" data-element_type=\"widget\" data-widget_type=\"heading.default\">\n\t\t\t\t<div class=\"elementor-widget-container\">\n\t\t\t<style>\/*! elementor - v3.20.0 - 13-03-2024 *\/\n.elementor-heading-title{padding:0;margin:0;line-height:1}.elementor-widget-heading .elementor-heading-title[class*=elementor-size-]>a{color:inherit;font-size:inherit;line-height:inherit}.elementor-widget-heading .elementor-heading-title.elementor-size-small{font-size:15px}.elementor-widget-heading .elementor-heading-title.elementor-size-medium{font-size:19px}.elementor-widget-heading .elementor-heading-title.elementor-size-large{font-size:29px}.elementor-widget-heading .elementor-heading-title.elementor-size-xl{font-size:39px}.elementor-widget-heading .elementor-heading-title.elementor-size-xxl{font-size:59px}<\/style><h2 class=\"elementor-heading-title elementor-size-default\">Projekte \/ Diplomarbeiten der HKT<\/h2>\t\t<\/div>\n\t\t\t\t<\/div>\n\t\t\t\t\t<\/div>\n\t\t<\/div>\n\t\t\t\t\t<\/div>\n\t\t<\/section>\n\t\t\t\t<section class=\"elementor-section elementor-top-section elementor-element elementor-element-fc826e5 elementor-section-boxed elementor-section-height-default elementor-section-height-default\" data-id=\"fc826e5\" data-element_type=\"section\">\n\t\t\t\t\t\t<div class=\"elementor-container elementor-column-gap-default\">\n\t\t\t\t\t<div class=\"elementor-column elementor-col-100 elementor-top-column elementor-element elementor-element-42930fa\" data-id=\"42930fa\" data-element_type=\"column\">\n\t\t\t<div class=\"elementor-widget-wrap elementor-element-populated\">\n\t\t\t\t\t\t<div class=\"elementor-element elementor-element-b18b121 elementor-widget elementor-widget-text-editor\" data-id=\"b18b121\" data-element_type=\"widget\" data-widget_type=\"text-editor.default\">\n\t\t\t\t<div class=\"elementor-widget-container\">\n\t\t\t<style>\/*! elementor - v3.20.0 - 13-03-2024 *\/\n.elementor-widget-text-editor.elementor-drop-cap-view-stacked .elementor-drop-cap{background-color:#69727d;color:#fff}.elementor-widget-text-editor.elementor-drop-cap-view-framed .elementor-drop-cap{color:#69727d;border:3px solid;background-color:transparent}.elementor-widget-text-editor:not(.elementor-drop-cap-view-default) .elementor-drop-cap{margin-top:8px}.elementor-widget-text-editor:not(.elementor-drop-cap-view-default) .elementor-drop-cap-letter{width:1em;height:1em}.elementor-widget-text-editor .elementor-drop-cap{float:left;text-align:center;line-height:1;font-size:50px}.elementor-widget-text-editor .elementor-drop-cap-letter{display:inline-block}<\/style>\t\t\t\t<p>Sch\u00fclerInnen setzen im Zuge der Diplomarbeit Projekte in den verschiedensten Bereichen um. Dabei arbeiten sie oft in Kooperation mit renommierten Unternehmen aus der Industrie und k\u00f6nnen erste Erfahrungen f\u00fcr das Berufsleben sammeln.\u00a0<\/p>\t\t\t\t\t\t<\/div>\n\t\t\t\t<\/div>\n\t\t\t\t\t<\/div>\n\t\t<\/div>\n\t\t\t\t\t<\/div>\n\t\t<\/section>\n\t\t\t\t<section class=\"elementor-section elementor-top-section elementor-element elementor-element-13a752c elementor-section-boxed elementor-section-height-default elementor-section-height-default\" data-id=\"13a752c\" data-element_type=\"section\">\n\t\t\t\t\t\t<div class=\"elementor-container elementor-column-gap-default\">\n\t\t\t\t\t<div class=\"elementor-column elementor-col-100 elementor-top-column elementor-element elementor-element-5f306a4\" data-id=\"5f306a4\" data-element_type=\"column\" data-settings=\"{&quot;background_background&quot;:&quot;classic&quot;}\">\n\t\t\t<div class=\"elementor-widget-wrap elementor-element-populated\">\n\t\t\t\t\t\t<div class=\"elementor-element elementor-element-7c958ef elementor-widget elementor-widget-heading\" data-id=\"7c958ef\" data-element_type=\"widget\" data-widget_type=\"heading.default\">\n\t\t\t\t<div class=\"elementor-widget-container\">\n\t\t\t<h2 class=\"elementor-heading-title elementor-size-default\">Nachhaltigkeit von Post-Consumer-Rezyklaten<\/h2>\t\t<\/div>\n\t\t\t\t<\/div>\n\t\t\t\t<div class=\"elementor-element elementor-element-1ff0b06 elementor-widget elementor-widget-text-editor\" data-id=\"1ff0b06\" data-element_type=\"widget\" data-widget_type=\"text-editor.default\">\n\t\t\t\t<div class=\"elementor-widget-container\">\n\t\t\t\t\t\t\t<p><strong>Projektziel<\/strong><\/p><p>Das EU-Kreislaufwirtschaftspaket fordert bis 2025 eine Recyclingquote von 50 % von Kunststoffverpackungen. Ziele sind die Umwelt zu sch\u00fctzen und Ressourcen zu schonen. In diesem Projekt sollte die technische Eignung von Post-Consumer-Rezyklaten (PCR) und deren Wirtschaftlichkeit untersucht werden.<\/p><p>\u00a0<\/p><p><strong>Realisierung<\/strong><\/p><p>Unterschiedliche PCR\u2019s wurden verarbeitet und mittels Zugpr\u00fcfung, Dichtebestimmung, MFRund OIT-Pr\u00fcfung charakterisiert. Auch wurden Sensoriktests (Geruch und Geschmack) mit den PCR\u2018s durchgef\u00fchrt, um deren Eignung f\u00fcr Lebensmittelverpackungen zu untersuchen.<\/p><p>\u00a0<\/p><p><strong>Ergebnisse<\/strong><\/p><p>Die mechanischen Eigenschaften der Post-Consumer-Rezyklate erreichten die Werte vom Neumaterial. Die Thermische Stabilisierung und auch die sensorischen Eigenschaften von PCR\u2018s erwiesen sich jedoch als schlechter und zeigen ein deutliches Verbesserungspotential.<\/p><p>\u00a0<\/p><p>In Kooperation mit Gabriel Chemie GmbH, Industriestra\u00dfe 1, 2352 Gumpoldskirchen.<\/p>\t\t\t\t\t\t<\/div>\n\t\t\t\t<\/div>\n\t\t\t\t<div class=\"elementor-element elementor-element-a1ae85c elementor-widget elementor-widget-image\" data-id=\"a1ae85c\" data-element_type=\"widget\" data-widget_type=\"image.default\">\n\t\t\t\t<div class=\"elementor-widget-container\">\n\t\t\t<style>\/*! elementor - v3.20.0 - 13-03-2024 *\/\n.elementor-widget-image{text-align:center}.elementor-widget-image a{display:inline-block}.elementor-widget-image a img[src$=\".svg\"]{width:48px}.elementor-widget-image img{vertical-align:middle;display:inline-block}<\/style>\t\t\t\t\t\t\t\t\t\t<img decoding=\"async\" src=\"http:\/\/172.16.202.26\/wp-content\/uploads\/elementor\/thumbs\/kt2-pny3wpxb83erwfs2clynynvx44471aihsknyik226q.jpg\" title=\"kt2\" alt=\"kt2\" loading=\"lazy\" \/>\t\t\t\t\t\t\t\t\t\t\t\t\t<\/div>\n\t\t\t\t<\/div>\n\t\t\t\t\t<\/div>\n\t\t<\/div>\n\t\t\t\t\t<\/div>\n\t\t<\/section>\n\t\t\t\t<section class=\"elementor-section elementor-top-section elementor-element elementor-element-b5bcbfb elementor-section-boxed elementor-section-height-default elementor-section-height-default\" data-id=\"b5bcbfb\" data-element_type=\"section\">\n\t\t\t\t\t\t<div class=\"elementor-container elementor-column-gap-default\">\n\t\t\t\t\t<div class=\"elementor-column elementor-col-100 elementor-top-column elementor-element elementor-element-c321904\" data-id=\"c321904\" data-element_type=\"column\" data-settings=\"{&quot;background_background&quot;:&quot;classic&quot;}\">\n\t\t\t<div class=\"elementor-widget-wrap elementor-element-populated\">\n\t\t\t\t\t\t<div class=\"elementor-element elementor-element-0295bc9 elementor-widget elementor-widget-heading\" data-id=\"0295bc9\" data-element_type=\"widget\" data-widget_type=\"heading.default\">\n\t\t\t\t<div class=\"elementor-widget-container\">\n\t\t\t<h2 class=\"elementor-heading-title elementor-size-default\">Optimierung und Fertigung einer MRE Anregungseinheit sowie eines Phantoms zur Messung (bio)mechanischer Eigenschaften<\/h2>\t\t<\/div>\n\t\t\t\t<\/div>\n\t\t\t\t<div class=\"elementor-element elementor-element-ed08b70 elementor-widget elementor-widget-text-editor\" data-id=\"ed08b70\" data-element_type=\"widget\" data-widget_type=\"text-editor.default\">\n\t\t\t\t<div class=\"elementor-widget-container\">\n\t\t\t\t\t\t\t<p>Die Magnet-Resonanz-Elastographie ist ein Themenbereich in der modernen Medizin in dem europaweit geforscht wird mit dem Ziel biomechanische Eigenschaften von gesundem und erkranktem Gewebe zu messen sowie dazugeh\u00f6rige Berechnungsmodelle aufzustellen. Die Aufgabe ist der Bau einer MRE Anregungseinheit sowie eines Fraktal-Phantoms (arterielles Nierengef\u00e4\u00dfsystem) zur Erm\u00f6glichung der Grundlagenforschung von Nierenerkrankungen. Zudem wird das Phantom 3D gedruckt und in einem rheologisch getesteten Gel einbettet.<\/p><p>\u00a0<\/p><p>Bearbeitet von Ahmed Soliman und Mehmed Mehmedi in Kooperation mit der Medizinischen Universit\u00e4t Wien, Spitalgasse 23, 1090 Wien<\/p>\t\t\t\t\t\t<\/div>\n\t\t\t\t<\/div>\n\t\t\t\t<div class=\"elementor-element elementor-element-9f531b5 elementor-widget elementor-widget-image\" data-id=\"9f531b5\" data-element_type=\"widget\" data-widget_type=\"image.default\">\n\t\t\t\t<div class=\"elementor-widget-container\">\n\t\t\t\t\t\t\t\t\t\t\t\t\t<img decoding=\"async\" src=\"http:\/\/172.16.202.26\/wp-content\/uploads\/elementor\/thumbs\/kt3-pnzr38vxdijxt7ntj4f1rjnyz8526kxsejqg0p4l7s.jpg\" title=\"kt3\" alt=\"kt3\" loading=\"lazy\" \/>\t\t\t\t\t\t\t\t\t\t\t\t\t<\/div>\n\t\t\t\t<\/div>\n\t\t\t\t\t<\/div>\n\t\t<\/div>\n\t\t\t\t\t<\/div>\n\t\t<\/section>\n\t\t\t\t<section class=\"elementor-section elementor-top-section elementor-element elementor-element-79dff97 elementor-section-boxed elementor-section-height-default elementor-section-height-default\" data-id=\"79dff97\" data-element_type=\"section\">\n\t\t\t\t\t\t<div class=\"elementor-container elementor-column-gap-default\">\n\t\t\t\t\t<div class=\"elementor-column elementor-col-100 elementor-top-column elementor-element elementor-element-fc77dc0\" data-id=\"fc77dc0\" data-element_type=\"column\" data-settings=\"{&quot;background_background&quot;:&quot;classic&quot;}\">\n\t\t\t<div class=\"elementor-widget-wrap elementor-element-populated\">\n\t\t\t\t\t\t<div class=\"elementor-element elementor-element-f8b7bd1 elementor-widget elementor-widget-heading\" data-id=\"f8b7bd1\" data-element_type=\"widget\" data-widget_type=\"heading.default\">\n\t\t\t\t<div class=\"elementor-widget-container\">\n\t\t\t<h2 class=\"elementor-heading-title elementor-size-default\">Entwicklung eines Compatibilizers f\u00fcr PE-PP Recyclat und Masterbatches<\/h2>\t\t<\/div>\n\t\t\t\t<\/div>\n\t\t\t\t<div class=\"elementor-element elementor-element-c2f65b2 elementor-widget elementor-widget-text-editor\" data-id=\"c2f65b2\" data-element_type=\"widget\" data-widget_type=\"text-editor.default\">\n\t\t\t\t<div class=\"elementor-widget-container\">\n\t\t\t\t\t\t\t<p><strong>Problemstellung<\/strong><\/p><p>Ausgehend von der aktuellen EU-Verordnung f\u00fcr das verpflichtende Recycling muss bis 2030 eine Recyclingquote von 55% erf\u00fcllt werden. Um diese Quote zu erf\u00fcllen, m\u00fcssen die Recyclate auch in hochwertigen Anwendungen eingesetzt werden. Daf\u00fcr m\u00fcssen allerdings die mechanischen Eigenschaften durch geeignete Compatibilizer gesteigert werden.<\/p><p>\u00a0<\/p><p><strong>Projektziele<\/strong><\/p><p>\u2192 Finden eines Compatibilizers f\u00fcr Polypropylen \u2013 Polyethylen Mischungen.<\/p><p>\u2192 Untersuchung und Bewertung der Eigenschaftsver\u00e4nderungen durch die Compatibilizer.<\/p><p>\u2192 Untersuchungen des Einflusses durch zus\u00e4tzliches Compoundieren.<\/p><p>\u00a0<\/p><p><strong>Ergebnisse<\/strong><\/p><p>Der Zugversuch zeigt, dass der Compatibilizer A die Bruchdehnung verdoppelt. Beim Schlagzugversuch erkennt man, dass der Compatibilizer H die Schlagzugz\u00e4higkeit um 130 % verbessert. Ebenfalls wurden die Probek\u00f6rper auf ihre Homogenit\u00e4t mittels des Polarisationsmikroskops untersucht. Dadurch erkennt man die einzelnen Schichten der extrudierten B\u00e4nder.<\/p><p>\u00a0<\/p><p>Bearbeitet von Corinna Schadler und Arabella Schmid in Kooperation mit Gabriel-Chemie, Industriestra\u00dfe 1, 2352 Gumpoldskirchen<\/p>\t\t\t\t\t\t<\/div>\n\t\t\t\t<\/div>\n\t\t\t\t<div class=\"elementor-element elementor-element-ec6a0f5 elementor-widget elementor-widget-image\" data-id=\"ec6a0f5\" data-element_type=\"widget\" data-widget_type=\"image.default\">\n\t\t\t\t<div class=\"elementor-widget-container\">\n\t\t\t\t\t\t\t\t\t\t\t\t\t<img decoding=\"async\" src=\"http:\/\/172.16.202.26\/wp-content\/uploads\/elementor\/thumbs\/kt4-pnzr3arnkysb6jt9ceid9zpf58ixos0209of5wz6y2.jpg\" title=\"kt4\" alt=\"kt4\" loading=\"lazy\" \/>\t\t\t\t\t\t\t\t\t\t\t\t\t<\/div>\n\t\t\t\t<\/div>\n\t\t\t\t\t<\/div>\n\t\t<\/div>\n\t\t\t\t\t<\/div>\n\t\t<\/section>\n\t\t\t\t<section class=\"elementor-section elementor-top-section elementor-element elementor-element-df8b73c elementor-section-boxed elementor-section-height-default elementor-section-height-default\" data-id=\"df8b73c\" data-element_type=\"section\">\n\t\t\t\t\t\t<div class=\"elementor-container elementor-column-gap-default\">\n\t\t\t\t\t<div class=\"elementor-column elementor-col-100 elementor-top-column elementor-element elementor-element-16a0858\" data-id=\"16a0858\" data-element_type=\"column\" data-settings=\"{&quot;background_background&quot;:&quot;classic&quot;}\">\n\t\t\t<div class=\"elementor-widget-wrap elementor-element-populated\">\n\t\t\t\t\t\t<div class=\"elementor-element elementor-element-c88be69 elementor-widget elementor-widget-heading\" data-id=\"c88be69\" data-element_type=\"widget\" data-widget_type=\"heading.default\">\n\t\t\t\t<div class=\"elementor-widget-container\">\n\t\t\t<h2 class=\"elementor-heading-title elementor-size-default\">Evaluierung von Biopolymerfolien f\u00fcr Tiefk\u00fchlverpackungen<\/h2>\t\t<\/div>\n\t\t\t\t<\/div>\n\t\t\t\t<div class=\"elementor-element elementor-element-2c0c550 elementor-widget elementor-widget-text-editor\" data-id=\"2c0c550\" data-element_type=\"widget\" data-widget_type=\"text-editor.default\">\n\t\t\t\t<div class=\"elementor-widget-container\">\n\t\t\t\t\t\t\t<p><strong>Aufgabenstellung<\/strong><\/p><p>Es waren Verfahren zu entwickeln bzw. zu verbessern, mit welchen verpackungsrelevante Schrumpf und Durchl\u00e4ssigkeitseigenschaften von kompostierbaren Biopolymerfolien evaluiert werden k\u00f6nnen.<\/p><p>\u00a0<\/p><p><strong>Ergebnisse<\/strong><\/p><p>\u2192 Die Wasserdampfdurchl\u00e4ssigkeit unter Tiefk\u00fchlbedingungen ist erheblich niedriger.<\/p><p>\u2192 Die Sauerstoffdurchl\u00e4ssigkeit von st\u00e4rkebasierenden Folien l\u00e4sst sich mit jener von einer \u00fcblichen Verpackung aus PE-LD vergleichen.<\/p><p>Diese Ergebnisse deuten auf eine Eignung als lebensmittelgerechte Verpackung von Tiefk\u00fchlprodukten.<\/p><p>\u00a0<\/p><p>Bearbeitet von Felix Syrch, Emil Ramsauer und Lorenz Trunner in Kooperation mit ARIC GmbH, Reitherstra\u00dfe 21-23, 3430 Tulln an der Donau<\/p>\t\t\t\t\t\t<\/div>\n\t\t\t\t<\/div>\n\t\t\t\t<div class=\"elementor-element elementor-element-4f52377 elementor-widget elementor-widget-image\" data-id=\"4f52377\" data-element_type=\"widget\" data-widget_type=\"image.default\">\n\t\t\t\t<div class=\"elementor-widget-container\">\n\t\t\t\t\t\t\t\t\t\t\t\t\t<img fetchpriority=\"high\" decoding=\"async\" width=\"640\" height=\"193\" src=\"http:\/\/172.16.202.26\/wp-content\/uploads\/2022\/04\/kt5-768x232.jpg\" class=\"attachment-medium_large size-medium_large wp-image-4461\" alt=\"\" srcset=\"http:\/\/172.16.202.26\/wp-content\/uploads\/2022\/04\/kt5-768x232.jpg 768w, http:\/\/172.16.202.26\/wp-content\/uploads\/2022\/04\/kt5-300x91.jpg 300w, http:\/\/172.16.202.26\/wp-content\/uploads\/2022\/04\/kt5-1024x309.jpg 1024w, http:\/\/172.16.202.26\/wp-content\/uploads\/2022\/04\/kt5.jpg 1076w\" sizes=\"(max-width: 640px) 100vw, 640px\" \/>\t\t\t\t\t\t\t\t\t\t\t\t\t<\/div>\n\t\t\t\t<\/div>\n\t\t\t\t\t<\/div>\n\t\t<\/div>\n\t\t\t\t\t<\/div>\n\t\t<\/section>\n\t\t\t\t<\/div>\n\t\t","protected":false},"excerpt":{"rendered":"<p>Projekte \/ Diplomarbeiten der HKT Sch\u00fclerInnen setzen im Zuge der Diplomarbeit Projekte in den verschiedensten Bereichen um. Dabei arbeiten sie oft in Kooperation mit renommierten Unternehmen aus der Industrie und k\u00f6nnen erste Erfahrungen f\u00fcr das Berufsleben sammeln.\u00a0 Nachhaltigkeit von Post-Consumer-Rezyklaten Projektziel Das EU-Kreislaufwirtschaftspaket fordert bis 2025 eine Recyclingquote von 50 % von Kunststoffverpackungen. Ziele sind die Umwelt zu sch\u00fctzen und [&hellip;]<\/p>\n","protected":false},"author":3,"featured_media":0,"parent":12667,"menu_order":0,"comment_status":"closed","ping_status":"closed","template":"elementor_header_footer","meta":[],"_links":{"self":[{"href":"http:\/\/172.16.202.26\/index.php?rest_route=\/wp\/v2\/pages\/4244"}],"collection":[{"href":"http:\/\/172.16.202.26\/index.php?rest_route=\/wp\/v2\/pages"}],"about":[{"href":"http:\/\/172.16.202.26\/index.php?rest_route=\/wp\/v2\/types\/page"}],"author":[{"embeddable":true,"href":"http:\/\/172.16.202.26\/index.php?rest_route=\/wp\/v2\/users\/3"}],"replies":[{"embeddable":true,"href":"http:\/\/172.16.202.26\/index.php?rest_route=%2Fwp%2Fv2%2Fcomments&post=4244"}],"version-history":[{"count":43,"href":"http:\/\/172.16.202.26\/index.php?rest_route=\/wp\/v2\/pages\/4244\/revisions"}],"predecessor-version":[{"id":18023,"href":"http:\/\/172.16.202.26\/index.php?rest_route=\/wp\/v2\/pages\/4244\/revisions\/18023"}],"up":[{"embeddable":true,"href":"http:\/\/172.16.202.26\/index.php?rest_route=\/wp\/v2\/pages\/12667"}],"wp:attachment":[{"href":"http:\/\/172.16.202.26\/index.php?rest_route=%2Fwp%2Fv2%2Fmedia&parent=4244"}],"curies":[{"name":"wp","href":"https:\/\/api.w.org\/{rel}","templated":true}]}}