{"id":4722,"date":"2022-04-28T14:34:18","date_gmt":"2022-04-28T12:34:18","guid":{"rendered":"http:\/\/192.189.51.53\/?page_id=4722"},"modified":"2023-09-13T13:02:59","modified_gmt":"2023-09-13T11:02:59","slug":"tagesform-aufbaulehrgang-anmeldung","status":"publish","type":"page","link":"http:\/\/172.16.202.26\/?page_id=4722","title":{"rendered":"Tagesform-Aufbaulehrgang-Anmeldung"},"content":{"rendered":"\t\t<div data-elementor-type=\"wp-page\" data-elementor-id=\"4722\" class=\"elementor elementor-4722\">\n\t\t\t\t\t\t<section class=\"elementor-section elementor-top-section elementor-element elementor-element-d94d3ce elementor-section-boxed elementor-section-height-default elementor-section-height-default\" data-id=\"d94d3ce\" data-element_type=\"section\">\n\t\t\t\t\t\t<div class=\"elementor-container elementor-column-gap-default\">\n\t\t\t\t\t<div class=\"elementor-column elementor-col-100 elementor-top-column elementor-element elementor-element-21ff2e8\" data-id=\"21ff2e8\" data-element_type=\"column\">\n\t\t\t<div class=\"elementor-widget-wrap elementor-element-populated\">\n\t\t\t\t\t\t<div class=\"elementor-element elementor-element-2417a3b elementor-widget elementor-widget-heading\" data-id=\"2417a3b\" data-element_type=\"widget\" data-widget_type=\"heading.default\">\n\t\t\t\t<div class=\"elementor-widget-container\">\n\t\t\t<style>\/*! elementor - v3.20.0 - 13-03-2024 *\/\n.elementor-heading-title{padding:0;margin:0;line-height:1}.elementor-widget-heading .elementor-heading-title[class*=elementor-size-]>a{color:inherit;font-size:inherit;line-height:inherit}.elementor-widget-heading .elementor-heading-title.elementor-size-small{font-size:15px}.elementor-widget-heading .elementor-heading-title.elementor-size-medium{font-size:19px}.elementor-widget-heading .elementor-heading-title.elementor-size-large{font-size:29px}.elementor-widget-heading .elementor-heading-title.elementor-size-xl{font-size:39px}.elementor-widget-heading .elementor-heading-title.elementor-size-xxl{font-size:59px}<\/style><h2 class=\"elementor-heading-title elementor-size-default\">Informationen zur Anmeldung<\/h2>\t\t<\/div>\n\t\t\t\t<\/div>\n\t\t\t\t\t<\/div>\n\t\t<\/div>\n\t\t\t\t\t<\/div>\n\t\t<\/section>\n\t\t\t\t<section class=\"elementor-section elementor-top-section elementor-element elementor-element-b01b3c3 elementor-section-boxed elementor-section-height-default elementor-section-height-default\" data-id=\"b01b3c3\" data-element_type=\"section\">\n\t\t\t\t\t\t<div class=\"elementor-container elementor-column-gap-default\">\n\t\t\t\t\t<div class=\"elementor-column elementor-col-100 elementor-top-column elementor-element elementor-element-af813c2\" data-id=\"af813c2\" data-element_type=\"column\">\n\t\t\t<div class=\"elementor-widget-wrap elementor-element-populated\">\n\t\t\t\t\t\t<div class=\"elementor-element elementor-element-7d8ef5d elementor-widget elementor-widget-image\" data-id=\"7d8ef5d\" data-element_type=\"widget\" data-widget_type=\"image.default\">\n\t\t\t\t<div class=\"elementor-widget-container\">\n\t\t\t<style>\/*! elementor - v3.20.0 - 13-03-2024 *\/\n.elementor-widget-image{text-align:center}.elementor-widget-image a{display:inline-block}.elementor-widget-image a img[src$=\".svg\"]{width:48px}.elementor-widget-image img{vertical-align:middle;display:inline-block}<\/style>\t\t\t\t\t\t\t\t\t\t<img fetchpriority=\"high\" decoding=\"async\" width=\"640\" height=\"427\" src=\"http:\/\/172.16.202.26\/wp-content\/uploads\/2022\/04\/Anmeldung_3-768x512.jpg\" class=\"attachment-medium_large size-medium_large wp-image-4655\" alt=\"\" srcset=\"http:\/\/172.16.202.26\/wp-content\/uploads\/2022\/04\/Anmeldung_3-768x512.jpg 768w, http:\/\/172.16.202.26\/wp-content\/uploads\/2022\/04\/Anmeldung_3-300x200.jpg 300w, http:\/\/172.16.202.26\/wp-content\/uploads\/2022\/04\/Anmeldung_3-1024x682.jpg 1024w, http:\/\/172.16.202.26\/wp-content\/uploads\/2022\/04\/Anmeldung_3-600x400.jpg 600w, http:\/\/172.16.202.26\/wp-content\/uploads\/2022\/04\/Anmeldung_3.jpg 1280w\" sizes=\"(max-width: 640px) 100vw, 640px\" \/>\t\t\t\t\t\t\t\t\t\t\t\t\t<\/div>\n\t\t\t\t<\/div>\n\t\t\t\t\t<\/div>\n\t\t<\/div>\n\t\t\t\t\t<\/div>\n\t\t<\/section>\n\t\t\t\t<section class=\"elementor-section elementor-top-section elementor-element elementor-element-fc826e5 elementor-section-boxed elementor-section-height-default elementor-section-height-default\" data-id=\"fc826e5\" data-element_type=\"section\">\n\t\t\t\t\t\t<div class=\"elementor-container elementor-column-gap-default\">\n\t\t\t\t\t<div class=\"elementor-column elementor-col-100 elementor-top-column elementor-element elementor-element-42930fa\" data-id=\"42930fa\" data-element_type=\"column\">\n\t\t\t<div class=\"elementor-widget-wrap elementor-element-populated\">\n\t\t\t\t\t\t<div class=\"elementor-element elementor-element-aa0dc1f elementor-widget elementor-widget-heading\" data-id=\"aa0dc1f\" data-element_type=\"widget\" data-widget_type=\"heading.default\">\n\t\t\t\t<div class=\"elementor-widget-container\">\n\t\t\t<h2 class=\"elementor-heading-title elementor-size-default\">Die Anmeldung erfolgt Online \u00fcber den Link in der Men\u00fcleiste!<\/h2>\t\t<\/div>\n\t\t\t\t<\/div>\n\t\t\t\t<div class=\"elementor-element elementor-element-b18b121 elementor-widget elementor-widget-text-editor\" data-id=\"b18b121\" data-element_type=\"widget\" data-widget_type=\"text-editor.default\">\n\t\t\t\t<div class=\"elementor-widget-container\">\n\t\t\t<style>\/*! elementor - v3.20.0 - 13-03-2024 *\/\n.elementor-widget-text-editor.elementor-drop-cap-view-stacked .elementor-drop-cap{background-color:#69727d;color:#fff}.elementor-widget-text-editor.elementor-drop-cap-view-framed .elementor-drop-cap{color:#69727d;border:3px solid;background-color:transparent}.elementor-widget-text-editor:not(.elementor-drop-cap-view-default) .elementor-drop-cap{margin-top:8px}.elementor-widget-text-editor:not(.elementor-drop-cap-view-default) .elementor-drop-cap-letter{width:1em;height:1em}.elementor-widget-text-editor .elementor-drop-cap{float:left;text-align:center;line-height:1;font-size:50px}.elementor-widget-text-editor .elementor-drop-cap-letter{display:inline-block}<\/style>\t\t\t\t<div data-mobiledoc=\"{\">\n<div>&nbsp;<\/div>\n<div data-mobiledoc=\"{\">\n<p>W\u00e4hlen Sie &#8222;Anmeldung Sonderform&#8220; &gt; &#8222;Neue Anmeldung&#8220; &gt; Ausbildungsart &#8222;Aufbaulehrgang (Tagesform | 5-semestrig)&#8220; und anschlie\u00dfend den entsprechenden Aufbaulehrgang:<br>\u21d2 AELI &#8211; Aufbaulehrgang Elektronik und Technische Informatik<br>\u21d2 AWII &#8211; Aufbaulehrgang Wirtschaftsingenieure-Betriebsinformatik<br>\u21d2 AWIM &#8211; Aufbaulehrgang Wirtschaftsingenieure-Maschinenbau<\/p><p><br><\/p>\n<p><strong>Folgende Unterlagen sind hochzuladen:<\/strong><\/p>\n<\/div>\n<p>\u2192 Geburtsurkunde<br>\u2192 Meldezettel<br>\u2192 Staatsb\u00fcrgerschaftsnachweis<\/p>\n<p>\u2192 Einschl\u00e4gige Zeugnisse (z.B. Abschlusszeugnis der Fachschule, Abschlusszeugnis Vorbereitungslehrgang, etc.)<\/p>\n<p>Hinweise f\u00fcr Bewertung und Nostrifikation ausl\u00e4ndischer Zeugnisse finden Sie unter <span style=\"text-decoration: underline;\"><a href=\"https:\/\/www.bmbwf.gv.at\/Themen\/schule\/schulrecht\/anauschubi\/bewertungen.html\" target=\"_blank\" rel=\"noopener\">https:\/\/www.bmbwf.gv.at\/Themen\/schule\/schulrecht\/anauschubi\/bewertungen.html<\/a><\/span><br>\u2192 Nachweise \u00fcber Kenntnis der deutschen Sprache: <a href=\"https:\/\/www.osd.at\" target=\"_blank\" rel=\"noopener\"><span style=\"text-decoration: underline;\">https:\/\/www.osd.at<\/span><\/a>&nbsp;mit Mindestniveau B1 f\u00fcr Kolleg (mit \u00f6sterreichischem Abschluss erf\u00fcllt)<br>\u2192 Foto (4:3)<br>\u2192 Unterschriebene Online Anmeldung<br>\u2192 Unterschriebene Gestattungsvereinbarung (wird nach Ausf\u00fcllen des Anmeldeformulars automatisch mit ausgedruckt)<\/p>\n<\/div>\t\t\t\t\t\t<\/div>\n\t\t\t\t<\/div>\n\t\t\t\t\t<\/div>\n\t\t<\/div>\n\t\t\t\t\t<\/div>\n\t\t<\/section>\n\t\t\t\t<\/div>\n\t\t","protected":false},"excerpt":{"rendered":"<p>Informationen zur Anmeldung Die Anmeldung erfolgt Online \u00fcber den Link in der Men\u00fcleiste! &nbsp; W\u00e4hlen Sie &#8222;Anmeldung Sonderform&#8220; &gt; &#8222;Neue Anmeldung&#8220; &gt; Ausbildungsart &#8222;Aufbaulehrgang (Tagesform | 5-semestrig)&#8220; und anschlie\u00dfend den entsprechenden Aufbaulehrgang:\u21d2 AELI &#8211; Aufbaulehrgang Elektronik und Technische Informatik\u21d2 AWII &#8211; Aufbaulehrgang Wirtschaftsingenieure-Betriebsinformatik\u21d2 AWIM &#8211; Aufbaulehrgang Wirtschaftsingenieure-Maschinenbau Folgende Unterlagen sind hochzuladen: \u2192 Geburtsurkunde\u2192 Meldezettel\u2192 Staatsb\u00fcrgerschaftsnachweis \u2192 Einschl\u00e4gige Zeugnisse (z.B. Abschlusszeugnis [&hellip;]<\/p>\n","protected":false},"author":3,"featured_media":0,"parent":8527,"menu_order":0,"comment_status":"closed","ping_status":"closed","template":"elementor_header_footer","meta":[],"_links":{"self":[{"href":"http:\/\/172.16.202.26\/index.php?rest_route=\/wp\/v2\/pages\/4722"}],"collection":[{"href":"http:\/\/172.16.202.26\/index.php?rest_route=\/wp\/v2\/pages"}],"about":[{"href":"http:\/\/172.16.202.26\/index.php?rest_route=\/wp\/v2\/types\/page"}],"author":[{"embeddable":true,"href":"http:\/\/172.16.202.26\/index.php?rest_route=\/wp\/v2\/users\/3"}],"replies":[{"embeddable":true,"href":"http:\/\/172.16.202.26\/index.php?rest_route=%2Fwp%2Fv2%2Fcomments&post=4722"}],"version-history":[{"count":23,"href":"http:\/\/172.16.202.26\/index.php?rest_route=\/wp\/v2\/pages\/4722\/revisions"}],"predecessor-version":[{"id":19919,"href":"http:\/\/172.16.202.26\/index.php?rest_route=\/wp\/v2\/pages\/4722\/revisions\/19919"}],"up":[{"embeddable":true,"href":"http:\/\/172.16.202.26\/index.php?rest_route=\/wp\/v2\/pages\/8527"}],"wp:attachment":[{"href":"http:\/\/172.16.202.26\/index.php?rest_route=%2Fwp%2Fv2%2Fmedia&parent=4722"}],"curies":[{"name":"wp","href":"https:\/\/api.w.org\/{rel}","templated":true}]}}