{"id":6072,"date":"2022-05-08T22:01:47","date_gmt":"2022-05-08T20:01:47","guid":{"rendered":"http:\/\/192.189.51.53\/?page_id=6072"},"modified":"2022-10-24T11:38:41","modified_gmt":"2022-10-24T09:38:41","slug":"tagesform-ab17-fit","status":"publish","type":"page","link":"http:\/\/172.16.202.26\/?page_id=6072","title":{"rendered":"Tagesform-ab17-FiT"},"content":{"rendered":"\t\t<div data-elementor-type=\"wp-page\" data-elementor-id=\"6072\" class=\"elementor elementor-6072\">\n\t\t\t\t\t\t<section class=\"elementor-section elementor-top-section elementor-element elementor-element-d94d3ce elementor-section-boxed elementor-section-height-default elementor-section-height-default\" data-id=\"d94d3ce\" data-element_type=\"section\">\n\t\t\t\t\t\t<div class=\"elementor-container elementor-column-gap-default\">\n\t\t\t\t\t<div class=\"elementor-column elementor-col-100 elementor-top-column elementor-element elementor-element-21ff2e8\" data-id=\"21ff2e8\" data-element_type=\"column\">\n\t\t\t<div class=\"elementor-widget-wrap elementor-element-populated\">\n\t\t\t\t\t\t<div class=\"elementor-element elementor-element-2417a3b elementor-widget elementor-widget-heading\" data-id=\"2417a3b\" data-element_type=\"widget\" data-widget_type=\"heading.default\">\n\t\t\t\t<div class=\"elementor-widget-container\">\n\t\t\t<style>\/*! elementor - v3.20.0 - 13-03-2024 *\/\n.elementor-heading-title{padding:0;margin:0;line-height:1}.elementor-widget-heading .elementor-heading-title[class*=elementor-size-]>a{color:inherit;font-size:inherit;line-height:inherit}.elementor-widget-heading .elementor-heading-title.elementor-size-small{font-size:15px}.elementor-widget-heading .elementor-heading-title.elementor-size-medium{font-size:19px}.elementor-widget-heading .elementor-heading-title.elementor-size-large{font-size:29px}.elementor-widget-heading .elementor-heading-title.elementor-size-xl{font-size:39px}.elementor-widget-heading .elementor-heading-title.elementor-size-xxl{font-size:59px}<\/style><h2 class=\"elementor-heading-title elementor-size-default\">FiT - Frauen in Handwerk und Technik<\/h2>\t\t<\/div>\n\t\t\t\t<\/div>\n\t\t\t\t\t<\/div>\n\t\t<\/div>\n\t\t\t\t\t<\/div>\n\t\t<\/section>\n\t\t\t\t<section class=\"elementor-section elementor-top-section elementor-element elementor-element-b01b3c3 elementor-section-boxed elementor-section-height-default elementor-section-height-default\" data-id=\"b01b3c3\" data-element_type=\"section\">\n\t\t\t\t\t\t<div class=\"elementor-container elementor-column-gap-default\">\n\t\t\t\t\t<div class=\"elementor-column elementor-col-100 elementor-top-column elementor-element elementor-element-af813c2\" data-id=\"af813c2\" data-element_type=\"column\">\n\t\t\t<div class=\"elementor-widget-wrap elementor-element-populated\">\n\t\t\t\t\t\t<div class=\"elementor-element elementor-element-7d8ef5d elementor-widget elementor-widget-image\" data-id=\"7d8ef5d\" data-element_type=\"widget\" data-widget_type=\"image.default\">\n\t\t\t\t<div class=\"elementor-widget-container\">\n\t\t\t<style>\/*! elementor - v3.20.0 - 13-03-2024 *\/\n.elementor-widget-image{text-align:center}.elementor-widget-image a{display:inline-block}.elementor-widget-image a img[src$=\".svg\"]{width:48px}.elementor-widget-image img{vertical-align:middle;display:inline-block}<\/style>\t\t\t\t\t\t\t\t\t\t<img fetchpriority=\"high\" decoding=\"async\" width=\"640\" height=\"427\" src=\"http:\/\/172.16.202.26\/wp-content\/uploads\/2022\/05\/Frauen-768x512.jpg\" class=\"attachment-medium_large size-medium_large wp-image-6081\" alt=\"\" srcset=\"http:\/\/172.16.202.26\/wp-content\/uploads\/2022\/05\/Frauen-768x512.jpg 768w, http:\/\/172.16.202.26\/wp-content\/uploads\/2022\/05\/Frauen-300x200.jpg 300w, http:\/\/172.16.202.26\/wp-content\/uploads\/2022\/05\/Frauen-1024x682.jpg 1024w, http:\/\/172.16.202.26\/wp-content\/uploads\/2022\/05\/Frauen-600x400.jpg 600w, http:\/\/172.16.202.26\/wp-content\/uploads\/2022\/05\/Frauen.jpg 1280w\" sizes=\"(max-width: 640px) 100vw, 640px\" \/>\t\t\t\t\t\t\t\t\t\t\t\t\t<\/div>\n\t\t\t\t<\/div>\n\t\t\t\t\t<\/div>\n\t\t<\/div>\n\t\t\t\t\t<\/div>\n\t\t<\/section>\n\t\t\t\t<section class=\"elementor-section elementor-top-section elementor-element elementor-element-fc826e5 elementor-section-boxed elementor-section-height-default elementor-section-height-default\" data-id=\"fc826e5\" data-element_type=\"section\">\n\t\t\t\t\t\t<div class=\"elementor-container elementor-column-gap-default\">\n\t\t\t\t\t<div class=\"elementor-column elementor-col-100 elementor-top-column elementor-element elementor-element-42930fa\" data-id=\"42930fa\" data-element_type=\"column\">\n\t\t\t<div class=\"elementor-widget-wrap elementor-element-populated\">\n\t\t\t\t\t\t<div class=\"elementor-element elementor-element-b18b121 elementor-widget elementor-widget-text-editor\" data-id=\"b18b121\" data-element_type=\"widget\" data-widget_type=\"text-editor.default\">\n\t\t\t\t<div class=\"elementor-widget-container\">\n\t\t\t<style>\/*! elementor - v3.20.0 - 13-03-2024 *\/\n.elementor-widget-text-editor.elementor-drop-cap-view-stacked .elementor-drop-cap{background-color:#69727d;color:#fff}.elementor-widget-text-editor.elementor-drop-cap-view-framed .elementor-drop-cap{color:#69727d;border:3px solid;background-color:transparent}.elementor-widget-text-editor:not(.elementor-drop-cap-view-default) .elementor-drop-cap{margin-top:8px}.elementor-widget-text-editor:not(.elementor-drop-cap-view-default) .elementor-drop-cap-letter{width:1em;height:1em}.elementor-widget-text-editor .elementor-drop-cap{float:left;text-align:center;line-height:1;font-size:50px}.elementor-widget-text-editor .elementor-drop-cap-letter{display:inline-block}<\/style>\t\t\t\t<div data-mobiledoc=\"{&quot;version&quot;:&quot;0.3.2&quot;,&quot;atoms&quot;:[],&quot;cards&quot;:[],&quot;markups&quot;:[],&quot;sections&quot;:[[1,&quot;p&quot;,[[0,[],0,&quot;Das Projekt \u201eFiT \u2013 Frauen in Technik und Handwerk\u201c f\u00f6rdert den Einstieg von Frauen in Berufe mit einem Frauenanteil von unter 40%. Da Technikerinnen in der Industrie und im Gewerbe nachgefragt werden, Frauen in diesen Sparten unterrepr\u00e4sentiert sind und daher ein gro\u00dfes Potenzial von Frauen im technischen Bereich nicht gen\u00fctzt wird, wollen wir einen Beitrag leisten Frauen technischen Berufen zuzuf\u00fchren und somit diese L\u00fccke zu schlie\u00dfen. &quot;]]],[1,&quot;p&quot;,[[0,[],0,&quot;Wir sind in der H\u00f6heren Lehranstalt sehr stolz darauf, dieses Projekt seit 2011 begleiten zu d\u00fcrfen! Gelebte Gleichstellung an der HTL soll den Zugang von Frauen zur Technik erleichtern und f\u00fcr eine h\u00f6here Ausgewogenheit des Anteils Frauen\/M\u00e4nner bzw. M\u00e4dchen\/Burschen sorgen. Wir haben durch das FiT Programm einen positiven Einfluss auf das Miteinander in der Schule sowie mehr Sensibilisierung in Richtung Gender.&quot;]]]]}\">\n<div>\n<p>Das Projekt \u201eFiT \u2013 Frauen in Handwerk und Technik\u201c f\u00f6rdert den Einstieg von Frauen in Berufe mit einem Frauenanteil von unter 40%. Da Technikerinnen in der Industrie und im Gewerbe nachgefragt werden, Frauen in diesen Sparten unterrepr\u00e4sentiert sind und daher ein gro\u00dfes Potenzial von Frauen im technischen Bereich nicht gen\u00fctzt wird, wollen wir einen Beitrag leisten Frauen technischen Berufen zuzuf\u00fchren und somit diese L\u00fccke zu schlie\u00dfen.<\/p>\n<p><\/p>\n<p>Wir sind in der H\u00f6heren Lehranstalt sehr stolz darauf, dieses Projekt seit 2011 begleiten zu d\u00fcrfen! Gelebte Gleichstellung an der HTL soll den Zugang von Frauen zur Technik erleichtern und f\u00fcr eine h\u00f6here Ausgewogenheit des Anteils Frauen\/M\u00e4nner bzw. M\u00e4dchen\/Burschen sorgen. Wir haben durch das FiT Programm einen positiven Einfluss auf das Miteinander in der Schule sowie mehr Sensibilisierung in Richtung Gender.<\/p>\n<\/div>\n<\/div>\t\t\t\t\t\t<\/div>\n\t\t\t\t<\/div>\n\t\t\t\t\t<\/div>\n\t\t<\/div>\n\t\t\t\t\t<\/div>\n\t\t<\/section>\n\t\t\t\t<section class=\"elementor-section elementor-top-section elementor-element elementor-element-87a1538 elementor-section-boxed elementor-section-height-default elementor-section-height-default\" data-id=\"87a1538\" data-element_type=\"section\">\n\t\t\t\t\t\t<div class=\"elementor-container elementor-column-gap-default\">\n\t\t\t\t\t<div class=\"elementor-column elementor-col-50 elementor-top-column elementor-element elementor-element-65b3657\" data-id=\"65b3657\" data-element_type=\"column\">\n\t\t\t<div class=\"elementor-widget-wrap elementor-element-populated\">\n\t\t\t\t\t\t<div class=\"elementor-element elementor-element-4d15200 elementor-widget elementor-widget-text-editor\" data-id=\"4d15200\" data-element_type=\"widget\" data-widget_type=\"text-editor.default\">\n\t\t\t\t<div class=\"elementor-widget-container\">\n\t\t\t\t\t\t\t<div data-mobiledoc=\"{&quot;version&quot;:&quot;0.3.2&quot;,&quot;atoms&quot;:[],&quot;cards&quot;:[],&quot;markups&quot;:[],&quot;sections&quot;:[[1,&quot;p&quot;,[[0,[],0,&quot;Das AMS hat in Kooperation mit Mentor und dem abz*austria einen langfristigen Bedarf an technisch gut ausgebildeten Frauen sowohl im Bereich der kleinen oder mittleren Unternehmen als auch bei internationalen Konzernen in Gewerbe und Industrie festgestellt.&quot;]]]]}\"><div><p>Das AMS hat in Kooperation mit Mentor und dem abz*austria einen langfristigen Bedarf an technisch gut ausgebildeten Frauen sowohl im Bereich der kleinen oder mittleren Unternehmen als auch bei internationalen Konzernen in Gewerbe und Industrie festgestellt.<\/p><\/div><\/div>\t\t\t\t\t\t<\/div>\n\t\t\t\t<\/div>\n\t\t\t\t\t<\/div>\n\t\t<\/div>\n\t\t\t\t<div class=\"elementor-column elementor-col-50 elementor-top-column elementor-element elementor-element-c72cc24\" data-id=\"c72cc24\" data-element_type=\"column\">\n\t\t\t<div class=\"elementor-widget-wrap elementor-element-populated\">\n\t\t\t\t\t\t<div class=\"elementor-element elementor-element-7d5af3e elementor-widget elementor-widget-image\" data-id=\"7d5af3e\" data-element_type=\"widget\" data-widget_type=\"image.default\">\n\t\t\t\t<div class=\"elementor-widget-container\">\n\t\t\t\t\t\t\t\t\t\t\t\t\t<img decoding=\"async\" width=\"640\" height=\"427\" src=\"http:\/\/172.16.202.26\/wp-content\/uploads\/2022\/05\/Technikerin-1024x683.jpg\" class=\"attachment-large size-large wp-image-6082\" alt=\"\" srcset=\"http:\/\/172.16.202.26\/wp-content\/uploads\/2022\/05\/Technikerin-1024x683.jpg 1024w, http:\/\/172.16.202.26\/wp-content\/uploads\/2022\/05\/Technikerin-300x200.jpg 300w, http:\/\/172.16.202.26\/wp-content\/uploads\/2022\/05\/Technikerin-768x512.jpg 768w, http:\/\/172.16.202.26\/wp-content\/uploads\/2022\/05\/Technikerin-600x400.jpg 600w, http:\/\/172.16.202.26\/wp-content\/uploads\/2022\/05\/Technikerin.jpg 1280w\" sizes=\"(max-width: 640px) 100vw, 640px\" \/>\t\t\t\t\t\t\t\t\t\t\t\t\t<\/div>\n\t\t\t\t<\/div>\n\t\t\t\t\t<\/div>\n\t\t<\/div>\n\t\t\t\t\t<\/div>\n\t\t<\/section>\n\t\t\t\t<section class=\"elementor-section elementor-top-section elementor-element elementor-element-eb8a41a elementor-section-boxed elementor-section-height-default elementor-section-height-default\" data-id=\"eb8a41a\" data-element_type=\"section\">\n\t\t\t\t\t\t<div class=\"elementor-container elementor-column-gap-default\">\n\t\t\t\t\t<div class=\"elementor-column elementor-col-100 elementor-top-column elementor-element elementor-element-6d87c30\" data-id=\"6d87c30\" data-element_type=\"column\">\n\t\t\t<div class=\"elementor-widget-wrap elementor-element-populated\">\n\t\t\t\t\t\t<div class=\"elementor-element elementor-element-5c2630b elementor-widget elementor-widget-text-editor\" data-id=\"5c2630b\" data-element_type=\"widget\" data-widget_type=\"text-editor.default\">\n\t\t\t\t<div class=\"elementor-widget-container\">\n\t\t\t\t\t\t\t<div data-mobiledoc=\"{&quot;version&quot;:&quot;0.3.2&quot;,&quot;atoms&quot;:[],&quot;cards&quot;:[],&quot;markups&quot;:[[&quot;strong&quot;]],&quot;sections&quot;:[[1,&quot;p&quot;,[[0,[0],1,&quot;Das sagen unsere FiT-Absolventinnen \u00fcber uns.....&quot;]]]]}\"><div><p><strong>Das sagen unsere FiT-Absolventinnen \u00fcber uns&#8230;..<\/strong><\/p><\/div><\/div>\t\t\t\t\t\t<\/div>\n\t\t\t\t<\/div>\n\t\t\t\t\t<\/div>\n\t\t<\/div>\n\t\t\t\t\t<\/div>\n\t\t<\/section>\n\t\t\t\t<section class=\"elementor-section elementor-top-section elementor-element elementor-element-2718753 elementor-section-boxed elementor-section-height-default elementor-section-height-default\" data-id=\"2718753\" data-element_type=\"section\">\n\t\t\t\t\t\t<div class=\"elementor-container elementor-column-gap-default\">\n\t\t\t\t\t<div class=\"elementor-column elementor-col-33 elementor-top-column elementor-element elementor-element-706f99f\" data-id=\"706f99f\" data-element_type=\"column\" data-settings=\"{&quot;background_background&quot;:&quot;classic&quot;}\">\n\t\t\t<div class=\"elementor-widget-wrap elementor-element-populated\">\n\t\t\t\t\t\t<div class=\"elementor-element elementor-element-e5e27b6 elementor-widget elementor-widget-text-editor\" data-id=\"e5e27b6\" data-element_type=\"widget\" data-widget_type=\"text-editor.default\">\n\t\t\t\t<div class=\"elementor-widget-container\">\n\t\t\t\t\t\t\t<div data-mobiledoc=\"{\"><div><p><img decoding=\"async\" class=\"wp-image-6090 size-full aligncenter\" src=\"http:\/\/172.16.202.26\/wp-content\/uploads\/2022\/05\/b1.png\" alt=\"\" width=\"94\" height=\"102\" \/><\/p><div data-mobiledoc=\"{\"><div><p>\u00a0<\/p><p style=\"text-align: center;\"><strong><em>Simona Puscasu<\/em><\/strong><\/p><\/div><\/div><p>\u00a0<\/p><p>Wer in der schnelllebigen Technikbranche Karriere machen will, ben\u00f6tigt ingenieurwissenschaftliches Know-how mit wirtschaftlichen F\u00e4higkeiten.<\/p><p>Im Wirtschaftsingenieurwesen Studium bekommen Sie neben den fachspezifischen Inhalten auch Einblicke in die unterschiedlichsten Bereiche wie z.B. Unternehmensf\u00fchrung, Controlling und Betriebswirtschaft.-Als Absolvent sind Sie bereit aufkommende Trends und Innovationen nicht nur hinsichtlich technischer Aspekte zu beurteilen, sondern sie auch auf Wirtschaftlichkeit hin zu \u00fcberpr\u00fcfen und somit bestens qualifiziert f\u00fcr wichtige Schl\u00fcsselpositionen in vielen Unternehmen.<\/p><\/div><\/div>\t\t\t\t\t\t<\/div>\n\t\t\t\t<\/div>\n\t\t\t\t\t<\/div>\n\t\t<\/div>\n\t\t\t\t<div class=\"elementor-column elementor-col-33 elementor-top-column elementor-element elementor-element-790b645\" data-id=\"790b645\" data-element_type=\"column\" data-settings=\"{&quot;background_background&quot;:&quot;classic&quot;}\">\n\t\t\t<div class=\"elementor-widget-wrap elementor-element-populated\">\n\t\t\t\t\t\t<div class=\"elementor-element elementor-element-1674618 elementor-widget elementor-widget-text-editor\" data-id=\"1674618\" data-element_type=\"widget\" data-widget_type=\"text-editor.default\">\n\t\t\t\t<div class=\"elementor-widget-container\">\n\t\t\t\t\t\t\t<p style=\"text-align: left;\"><img loading=\"lazy\" decoding=\"async\" class=\"wp-image-6092 size-full aligncenter\" src=\"http:\/\/172.16.202.26\/wp-content\/uploads\/2022\/05\/b2.png\" alt=\"\" width=\"93\" height=\"96\" \/><\/p><div data-mobiledoc=\"{\"><div><p>\u00a0<\/p><p style=\"text-align: center;\"><strong><em>Bettina Rada<\/em><\/strong><\/p><\/div><\/div><p style=\"text-align: left;\">\u00a0<\/p><p style=\"text-align: left;\">TOP QUALIFIZIERT MIT DEM KOLLEG!<br \/><br \/><\/p><p style=\"text-align: left;\">Das Kolleg f\u00fcr Wirtschaftsingenieurwesen am TGM bildet Sie in wenigen Semestern zur generalistischen Schnittstelle zwischen Technik und Wirtschaft aus \u2013 universell einsatzbar, aber dennoch genug Fachwissen!<br \/><br \/><\/p><p style=\"text-align: left;\">M<span style=\"background-color: rgba(0, 0, 0, 0);\">it dem HTL-Diplom in der Hand und der fertigen Berufsausbildung in der Tasche, stehen Ihnen somit vielseitige Berufsm\u00f6glichkeiten zur Verf\u00fcgung.<\/span><\/p>\t\t\t\t\t\t<\/div>\n\t\t\t\t<\/div>\n\t\t\t\t\t<\/div>\n\t\t<\/div>\n\t\t\t\t<div class=\"elementor-column elementor-col-33 elementor-top-column elementor-element elementor-element-4365169\" data-id=\"4365169\" data-element_type=\"column\" data-settings=\"{&quot;background_background&quot;:&quot;classic&quot;}\">\n\t\t\t<div class=\"elementor-widget-wrap elementor-element-populated\">\n\t\t\t\t\t\t<div class=\"elementor-element elementor-element-3698d54 elementor-widget elementor-widget-text-editor\" data-id=\"3698d54\" data-element_type=\"widget\" data-widget_type=\"text-editor.default\">\n\t\t\t\t<div class=\"elementor-widget-container\">\n\t\t\t\t\t\t\t<p><img loading=\"lazy\" decoding=\"async\" class=\"aligncenter wp-image-6093\" src=\"http:\/\/172.16.202.26\/wp-content\/uploads\/2022\/05\/b3.jpg\" alt=\"\" width=\"100\" height=\"98\" \/><\/p><div data-mobiledoc=\"{\"><div><p>\u00a0<\/p><p style=\"text-align: center;\"><strong><em>Sandra Windfuhr<\/em><\/strong><\/p><\/div><\/div><p>\u00a0<\/p><p>Wer das Zeug zur Allrounderin mit Affinit\u00e4t zu neuen Technologien hat und sich au\u00dferdem eine Ausbildung mit starkem Praxisbezug w\u00fcnscht, ist in diesem Studium genau richtig.<\/p><p>Im Zeitalter von Industrie 4.0 haben Ingenieurinnen mit fach\u00fcbergreifendem Knowhow gl\u00e4nzende Aussichten.<\/p><p>Keine Angst vor neuen Wegen \u2013 es warten spannende Berufsfelder auf Euch!<\/p>\t\t\t\t\t\t<\/div>\n\t\t\t\t<\/div>\n\t\t\t\t\t<\/div>\n\t\t<\/div>\n\t\t\t\t\t<\/div>\n\t\t<\/section>\n\t\t\t\t<\/div>\n\t\t","protected":false},"excerpt":{"rendered":"<p>FiT &#8211; Frauen in Handwerk und Technik Das Projekt \u201eFiT \u2013 Frauen in Handwerk und Technik\u201c f\u00f6rdert den Einstieg von Frauen in Berufe mit einem Frauenanteil von unter 40%. Da Technikerinnen in der Industrie und im Gewerbe nachgefragt werden, Frauen in diesen Sparten unterrepr\u00e4sentiert sind und daher ein gro\u00dfes Potenzial von Frauen im technischen Bereich nicht gen\u00fctzt wird, wollen wir [&hellip;]<\/p>\n","protected":false},"author":3,"featured_media":0,"parent":8527,"menu_order":0,"comment_status":"closed","ping_status":"closed","template":"elementor_header_footer","meta":[],"_links":{"self":[{"href":"http:\/\/172.16.202.26\/index.php?rest_route=\/wp\/v2\/pages\/6072"}],"collection":[{"href":"http:\/\/172.16.202.26\/index.php?rest_route=\/wp\/v2\/pages"}],"about":[{"href":"http:\/\/172.16.202.26\/index.php?rest_route=\/wp\/v2\/types\/page"}],"author":[{"embeddable":true,"href":"http:\/\/172.16.202.26\/index.php?rest_route=\/wp\/v2\/users\/3"}],"replies":[{"embeddable":true,"href":"http:\/\/172.16.202.26\/index.php?rest_route=%2Fwp%2Fv2%2Fcomments&post=6072"}],"version-history":[{"count":41,"href":"http:\/\/172.16.202.26\/index.php?rest_route=\/wp\/v2\/pages\/6072\/revisions"}],"predecessor-version":[{"id":15266,"href":"http:\/\/172.16.202.26\/index.php?rest_route=\/wp\/v2\/pages\/6072\/revisions\/15266"}],"up":[{"embeddable":true,"href":"http:\/\/172.16.202.26\/index.php?rest_route=\/wp\/v2\/pages\/8527"}],"wp:attachment":[{"href":"http:\/\/172.16.202.26\/index.php?rest_route=%2Fwp%2Fv2%2Fmedia&parent=6072"}],"curies":[{"name":"wp","href":"https:\/\/api.w.org\/{rel}","templated":true}]}}