{"id":9408,"date":"2022-06-28T10:12:24","date_gmt":"2022-06-28T08:12:24","guid":{"rendered":"http:\/\/neu.tgm.ac.at\/?page_id=9408"},"modified":"2024-11-07T07:25:32","modified_gmt":"2024-11-07T06:25:32","slug":"kuratorium-des-tgm","status":"publish","type":"page","link":"http:\/\/172.16.202.26\/?page_id=9408","title":{"rendered":"Kuratorium des TGM"},"content":{"rendered":"\t\t<div data-elementor-type=\"wp-page\" data-elementor-id=\"9408\" class=\"elementor elementor-9408\">\n\t\t\t\t\t\t<section class=\"elementor-section elementor-top-section elementor-element elementor-element-3f64fbf elementor-section-boxed elementor-section-height-default elementor-section-height-default\" data-id=\"3f64fbf\" data-element_type=\"section\">\n\t\t\t\t\t\t<div class=\"elementor-container elementor-column-gap-default\">\n\t\t\t\t\t<div class=\"elementor-column elementor-col-100 elementor-top-column elementor-element elementor-element-a1dfa1a\" data-id=\"a1dfa1a\" data-element_type=\"column\">\n\t\t\t<div class=\"elementor-widget-wrap elementor-element-populated\">\n\t\t\t\t\t\t<div class=\"elementor-element elementor-element-4051659 elementor-widget elementor-widget-heading\" data-id=\"4051659\" data-element_type=\"widget\" data-widget_type=\"heading.default\">\n\t\t\t\t<div class=\"elementor-widget-container\">\n\t\t\t<style>\/*! elementor - v3.20.0 - 13-03-2024 *\/\n.elementor-heading-title{padding:0;margin:0;line-height:1}.elementor-widget-heading .elementor-heading-title[class*=elementor-size-]>a{color:inherit;font-size:inherit;line-height:inherit}.elementor-widget-heading .elementor-heading-title.elementor-size-small{font-size:15px}.elementor-widget-heading .elementor-heading-title.elementor-size-medium{font-size:19px}.elementor-widget-heading .elementor-heading-title.elementor-size-large{font-size:29px}.elementor-widget-heading .elementor-heading-title.elementor-size-xl{font-size:39px}.elementor-widget-heading .elementor-heading-title.elementor-size-xxl{font-size:59px}<\/style><h2 class=\"elementor-heading-title elementor-size-default\">Kuratorium des TGM<\/h2>\t\t<\/div>\n\t\t\t\t<\/div>\n\t\t\t\t\t<\/div>\n\t\t<\/div>\n\t\t\t\t\t<\/div>\n\t\t<\/section>\n\t\t\t\t<section class=\"elementor-section elementor-top-section elementor-element elementor-element-81c7d6b elementor-section-boxed elementor-section-height-default elementor-section-height-default\" data-id=\"81c7d6b\" data-element_type=\"section\">\n\t\t\t\t\t\t<div class=\"elementor-container elementor-column-gap-default\">\n\t\t\t\t\t<div class=\"elementor-column elementor-col-100 elementor-top-column elementor-element elementor-element-55ef6d5\" data-id=\"55ef6d5\" data-element_type=\"column\">\n\t\t\t<div class=\"elementor-widget-wrap elementor-element-populated\">\n\t\t\t\t\t\t<div class=\"elementor-element elementor-element-c0a9730 elementor-widget elementor-widget-text-editor\" data-id=\"c0a9730\" data-element_type=\"widget\" data-widget_type=\"text-editor.default\">\n\t\t\t\t<div class=\"elementor-widget-container\">\n\t\t\t<style>\/*! elementor - v3.20.0 - 13-03-2024 *\/\n.elementor-widget-text-editor.elementor-drop-cap-view-stacked .elementor-drop-cap{background-color:#69727d;color:#fff}.elementor-widget-text-editor.elementor-drop-cap-view-framed .elementor-drop-cap{color:#69727d;border:3px solid;background-color:transparent}.elementor-widget-text-editor:not(.elementor-drop-cap-view-default) .elementor-drop-cap{margin-top:8px}.elementor-widget-text-editor:not(.elementor-drop-cap-view-default) .elementor-drop-cap-letter{width:1em;height:1em}.elementor-widget-text-editor .elementor-drop-cap{float:left;text-align:center;line-height:1;font-size:50px}.elementor-widget-text-editor .elementor-drop-cap-letter{display:inline-block}<\/style>\t\t\t\t<p>Das Kuratorium unserer Schule ist ein Zusammenschluss von Personen aus Firmen und von \u00f6ffentlichen Stellen, die in laufendem Kontakt mit dem Hause stehen. In regelm\u00e4\u00dfigen Sitzungen wird \u00fcber das aktuelle Schulgeschehen berichtet und anstehende Probleme des TGM aber auch des technischen Schulwesens im Allgemeinen er\u00f6rtert.<\/p><p>\u00a0<\/p><p>Das Kuratorium ist aber auch eine Plattform, wo die Wirtschaft ihre Anliegen an die Schule im Speziellen herantragen kann, wo Trends und Entwicklungen, die dem Schulalltag nicht so rasch bewusst werden, durch Industrie- und Gewerbevertreter aufgezeigt werden und wo noch weitergehende Kontakte zu Politik, anderen Ausbildungsst\u00e4tten, \u00f6ffentlichen und privaten Institutionen zum Nutzen des TGM entstehen.<\/p>\t\t\t\t\t\t<\/div>\n\t\t\t\t<\/div>\n\t\t\t\t<div class=\"elementor-element elementor-element-38ed9cd elementor-align-left elementor-mobile-align-center elementor-widget elementor-widget-button\" data-id=\"38ed9cd\" data-element_type=\"widget\" data-widget_type=\"button.default\">\n\t\t\t\t<div class=\"elementor-widget-container\">\n\t\t\t\t\t<div class=\"elementor-button-wrapper\">\n\t\t\t<a class=\"elementor-button elementor-button-link elementor-size-sm\" href=\"http:\/\/172.16.202.26\/wp-content\/uploads\/2022\/06\/StatutenKuratorium.pdf\" target=\"_blank\">\n\t\t\t\t\t\t<span class=\"elementor-button-content-wrapper\">\n\t\t\t\t\t\t<span class=\"elementor-button-text\">Statuten des Kuratoriums<\/span>\n\t\t<\/span>\n\t\t\t\t\t<\/a>\n\t\t<\/div>\n\t\t\t\t<\/div>\n\t\t\t\t<\/div>\n\t\t\t\t\t<\/div>\n\t\t<\/div>\n\t\t\t\t\t<\/div>\n\t\t<\/section>\n\t\t\t\t<\/div>\n\t\t","protected":false},"excerpt":{"rendered":"<p>Kuratorium des TGM Das Kuratorium unserer Schule ist ein Zusammenschluss von Personen aus Firmen und von \u00f6ffentlichen Stellen, die in laufendem Kontakt mit dem Hause stehen. In regelm\u00e4\u00dfigen Sitzungen wird \u00fcber das aktuelle Schulgeschehen berichtet und anstehende Probleme des TGM aber auch des technischen Schulwesens im Allgemeinen er\u00f6rtert. \u00a0 Das Kuratorium ist aber auch eine Plattform, wo die Wirtschaft ihre [&hellip;]<\/p>\n","protected":false},"author":3,"featured_media":0,"parent":9369,"menu_order":0,"comment_status":"closed","ping_status":"closed","template":"elementor_header_footer","meta":[],"_links":{"self":[{"href":"http:\/\/172.16.202.26\/index.php?rest_route=\/wp\/v2\/pages\/9408"}],"collection":[{"href":"http:\/\/172.16.202.26\/index.php?rest_route=\/wp\/v2\/pages"}],"about":[{"href":"http:\/\/172.16.202.26\/index.php?rest_route=\/wp\/v2\/types\/page"}],"author":[{"embeddable":true,"href":"http:\/\/172.16.202.26\/index.php?rest_route=\/wp\/v2\/users\/3"}],"replies":[{"embeddable":true,"href":"http:\/\/172.16.202.26\/index.php?rest_route=%2Fwp%2Fv2%2Fcomments&post=9408"}],"version-history":[{"count":22,"href":"http:\/\/172.16.202.26\/index.php?rest_route=\/wp\/v2\/pages\/9408\/revisions"}],"predecessor-version":[{"id":24087,"href":"http:\/\/172.16.202.26\/index.php?rest_route=\/wp\/v2\/pages\/9408\/revisions\/24087"}],"up":[{"embeddable":true,"href":"http:\/\/172.16.202.26\/index.php?rest_route=\/wp\/v2\/pages\/9369"}],"wp:attachment":[{"href":"http:\/\/172.16.202.26\/index.php?rest_route=%2Fwp%2Fv2%2Fmedia&parent=9408"}],"curies":[{"name":"wp","href":"https:\/\/api.w.org\/{rel}","templated":true}]}}